{"id":171,"date":"2022-05-31T08:16:55","date_gmt":"2022-05-31T11:16:55","guid":{"rendered":"https:\/\/wp.ufpel.edu.br\/leiaa\/?page_id=171"},"modified":"2023-06-03T22:04:35","modified_gmt":"2023-06-04T01:04:35","slug":"agenda-semanal","status":"publish","type":"page","link":"https:\/\/wp.ufpel.edu.br\/leiaa\/agenda-semanal\/","title":{"rendered":"Agenda Semanal"},"content":{"rendered":"<p style=\"text-align: justify;\">Um dos assuntos mais comentados aqui no LEIAA quando falamos da autorregula\u00e7\u00e3o da aprendizagem \u00e9 a agenda semanal, um dos melhores recursos que temos em m\u00e3os para organizar nossos hor\u00e1rios de estudos, compromissos, lazer, etc. A agenda \u00e9 utilizada para organizar seus hor\u00e1rios e se for seguida conforme o planejado, diminuir\u00e1 a procrastina\u00e7\u00e3o e a distra\u00e7\u00e3o durante a tarefa, melhorando seu estudo e a criando uma rotina pessoal saud\u00e1vel.<\/p>\n<p style=\"text-align: justify;\">Pensando no quanto gostamos e comentamos sobre a agenda semanal, o LEIAA decidiu disponibilizar aqui na p\u00e1gina dois modelos de agendas, que voc\u00ea pode utilizar ou se basear para criar o seu pr\u00f3prio modelo de agenda. O principal e melhor ponto da agenda semanal \u00e9 que ela pode ser adaptada ao m\u00e1ximo para cumprir a sua demanda, fique a vontade para baixar nossos modelos e utiliz\u00e1-los com as caracter\u00edsticas que melhor se adequarem a sua rotina.<\/p>\n<p style=\"text-align: justify;\">Clique aqui para baixar um dos modelos de agenda semanal e utilize-a como preferir:<\/p>\n<p style=\"text-align: justify;\"><a href=\"https:\/\/wp.ufpel.edu.br\/leiaa\/files\/2023\/06\/so-planner.pdf\">Agenda semanal LEIAA &#8211; Modelo 1<\/a><\/p>\n<p style=\"text-align: justify;\"><a href=\"https:\/\/wp.ufpel.edu.br\/leiaa\/files\/2022\/05\/Agenda_semanal_LEIAA.docx\">Agenda semanal LEIAA &#8211; Modelo 2<\/a><\/p>\n","protected":false},"excerpt":{"rendered":"<p>Um dos assuntos mais comentados aqui no LEIAA quando falamos da autorregula\u00e7\u00e3o da aprendizagem \u00e9 a agenda semanal, um dos melhores recursos que temos em m\u00e3os para organizar nossos hor\u00e1rios de estudos, compromissos, lazer, etc. A agenda \u00e9 utilizada para organizar seus hor\u00e1rios e se for seguida conforme o planejado, diminuir\u00e1 a procrastina\u00e7\u00e3o e a [&hellip;]<\/p>\n","protected":false},"author":1127,"featured_media":0,"parent":0,"menu_order":0,"comment_status":"closed","ping_status":"closed","template":"","meta":{"footnotes":""},"class_list":["post-171","page","type-page","status-publish","hentry"],"_links":{"self":[{"href":"https:\/\/wp.ufpel.edu.br\/leiaa\/wp-json\/wp\/v2\/pages\/171","targetHints":{"allow":["GET"]}}],"collection":[{"href":"https:\/\/wp.ufpel.edu.br\/leiaa\/wp-json\/wp\/v2\/pages"}],"about":[{"href":"https:\/\/wp.ufpel.edu.br\/leiaa\/wp-json\/wp\/v2\/types\/page"}],"author":[{"embeddable":true,"href":"https:\/\/wp.ufpel.edu.br\/leiaa\/wp-json\/wp\/v2\/users\/1127"}],"replies":[{"embeddable":true,"href":"https:\/\/wp.ufpel.edu.br\/leiaa\/wp-json\/wp\/v2\/comments?post=171"}],"version-history":[{"count":4,"href":"https:\/\/wp.ufpel.edu.br\/leiaa\/wp-json\/wp\/v2\/pages\/171\/revisions"}],"predecessor-version":[{"id":347,"href":"https:\/\/wp.ufpel.edu.br\/leiaa\/wp-json\/wp\/v2\/pages\/171\/revisions\/347"}],"wp:attachment":[{"href":"https:\/\/wp.ufpel.edu.br\/leiaa\/wp-json\/wp\/v2\/media?parent=171"}],"curies":[{"name":"wp","href":"https:\/\/api.w.org\/{rel}","templated":true}]}}