{"id":846,"date":"2020-07-14T11:52:40","date_gmt":"2020-07-14T14:52:40","guid":{"rendered":"https:\/\/wp.ufpel.edu.br\/leh\/?page_id=846"},"modified":"2025-04-15T00:24:19","modified_gmt":"2025-04-15T03:24:19","slug":"teses","status":"publish","type":"page","link":"https:\/\/wp.ufpel.edu.br\/leh\/teses\/","title":{"rendered":"Teses"},"content":{"rendered":"<p style=\"text-align: justify;\">Essa \u00e1rea \u00e9 reservada para a disponibiliza\u00e7\u00e3o das Teses de Doutorado da equipe do LEH e de egressos\/as do PPGH\/UFPEL<\/p>\n<p style=\"text-align: justify;\">MOREIRA, Amanda Nunes. <strong>A forma\u00e7\u00e3o da consci\u00eancia hist\u00f3rica de jovens, a partir dos espa\u00e7os de socializa\u00e7\u00e3o<\/strong>.\u00a0 2023. 194f. Tese (Doutorado em Hist\u00f3ria) &#8211; Instituto de Ci\u00eancias Humanas, Universidade Federal de Pelotas, Pelotas, 2023.<\/p>\n<p><a href=\"https:\/\/guaiaca.ufpel.edu.br\/handle\/prefix\/13675\">Clique aqui para acessar<\/a><\/p>\n<p><img loading=\"lazy\" decoding=\"async\" class=\"aligncenter wp-image-866 \" src=\"https:\/\/wp.ufpel.edu.br\/leh\/files\/2020\/07\/separador-de-pg.png\" alt=\"\" width=\"263\" height=\"53\" srcset=\"https:\/\/wp.ufpel.edu.br\/leh\/files\/2020\/07\/separador-de-pg.png 2000w, https:\/\/wp.ufpel.edu.br\/leh\/files\/2020\/07\/separador-de-pg-400x81.png 400w, https:\/\/wp.ufpel.edu.br\/leh\/files\/2020\/07\/separador-de-pg-1024x206.png 1024w, https:\/\/wp.ufpel.edu.br\/leh\/files\/2020\/07\/separador-de-pg-768x155.png 768w, https:\/\/wp.ufpel.edu.br\/leh\/files\/2020\/07\/separador-de-pg-1536x310.png 1536w\" sizes=\"auto, (max-width: 263px) 100vw, 263px\" \/><\/p>\n<p style=\"text-align: justify;\">GASPAROTTO, Alessandra. <strong>&#8220;Companheiros Ruralistas!&#8221; Mobiliza\u00e7\u00e3o patronal e atua\u00e7\u00e3o pol\u00edtica da Federa\u00e7\u00e3o das Associa\u00e7\u00f5es Rurais do Rio Grande do Sul (1959-1964)<\/strong>. 2016. 330 f. Tese (Doutorado em Hist\u00f3ria) &#8211; Universidade Federal do Rio Grande do Sul, Porto Alegre, 2016.<\/p>\n<p><a href=\"https:\/\/www.lume.ufrgs.br\/bitstream\/handle\/10183\/158335\/001021630.pdf?sequence=1&amp;isAllowed=y\">Clique aqui para acessar<\/a><\/p>\n<p style=\"text-align: justify;\"><img loading=\"lazy\" decoding=\"async\" class=\"aligncenter wp-image-866 \" src=\"https:\/\/wp.ufpel.edu.br\/leh\/files\/2020\/07\/separador-de-pg.png\" alt=\"\" width=\"263\" height=\"53\" srcset=\"https:\/\/wp.ufpel.edu.br\/leh\/files\/2020\/07\/separador-de-pg.png 2000w, https:\/\/wp.ufpel.edu.br\/leh\/files\/2020\/07\/separador-de-pg-400x81.png 400w, https:\/\/wp.ufpel.edu.br\/leh\/files\/2020\/07\/separador-de-pg-1024x206.png 1024w, https:\/\/wp.ufpel.edu.br\/leh\/files\/2020\/07\/separador-de-pg-768x155.png 768w, https:\/\/wp.ufpel.edu.br\/leh\/files\/2020\/07\/separador-de-pg-1536x310.png 1536w\" sizes=\"auto, (max-width: 263px) 100vw, 263px\" \/><\/p>\n<p style=\"text-align: justify;\">MANKE, Lisiane Sias. <strong>Hist\u00f3ria e sociologia das pr\u00e1ticas de leitura: A trajet\u00f3ria de seis leitores oriundos do meio rural<\/strong>. 2012. 234 f. Tese (Doutorado em Educa\u00e7\u00e3o) &#8211; Faculdade de Educa\u00e7\u00e3o, Universidade Federal de Pelotas, Pelotas, 2012.<\/p>\n<p><a href=\"https:\/\/guaiaca.ufpel.edu.br\/handle\/123456789\/1658\">Clique aqui para acessar<\/a><\/p>\n<p style=\"text-align: justify;\"><img loading=\"lazy\" decoding=\"async\" class=\"aligncenter wp-image-866 \" src=\"https:\/\/wp.ufpel.edu.br\/leh\/files\/2020\/07\/separador-de-pg.png\" alt=\"\" width=\"263\" height=\"53\" srcset=\"https:\/\/wp.ufpel.edu.br\/leh\/files\/2020\/07\/separador-de-pg.png 2000w, https:\/\/wp.ufpel.edu.br\/leh\/files\/2020\/07\/separador-de-pg-400x81.png 400w, https:\/\/wp.ufpel.edu.br\/leh\/files\/2020\/07\/separador-de-pg-1024x206.png 1024w, https:\/\/wp.ufpel.edu.br\/leh\/files\/2020\/07\/separador-de-pg-768x155.png 768w, https:\/\/wp.ufpel.edu.br\/leh\/files\/2020\/07\/separador-de-pg-1536x310.png 1536w\" sizes=\"auto, (max-width: 263px) 100vw, 263px\" \/><\/p>\n<p style=\"text-align: justify;\">DILLMANN, Mauro. <strong>Morte e pr\u00e1ticas f\u00fanebres na secularizada Rep\u00fablica: a Irmandade e o Cemit\u00e9rio S\u00e3o Miguel e Almas de Porto Alegre na primeira metade do s\u00e9culo XX<\/strong>. 2013. 300 f. Tese (Doutorado em Hist\u00f3ria) &#8211; Universidade do Vale do Rio dos Sinos, S\u00e3o Leopoldo, 2013.<\/p>\n<p><a href=\"http:\/\/www.repositorio.jesuita.org.br\/bitstream\/handle\/UNISINOS\/4048\/41.pdf?sequence=1&amp;isAllowed=y\">Clique aqui para acessar<\/a><\/p>\n<p style=\"text-align: justify;\"><img loading=\"lazy\" decoding=\"async\" class=\"aligncenter wp-image-866 \" src=\"https:\/\/wp.ufpel.edu.br\/leh\/files\/2020\/07\/separador-de-pg.png\" alt=\"\" width=\"263\" height=\"53\" srcset=\"https:\/\/wp.ufpel.edu.br\/leh\/files\/2020\/07\/separador-de-pg.png 2000w, https:\/\/wp.ufpel.edu.br\/leh\/files\/2020\/07\/separador-de-pg-400x81.png 400w, https:\/\/wp.ufpel.edu.br\/leh\/files\/2020\/07\/separador-de-pg-1024x206.png 1024w, https:\/\/wp.ufpel.edu.br\/leh\/files\/2020\/07\/separador-de-pg-768x155.png 768w, https:\/\/wp.ufpel.edu.br\/leh\/files\/2020\/07\/separador-de-pg-1536x310.png 1536w\" sizes=\"auto, (max-width: 263px) 100vw, 263px\" \/><\/p>\n<p style=\"text-align: justify;\">ESPIG, Marcia Janete. <strong>Personagens do Contestado: os turmeiros da estrada de ferro S\u00e3o Paulo &#8211; Rio Grande (1908-1915)<\/strong>. 2008. 434 f. Tese (Doutorado em Hist\u00f3ria) &#8211; Universidade Federal do Rio Grande do Sul, Porto Alegre, 2008.<\/p>\n<p><a href=\"https:\/\/lume.ufrgs.br\/bitstream\/handle\/10183\/14747\/000667000.pdf?sequence=1&amp;isAllowed=y\">Clique aqui para acessar<\/a><\/p>\n<p style=\"text-align: justify;\"><img loading=\"lazy\" decoding=\"async\" class=\"aligncenter wp-image-866 \" src=\"https:\/\/wp.ufpel.edu.br\/leh\/files\/2020\/07\/separador-de-pg.png\" alt=\"\" width=\"263\" height=\"53\" srcset=\"https:\/\/wp.ufpel.edu.br\/leh\/files\/2020\/07\/separador-de-pg.png 2000w, https:\/\/wp.ufpel.edu.br\/leh\/files\/2020\/07\/separador-de-pg-400x81.png 400w, https:\/\/wp.ufpel.edu.br\/leh\/files\/2020\/07\/separador-de-pg-1024x206.png 1024w, https:\/\/wp.ufpel.edu.br\/leh\/files\/2020\/07\/separador-de-pg-768x155.png 768w, https:\/\/wp.ufpel.edu.br\/leh\/files\/2020\/07\/separador-de-pg-1536x310.png 1536w\" sizes=\"auto, (max-width: 263px) 100vw, 263px\" \/><\/p>\n<p style=\"text-align: justify;\">BONETE, Wilian Junior. <span style=\"color: #000000;\"><strong>Identidade e consci\u00eancia hist\u00f3rica: um estudo com professores de Hist\u00f3ria que atuam na Educa\u00e7\u00e3o de Jovens e Adultos \u2013 Paran\u00e1.<\/strong><\/span> 290 fls. Tese (Doutorado em Hist\u00f3ria) \u2013 Programa de P\u00f3s-Gradua\u00e7\u00e3o em<br \/>\nHist\u00f3ria, Universidade Federal de Mato Grosso, Cuiab\u00e1, 2019.<\/p>\n<p><a href=\"https:\/\/ri.ufmt.br\/bitstream\/1\/1941\/1\/TESE_2019_Wilian%20Junior%20Bonete.pdf\">Clique aqui para acessar<\/a><\/p>\n<p>&nbsp;<\/p>\n","protected":false},"excerpt":{"rendered":"<p>Essa \u00e1rea \u00e9 reservada para a disponibiliza\u00e7\u00e3o das Teses de Doutorado da equipe do LEH e de egressos\/as do PPGH\/UFPEL MOREIRA, Amanda Nunes. A forma\u00e7\u00e3o da consci\u00eancia hist\u00f3rica de jovens, a partir dos espa\u00e7os de socializa\u00e7\u00e3o.\u00a0 2023. 194f. Tese (Doutorado &hellip; <a href=\"https:\/\/wp.ufpel.edu.br\/leh\/teses\/\">Continue lendo <span class=\"meta-nav\">&rarr;<\/span><\/a><\/p>\n","protected":false},"author":778,"featured_media":0,"parent":0,"menu_order":0,"comment_status":"closed","ping_status":"closed","template":"","meta":{"footnotes":""},"class_list":["post-846","page","type-page","status-publish","hentry"],"_links":{"self":[{"href":"https:\/\/wp.ufpel.edu.br\/leh\/wp-json\/wp\/v2\/pages\/846","targetHints":{"allow":["GET"]}}],"collection":[{"href":"https:\/\/wp.ufpel.edu.br\/leh\/wp-json\/wp\/v2\/pages"}],"about":[{"href":"https:\/\/wp.ufpel.edu.br\/leh\/wp-json\/wp\/v2\/types\/page"}],"author":[{"embeddable":true,"href":"https:\/\/wp.ufpel.edu.br\/leh\/wp-json\/wp\/v2\/users\/778"}],"replies":[{"embeddable":true,"href":"https:\/\/wp.ufpel.edu.br\/leh\/wp-json\/wp\/v2\/comments?post=846"}],"version-history":[{"count":14,"href":"https:\/\/wp.ufpel.edu.br\/leh\/wp-json\/wp\/v2\/pages\/846\/revisions"}],"predecessor-version":[{"id":2706,"href":"https:\/\/wp.ufpel.edu.br\/leh\/wp-json\/wp\/v2\/pages\/846\/revisions\/2706"}],"wp:attachment":[{"href":"https:\/\/wp.ufpel.edu.br\/leh\/wp-json\/wp\/v2\/media?parent=846"}],"curies":[{"name":"wp","href":"https:\/\/api.w.org\/{rel}","templated":true}]}}