{"id":840,"date":"2020-07-14T11:51:10","date_gmt":"2020-07-14T14:51:10","guid":{"rendered":"https:\/\/wp.ufpel.edu.br\/leh\/?page_id=840"},"modified":"2023-11-10T20:54:21","modified_gmt":"2023-11-10T23:54:21","slug":"producoes","status":"publish","type":"page","link":"https:\/\/wp.ufpel.edu.br\/leh\/","title":{"rendered":"Produ\u00e7\u00f5es"},"content":{"rendered":"<p style=\"text-align: justify;\">Neste espa\u00e7o est\u00e3o indicadas as produ\u00e7\u00f5es acad\u00eamicas dos integrantes do Programa Laborat\u00f3rio de Ensino de Hist\u00f3ria:<\/p>\n<p>\u00a0 \u00a0\u00a0<img loading=\"lazy\" decoding=\"async\" class=\"wp-image-1729 alignleft\" src=\"https:\/\/wp.ufpel.edu.br\/leh\/files\/2022\/07\/icone-De-Livro-PNG-Clipart-De-Dicionario-Resumo-Fundo-Imagem-PNG-e-Vetor-Para-Download-Gratuito.jpg\" alt=\"\" width=\"95\" height=\"95\" srcset=\"https:\/\/wp.ufpel.edu.br\/leh\/files\/2022\/07\/icone-De-Livro-PNG-Clipart-De-Dicionario-Resumo-Fundo-Imagem-PNG-e-Vetor-Para-Download-Gratuito.jpg 360w, https:\/\/wp.ufpel.edu.br\/leh\/files\/2022\/07\/icone-De-Livro-PNG-Clipart-De-Dicionario-Resumo-Fundo-Imagem-PNG-e-Vetor-Para-Download-Gratuito-200x200.jpg 200w\" sizes=\"auto, (max-width: 95px) 100vw, 95px\" \/><\/p>\n<p><a href=\"https:\/\/wp.ufpel.edu.br\/leh\/artigos-2\/\">Livros\u00a0<\/a><\/p>\n<p>&nbsp;<\/p>\n<p><img loading=\"lazy\" decoding=\"async\" class=\"wp-image-1726 alignleft\" src=\"https:\/\/wp.ufpel.edu.br\/leh\/files\/2022\/07\/Livro-Linha-icone-Preto-PNG-Livro-Instrucoes-Manual-Insturctions-Imagem-PNG-e-Vetor-Para-Download-Gratuito-400x400.jpg\" alt=\"\" width=\"96\" height=\"96\" srcset=\"https:\/\/wp.ufpel.edu.br\/leh\/files\/2022\/07\/Livro-Linha-icone-Preto-PNG-Livro-Instrucoes-Manual-Insturctions-Imagem-PNG-e-Vetor-Para-Download-Gratuito-400x400.jpg 400w, https:\/\/wp.ufpel.edu.br\/leh\/files\/2022\/07\/Livro-Linha-icone-Preto-PNG-Livro-Instrucoes-Manual-Insturctions-Imagem-PNG-e-Vetor-Para-Download-Gratuito-200x200.jpg 200w, https:\/\/wp.ufpel.edu.br\/leh\/files\/2022\/07\/Livro-Linha-icone-Preto-PNG-Livro-Instrucoes-Manual-Insturctions-Imagem-PNG-e-Vetor-Para-Download-Gratuito.jpg 640w\" sizes=\"auto, (max-width: 96px) 100vw, 96px\" \/><\/p>\n<p>&nbsp;<\/p>\n<p><a href=\"https:\/\/wp.ufpel.edu.br\/leh\/artigos-4\/\">Artigos<\/a><\/p>\n<p>&nbsp;<\/p>\n<p><a href=\"https:\/\/wp.ufpel.edu.br\/leh\/dissertacoes\/\"><img loading=\"lazy\" decoding=\"async\" class=\"wp-image-1726 alignleft\" src=\"https:\/\/wp.ufpel.edu.br\/leh\/files\/2022\/07\/Livro-Linha-icone-Preto-PNG-Livro-Instrucoes-Manual-Insturctions-Imagem-PNG-e-Vetor-Para-Download-Gratuito-400x400.jpg\" alt=\"\" width=\"97\" height=\"97\" srcset=\"https:\/\/wp.ufpel.edu.br\/leh\/files\/2022\/07\/Livro-Linha-icone-Preto-PNG-Livro-Instrucoes-Manual-Insturctions-Imagem-PNG-e-Vetor-Para-Download-Gratuito-400x400.jpg 400w, https:\/\/wp.ufpel.edu.br\/leh\/files\/2022\/07\/Livro-Linha-icone-Preto-PNG-Livro-Instrucoes-Manual-Insturctions-Imagem-PNG-e-Vetor-Para-Download-Gratuito-200x200.jpg 200w, https:\/\/wp.ufpel.edu.br\/leh\/files\/2022\/07\/Livro-Linha-icone-Preto-PNG-Livro-Instrucoes-Manual-Insturctions-Imagem-PNG-e-Vetor-Para-Download-Gratuito.jpg 640w\" sizes=\"auto, (max-width: 97px) 100vw, 97px\" \/><\/a><\/p>\n<p>&nbsp;<\/p>\n<p><a href=\"https:\/\/wp.ufpel.edu.br\/leh\/dissertacoes\/\">Disserta\u00e7\u00f5es<\/a><\/p>\n<p>&nbsp;<\/p>\n<p><a href=\"https:\/\/wp.ufpel.edu.br\/leh\/teses\/\"><img loading=\"lazy\" decoding=\"async\" class=\"wp-image-1729 alignleft\" src=\"https:\/\/wp.ufpel.edu.br\/leh\/files\/2022\/07\/icone-De-Livro-PNG-Clipart-De-Dicionario-Resumo-Fundo-Imagem-PNG-e-Vetor-Para-Download-Gratuito.jpg\" alt=\"\" width=\"95\" height=\"95\" srcset=\"https:\/\/wp.ufpel.edu.br\/leh\/files\/2022\/07\/icone-De-Livro-PNG-Clipart-De-Dicionario-Resumo-Fundo-Imagem-PNG-e-Vetor-Para-Download-Gratuito.jpg 360w, https:\/\/wp.ufpel.edu.br\/leh\/files\/2022\/07\/icone-De-Livro-PNG-Clipart-De-Dicionario-Resumo-Fundo-Imagem-PNG-e-Vetor-Para-Download-Gratuito-200x200.jpg 200w\" sizes=\"auto, (max-width: 95px) 100vw, 95px\" \/><\/a><\/p>\n<p>&nbsp;<\/p>\n<p><a href=\"https:\/\/wp.ufpel.edu.br\/leh\/teses\/\">Teses<\/a><\/p>\n<p>&nbsp;<\/p>\n<p><img loading=\"lazy\" decoding=\"async\" class=\"wp-image-1728 alignleft\" src=\"https:\/\/wp.ufpel.edu.br\/leh\/files\/2022\/07\/Notas-icones-em-vetor-livre-criados-por-Smashicons-400x400.png\" alt=\"\" width=\"89\" height=\"89\" srcset=\"https:\/\/wp.ufpel.edu.br\/leh\/files\/2022\/07\/Notas-icones-em-vetor-livre-criados-por-Smashicons-400x400.png 400w, https:\/\/wp.ufpel.edu.br\/leh\/files\/2022\/07\/Notas-icones-em-vetor-livre-criados-por-Smashicons-200x200.png 200w, https:\/\/wp.ufpel.edu.br\/leh\/files\/2022\/07\/Notas-icones-em-vetor-livre-criados-por-Smashicons.png 512w\" sizes=\"auto, (max-width: 89px) 100vw, 89px\" \/><\/p>\n<p>&nbsp;<\/p>\n<p><a href=\"https:\/\/wp.ufpel.edu.br\/leh\/projetos\/\">Projetos<\/a><\/p>\n<p>&nbsp;<\/p>\n<p><img loading=\"lazy\" decoding=\"async\" class=\"wp-image-1727 alignleft\" src=\"https:\/\/wp.ufpel.edu.br\/leh\/files\/2022\/07\/Chapeu-Da-Graduacao-icones-em-vetor-livre-criados-por-Freepik-400x400.png\" alt=\"\" width=\"95\" height=\"95\" srcset=\"https:\/\/wp.ufpel.edu.br\/leh\/files\/2022\/07\/Chapeu-Da-Graduacao-icones-em-vetor-livre-criados-por-Freepik-400x400.png 400w, https:\/\/wp.ufpel.edu.br\/leh\/files\/2022\/07\/Chapeu-Da-Graduacao-icones-em-vetor-livre-criados-por-Freepik-200x200.png 200w, https:\/\/wp.ufpel.edu.br\/leh\/files\/2022\/07\/Chapeu-Da-Graduacao-icones-em-vetor-livre-criados-por-Freepik.png 512w\" sizes=\"auto, (max-width: 95px) 100vw, 95px\" \/><\/p>\n<p>&nbsp;<\/p>\n<p><span style=\"color: #3366ff;\"><a style=\"color: #3366ff;\" href=\"https:\/\/wp.ufpel.edu.br\/leh\/trabalhos-de-conclusao-de-curso\/\">Trabalhos de Conclus\u00e3o de Curso<\/a><\/span><\/p>\n<p><a href=\"https:\/\/wp.ufpel.edu.br\/leh\/files\/2022\/07\/Livro-Linha-icone-Preto-PNG-Livro-Instrucoes-Manual-Insturctions-Imagem-PNG-e-Vetor-Para-Download-Gratuito.jpg\"><br \/>\n<\/a><img loading=\"lazy\" decoding=\"async\" class=\"wp-image-1726 alignleft\" src=\"https:\/\/wp.ufpel.edu.br\/leh\/files\/2022\/07\/Livro-Linha-icone-Preto-PNG-Livro-Instrucoes-Manual-Insturctions-Imagem-PNG-e-Vetor-Para-Download-Gratuito-200x200.jpg\" alt=\"\" width=\"99\" height=\"99\" srcset=\"https:\/\/wp.ufpel.edu.br\/leh\/files\/2022\/07\/Livro-Linha-icone-Preto-PNG-Livro-Instrucoes-Manual-Insturctions-Imagem-PNG-e-Vetor-Para-Download-Gratuito-200x200.jpg 200w, https:\/\/wp.ufpel.edu.br\/leh\/files\/2022\/07\/Livro-Linha-icone-Preto-PNG-Livro-Instrucoes-Manual-Insturctions-Imagem-PNG-e-Vetor-Para-Download-Gratuito-400x400.jpg 400w, https:\/\/wp.ufpel.edu.br\/leh\/files\/2022\/07\/Livro-Linha-icone-Preto-PNG-Livro-Instrucoes-Manual-Insturctions-Imagem-PNG-e-Vetor-Para-Download-Gratuito.jpg 640w\" sizes=\"auto, (max-width: 99px) 100vw, 99px\" \/><\/p>\n<p>&nbsp;<\/p>\n<p><a href=\"https:\/\/wp.ufpel.edu.br\/leh\/cadernos-tematicos-do-leh\/\">Cadernos Tem\u00e1ticos do LEH<\/a><\/p>\n","protected":false},"excerpt":{"rendered":"<p>Neste espa\u00e7o est\u00e3o indicadas as produ\u00e7\u00f5es acad\u00eamicas dos integrantes do Programa Laborat\u00f3rio de Ensino de Hist\u00f3ria: \u00a0 \u00a0\u00a0 Livros\u00a0 &nbsp; &nbsp; Artigos &nbsp; &nbsp; Disserta\u00e7\u00f5es &nbsp; &nbsp; Teses &nbsp; &nbsp; Projetos &nbsp; &nbsp; Trabalhos de Conclus\u00e3o de Curso &nbsp; Cadernos &hellip; <a href=\"https:\/\/wp.ufpel.edu.br\/leh\/\">Continue lendo <span class=\"meta-nav\">&rarr;<\/span><\/a><\/p>\n","protected":false},"author":778,"featured_media":0,"parent":0,"menu_order":0,"comment_status":"closed","ping_status":"closed","template":"","meta":{"footnotes":""},"class_list":["post-840","page","type-page","status-publish","hentry"],"_links":{"self":[{"href":"https:\/\/wp.ufpel.edu.br\/leh\/wp-json\/wp\/v2\/pages\/840","targetHints":{"allow":["GET"]}}],"collection":[{"href":"https:\/\/wp.ufpel.edu.br\/leh\/wp-json\/wp\/v2\/pages"}],"about":[{"href":"https:\/\/wp.ufpel.edu.br\/leh\/wp-json\/wp\/v2\/types\/page"}],"author":[{"embeddable":true,"href":"https:\/\/wp.ufpel.edu.br\/leh\/wp-json\/wp\/v2\/users\/778"}],"replies":[{"embeddable":true,"href":"https:\/\/wp.ufpel.edu.br\/leh\/wp-json\/wp\/v2\/comments?post=840"}],"version-history":[{"count":13,"href":"https:\/\/wp.ufpel.edu.br\/leh\/wp-json\/wp\/v2\/pages\/840\/revisions"}],"predecessor-version":[{"id":2425,"href":"https:\/\/wp.ufpel.edu.br\/leh\/wp-json\/wp\/v2\/pages\/840\/revisions\/2425"}],"wp:attachment":[{"href":"https:\/\/wp.ufpel.edu.br\/leh\/wp-json\/wp\/v2\/media?parent=840"}],"curies":[{"name":"wp","href":"https:\/\/api.w.org\/{rel}","templated":true}]}}