{"id":2263,"date":"2023-05-07T11:27:43","date_gmt":"2023-05-07T14:27:43","guid":{"rendered":"https:\/\/wp.ufpel.edu.br\/leh\/?page_id=2263"},"modified":"2023-05-09T08:55:29","modified_gmt":"2023-05-09T11:55:29","slug":"historia-indigena","status":"publish","type":"page","link":"https:\/\/wp.ufpel.edu.br\/leh\/historia-indigena\/","title":{"rendered":"Hist\u00f3ria Ind\u00edgena"},"content":{"rendered":"<p style=\"text-align: justify;\"><span style=\"color: #000000;\"><strong><span style=\"font-size: 12pt;\">TEM\u00c1TICA IND\u00cdGENA NA ESCOLA<\/span><\/strong><\/span><\/p>\n<p style=\"text-align: justify;\"><span style=\"font-size: 12pt; color: #000000;\">&#8211; A lei 11.645\/08 torna obrigat\u00f3ria a inclus\u00e3o da hist\u00f3ria e cultura dos povos ind\u00edgenas nos <\/span><span style=\"font-size: 12pt; color: #000000;\">curr\u00edculos das disciplinas de Geografia, Hist\u00f3ria, Literatura e Artes para o Ensino <\/span><span style=\"font-size: 12pt; color: #000000;\">Fundamental e M\u00e9dio das escolas p\u00fablicas e privadas.\u00a0<\/span><\/p>\n<p style=\"text-align: justify;\">\u00a0 \u00a0 <span style=\"color: #000000;\">Agradecemos a colabora\u00e7\u00e3o da Profa\u00aa. Lori Altmann (Dep. Antropologia &#8211; UFPel) pela elabora\u00e7\u00e3o deste conte\u00fado.<\/span><\/p>\n<p style=\"text-align: justify;\"><strong><span style=\"font-size: 12pt; color: #000000;\">RECOMENDA\u00c7\u00d5ES GERAIS:<\/span><\/strong><\/p>\n<p style=\"text-align: justify;\"><span style=\"font-size: 12pt; color: #000000;\">&#8211; Todas as culturas s\u00e3o din\u00e2micas est\u00e3o sempre em processo de mudan\u00e7a (din\u00e2mica de <\/span><span style=\"font-size: 12pt; color: #000000;\">continuidade e de mudan\u00e7a). Essas mudan\u00e7as podem advir de escolhas internas, das <\/span><span style=\"font-size: 12pt; color: #000000;\">rela\u00e7\u00f5es inter\u00e9tnicas ou das press\u00f5es que sofreram no decorrer do processo hist\u00f3rico. <\/span><span style=\"font-size: 12pt; color: #000000;\">Direito de mudar!<\/span><\/p>\n<p style=\"text-align: justify;\"><span style=\"color: #000000;\"><span style=\"font-size: 12pt;\"><span style=\"color: #000000;\">&#8211; Discuss\u00f5es sobre nomenclatura: \u201c\u00edndios\u201d, ind\u00edgenas, povos origin\u00e1rios. \u201c\u00edndio\u201d<\/span> \u2013<span style=\"color: #000000;\">resultado de um equ\u00edvoco.<\/span> <span style=\"color: #000000;\">Denomina\u00e7\u00e3o dos colonizadores portugueses. Um termo <\/span><\/span><span style=\"font-size: 12pt;\"><span style=\"color: #000000;\">melhor seria \u201cind\u00edgenas\u201d, no sentido etimol\u00f3gico da palavra.<\/span> <span style=\"color: #000000;\">\u201cToda pessoa que \u00e9 origin\u00e1ria <\/span><\/span><span style=\"font-size: 12pt;\"><span style=\"color: #000000;\">ou natural de determinado lugar\u201d.<\/span> <span style=\"color: #000000;\">Povos, na\u00e7\u00f5es, \u201ctribos\u201d. \u201cAldeia\u201d termo carregado de <\/span><\/span><span style=\"font-size: 12pt;\"><span style=\"color: #000000;\">significados ligados ao processo de coloniza\u00e7\u00e3o do pa\u00eds. Aldeamentos como forma de liberar terra para a coloniza\u00e7\u00e3o.<\/span><\/span><\/span><\/p>\n<p style=\"text-align: justify;\"><span style=\"font-size: 12pt; color: #000000;\">&#8211; Enfatizar a diferen\u00e7a positivamente, como uma potencialidade. Apontar para a <\/span><span style=\"font-size: 12pt; color: #000000;\">diversidade cultural, lingu\u00edstica, de realidades regionais e referente a hist\u00f3rias e saberes <\/span><span style=\"font-size: 12pt; color: #000000;\">de cada povo ind\u00edgena. Etnomatem\u00e1tica; etnomedicina; etnobot\u00e2nica; etnoarquitetura; <\/span><span style=\"font-size: 12pt; color: #000000;\">Etnohist\u00f3ria &#8230;;<\/span><\/p>\n<p style=\"text-align: justify;\"><span style=\"font-size: 12pt; color: #000000;\">&#8211; Evitar pr\u00e9-no\u00e7\u00f5es e pr\u00e9-conceitos. N\u00e3o cair em estere\u00f3tipos e em concep\u00e7\u00f5es do <\/span><span style=\"font-size: 12pt; color: #000000;\">senso comum. N\u00e3o ver os povos ind\u00edgenas pela nega\u00e7\u00e3o, car\u00eancia ou aus\u00eancia, em <\/span><span style=\"font-size: 12pt; color: #000000;\">compara\u00e7\u00e3o com nossa cultura. De tradi\u00e7\u00e3o oral e n\u00e3o \u00e1grafo, mas de tradi\u00e7\u00e3o oral. Nas <\/span><span style=\"font-size: 12pt; color: #000000;\">narrativas da conquista foram considerados povos: sem f\u00e9, sem lei e sem rei;<\/span><\/p>\n<p style=\"text-align: justify;\"><span style=\"font-size: 12pt; color: #000000;\">&#8211; Indiv\u00edduo representando o coletivo (em exemplos negativos, se generaliza);<\/span><\/p>\n<p style=\"text-align: justify;\"><span style=\"font-size: 12pt; color: #000000;\">&#8211; Fugir do \u201c\u00edndio\u201d gen\u00e9rico. Identificar e contextualizar &#8211; pesquisar sobre o povo. Localizar <\/span><span style=\"font-size: 12pt; color: #000000;\">geograficamente e trazer informa\u00e7\u00f5es sobre sua cultura e hist\u00f3ria. Distintas hist\u00f3rias <\/span><span style=\"font-size: 12pt; color: #000000;\">dependendo da regi\u00e3o geogr\u00e1fica e das frentes de ocupa\u00e7\u00e3o (agr\u00edcola, extrativista, <\/span><span style=\"font-size: 12pt; color: #000000;\">minera\u00e7\u00e3o, &#8230;);<\/span><\/p>\n<p style=\"text-align: justify;\"><span style=\"font-size: 12pt; color: #000000;\">&#8211; Trazer a realidade contempor\u00e2nea dos Povos Ind\u00edgenas. Mudar a abordagem <\/span><span style=\"font-size: 12pt; color: #000000;\">tradicional dos livros did\u00e1ticos de Hist\u00f3ria, em os Povos Ind\u00edgenas foram colocados apenas <\/span><span style=\"font-size: 12pt; color: #000000;\">em alguns per\u00edodos, geralmente como povos do passado.<\/span><\/p>\n<p style=\"text-align: justify;\"><span style=\"font-size: 12pt; color: #000000;\">&#8211; Educa\u00e7\u00e3o ind\u00edgena; Educa\u00e7\u00e3o escolar para ind\u00edgenas; Educa\u00e7\u00e3o escolar ind\u00edgena <\/span><span style=\"font-size: 12pt; color: #000000;\">(diferenciada, autogerida, bil\u00edngue e intercultural);<\/span><\/p>\n<p style=\"text-align: justify;\"><span style=\"font-size: 12pt; color: #000000;\">&#8211; Os povos ind\u00edgenas e suas culturas permeiam o nosso cotidiano, mesmo sendo <\/span><span style=\"font-size: 12pt; color: #000000;\">muitas vezes invisibilizados;<\/span><\/p>\n<p style=\"text-align: justify;\"><span style=\"font-size: 12pt; color: #000000;\">&#8211; Preferencialmente chamar uma pessoa ind\u00edgena para falar em sala de aula ou visitar <\/span><span style=\"font-size: 12pt;\"><span style=\"color: #000000;\">uma comunidade ind\u00edgena sempre combinando previamente<\/span>.<span style=\"color: #000000;\"> Priorizar o ponto de vista <\/span><\/span><span style=\"font-size: 12pt; color: #000000;\">desses povos, ouvindo-os diretamente. \u201cNada sobre n\u00f3s sem n\u00f3s!\u201d<\/span><\/p>\n<p>&nbsp;<\/p>\n<hr \/>\n<p style=\"text-align: justify;\"><span style=\"color: #000000;\"><strong>SUBS\u00cdDIOS<\/strong><\/span><\/p>\n<p style=\"text-align: justify;\"><span style=\"color: #000000;\"><strong><img loading=\"lazy\" decoding=\"async\" class=\"alignleft wp-image-2269\" src=\"https:\/\/wp.ufpel.edu.br\/leh\/files\/2023\/05\/Captura-de-tela-2023-05-07-120816-e1683472280599.png\" alt=\"\" width=\"233\" height=\"132\" \/>\u201cPovos Ind\u00edgenas: Conhecer para valorizar\u201d<\/strong>, v\u00eddeo-document\u00e1rio, 24 min, ano 2011. <\/span><span style=\"color: #000000;\">Dire\u00e7\u00e3o de M\u00e1rcia Derraik. Produ\u00e7\u00e3o do Museu do \u00cdndio e da Secretaria de Educa\u00e7\u00e3o\/RJ. Dispon\u00edvel em <\/span><span style=\"color: #3366ff;\"><a style=\"color: #3366ff;\" href=\"https:\/\/www.youtube.com\/watch?v=MwMEuK-DfEw\">https:\/\/www.youtube.com\/watch?v=MwMEuK-DfEw<\/a><\/span><\/p>\n<hr \/>\n<p style=\"text-align: justify;\"><span style=\"color: #000000;\"><strong><img loading=\"lazy\" decoding=\"async\" class=\"alignleft wp-image-2270\" src=\"https:\/\/wp.ufpel.edu.br\/leh\/files\/2023\/05\/indios-do-brasil-quem-sao-eles-e1683475016444.png\" alt=\"\" width=\"231\" height=\"172\" \/>\u201cQuem s\u00e3o eles? \u00cdndios no Brasil\u201d<\/strong>, Document\u00e1rio, 2000,18 min. Dire\u00e7\u00e3o: Vincent <\/span><span style=\"color: #000000;\">Carelli. Realiza\u00e7\u00e3o: TV Escola, MEC, V\u00eddeo nas Aldeias. A s\u00e9rie de dez programas educativos &#8220;\u00cdndios no Brasil&#8221;, produzida para o curr\u00edculo escolar e apresentada pelo l\u00edder ind\u00edgena Ailton Krenak. Mostra como vivem e o que pensam, atrav\u00e9s de ind\u00edgenas de nove povos dispersos no territ\u00f3rio nacional, que v\u00e3o rebatendo um a um estes equ\u00edvocos. Dispon\u00edvel em<span style=\"color: #3366ff;\"> <a style=\"color: #3366ff;\" href=\"https:\/\/vimeo.com\/15635463\">https:\/\/vimeo.com\/15635463<\/a><\/span><\/span><\/p>\n<hr \/>\n<p style=\"text-align: justify;\"><img loading=\"lazy\" decoding=\"async\" class=\"alignleft wp-image-2271\" src=\"https:\/\/wp.ufpel.edu.br\/leh\/files\/2023\/05\/1523626903.png\" alt=\"\" width=\"228\" height=\"170\" \/><strong>V\u00eddeo nas Aldeias, plataforma de streaming.<\/strong>\u00a0 Criado em 1986,\u00a0V\u00eddeo nas Aldeias (VNA) \u00e9 um projeto precursor na \u00e1rea de produ\u00e7\u00e3o audiovisual ind\u00edgena no Brasil. O objetivo do projeto foi, desde o in\u00edcio, apoiar as lutas dos povos ind\u00edgenas para fortalecer suas identidades e seus patrim\u00f4nios territoriais e culturais, por meio de recursos audiovisuais e de um produ\u00e7\u00e3o compartilhada com os povos ind\u00edgenas com os quais o VNA trabalha. Site: <span style=\"color: #3366ff;\"><a style=\"color: #3366ff;\" href=\"http:\/\/www.videonasaldeias.org.br\">www.videonasaldeias.org.br<\/a><\/span><\/p>\n<hr \/>\n<p style=\"text-align: justify;\"><img loading=\"lazy\" decoding=\"async\" class=\"alignleft wp-image-2272\" src=\"https:\/\/wp.ufpel.edu.br\/leh\/files\/2023\/05\/doc-e1683475966186.png\" alt=\"\" width=\"225\" height=\"168\" \/><span style=\"color: #000000;\"><strong>&#8220;A mata \u00e9 que nos mostra nossa comida&#8221;. <\/strong>Document\u00e1rio, 29:32 min., Dire\u00e7\u00e3o: Rafael Devos. Francisco R\u00f3 K\u00e1g dos Santos, Erondina dos Santos Vergueiro, Iracema Nascimento e Jo\u00e3o Padilha apresentam os saberes e os fazeres da cultura Kaingang em Porto Alegre, revelados nos momentos de produ\u00e7\u00e3o e troca do artesanato produzido com cip\u00f3, cer\u00e2mica e sementes, nos morros e nas ruas da cidade. Caminhando pela mata, revelam-se as imagens de tudo aquilo que alimenta a cultura Kaingang.\u00a0 Dispon\u00edvel em <span style=\"color: #3366ff;\"><a style=\"color: #3366ff;\" href=\"http:\/\/www.vimeo.com\/16565467\">www.vimeo.com\/16565467<\/a><\/span><\/span><\/p>\n<hr \/>\n<p style=\"text-align: justify;\"><span style=\"color: #000000;\"><img loading=\"lazy\" decoding=\"async\" class=\"alignleft wp-image-2273\" src=\"https:\/\/wp.ufpel.edu.br\/leh\/files\/2023\/05\/seres-da-mata-e1683476419755.png\" alt=\"\" width=\"238\" height=\"144\" \/><strong>Os seres da mata e sua vida como pessoas.<\/strong> Document\u00e1rio, 27 minutos, Dire\u00e7\u00e3o: Rafael Devos. \u201cEssa c\u00e2mera vai funcionar como um olho e o ouvido de todos que est\u00e3o atr\u00e1s dessa c\u00e2mera, ela vai ser uma crian\u00e7a que vai estar escutando a fala dos meus av\u00f3s\u201d. Assim o jovem cacique Vher\u00e1 Poty apresenta as imagens dos \u201cbichinhos\u201d e as narrativas mito-po\u00e9ticas dos velhos em torno dos modos de criar, fazer e viver a cultura guarani, expressos na confec\u00e7\u00e3o de colares, no tran\u00e7ado das cestarias e na produ\u00e7\u00e3o de esculturas em madeira dos seres da mata: on\u00e7as, p\u00e1ssaros e outros \u201cparentes\u201d. Dispon\u00edvel em\u00a0 <span style=\"color: #3366ff;\"><a style=\"color: #3366ff;\" href=\"https:\/\/vimeo.com\/16341930\">https:\/\/vimeo.com\/16341930<\/a><\/span><\/span><\/p>\n<p style=\"text-align: justify;\"><img loading=\"lazy\" decoding=\"async\" class=\"alignleft wp-image-2274\" src=\"https:\/\/wp.ufpel.edu.br\/leh\/files\/2023\/05\/Captura-de-tela-2023-05-07-132611-e1683476807286.png\" alt=\"\" width=\"242\" height=\"147\" \/><span style=\"color: #000000;\"><strong>Ira\u00ed, Terra Kaingang<\/strong>. V\u00eddeo, 1992, 15min. Document\u00e1rio sobre a luta pela terra dos Kaingang de Ira\u00ed no munic\u00edpio de Ira\u00ed, norte do Rio Grande do Sul. Participou da 2\u00aa Mostra Internacional de Filmes Etnogr\u00e1ficos, Rio de Janeiro, 1994. Dispon\u00edvel em<\/span><br \/>\n<a href=\"https:\/\/www.youtube.com\/watch?v=Key1UEH-XgU\"><span style=\"color: #000000;\"><span style=\"color: #3366ff;\">https:\/\/www.youtube.com\/watch?v=Key1UEH-XgU<\/span><\/span><\/a><\/p>\n<hr \/>\n<p><strong><span style=\"color: #000000; font-size: 12pt;\">FONTES DE PESQUISA:<\/span><\/strong><\/p>\n<ul>\n<li style=\"text-align: justify;\"><span style=\"color: #000000; font-size: 12pt;\"><a href=\"http:\/\/www.comin.org.br\"><strong>www.comin.org.br<\/strong><\/a> &#8211; Caderno did\u00e1tico, textos, mitos, fotos, desenhos, hist\u00f3rias e<\/span><br \/>\n<span style=\"color: #000000; font-size: 12pt;\">bibliografia.<\/span><\/li>\n<li style=\"text-align: justify;\"><span style=\"color: #000000; font-size: 12pt;\">\u00a0<a href=\"http:\/\/www.cimi.org.br\"><strong>www.cimi.org.br<\/strong><\/a> \u2013 Informa\u00e7\u00f5es e indica\u00e7\u00f5es de literatura sobre povos ind\u00edgenas.<\/span><\/li>\n<li style=\"text-align: justify;\"><span style=\"color: #000000; font-size: 12pt;\"><a href=\"http:\/\/www.socioambiental.org\"><strong>www.socioambiental.org<\/strong><\/a> \u2013 O ISA disponibiliza informa\u00e7\u00f5es e indica\u00e7\u00f5es de literatura <\/span><span style=\"color: #000000; font-size: 12pt;\">sobre povos ind\u00edgenas.<\/span><\/li>\n<li style=\"text-align: justify;\"><span style=\"color: #000000; font-size: 12pt;\"><a href=\"http:\/\/pibmirim.socioambiental.org\/\"><strong>http:\/\/pibmirim.socioambiental.org\/<\/strong><\/a> Povos ind\u00edgenas no Brasil Mirim \u2013 Aldeia Virtual (site <\/span><span style=\"color: #000000; font-size: 12pt;\">interativo).<\/span><\/li>\n<li style=\"text-align: justify;\"><span style=\"color: #000000; font-size: 12pt;\"><a href=\"http:\/\/www.portalkaingang.org\"><strong>www.portalkaingang.org<\/strong><\/a> \u2013 Disponibiliza mapas e informa\u00e7\u00f5es.<\/span><\/li>\n<li style=\"text-align: justify;\"><span style=\"color: #000000; font-size: 12pt;\"><a href=\"https:\/\/labhin.ufsc.br\/\"><strong>https:\/\/labhin.ufsc.br\/<\/strong><\/a> &#8211; Laborat\u00f3rio de Hist\u00f3ria Ind\u00edgena &#8211; UFSC,<\/span><\/li>\n<li style=\"text-align: justify;\"><span style=\"color: #000000; font-size: 12pt;\"><a href=\"https:\/\/apiboficial.org\/\"><strong>https:\/\/apiboficial.org\/<\/strong> <\/a>&#8211; APIB: Articula\u00e7\u00e3o dos Povos Ind\u00edgenas do Brasil.<\/span><\/li>\n<li><span style=\"color: #000000;\"><a href=\"https:\/\/www.facebook.com\/abia.indigena\"><strong>https:\/\/www.facebook.com\/abia.indigena<\/strong><\/a> &#8211; ABIA \u2013 Articula\u00e7\u00e3o Brasileira de Ind\u00edgenas <\/span><span style=\"color: #000000;\">Antrop\u00f3loges.\u00a0<\/span><br \/>\n<hr \/>\n<p><strong><span style=\"color: #000000;\">LIVROS E AUTORES:<\/span><\/strong><\/li>\n<\/ul>\n<p style=\"text-align: justify;\"><span style=\"color: #000000;\"><img loading=\"lazy\" decoding=\"async\" class=\"alignleft wp-image-2275\" src=\"https:\/\/wp.ufpel.edu.br\/leh\/files\/2023\/05\/daniel-munduruku.jpg\" alt=\"\" width=\"227\" height=\"190\" \/><strong>Daniel Mundurucu<\/strong> &#8211; Escritor ind\u00edgena e professor paraense com 56 livros publicados, a maioria classificados como literatura infanto-juvenil e paradid\u00e1ticos. Graduado em Filosofia, licenciatura em Hist\u00f3ria e Psicologia.\u00a0 Doutor em Educa\u00e7\u00e3o\/USP.\u00a0 P\u00f3s-doutorado em Literatura na UFSCar. Site: <span style=\"color: #3366ff;\"><a style=\"color: #3366ff;\" href=\"http:\/\/danielmunduruku.blogspot.com.br\/p\/daniel-munduruku.html\">http:\/\/danielmunduruku.blogspot.com.br\/p\/daniel-munduruku.html<\/a><\/span>\u00a0<\/span><\/p>\n<hr \/>\n<p style=\"text-align: justify;\"><strong><img loading=\"lazy\" decoding=\"async\" class=\"alignleft wp-image-2276\" src=\"https:\/\/wp.ufpel.edu.br\/leh\/files\/2023\/05\/capa_araucaria-e1683478001931.jpg\" alt=\"\" width=\"227\" height=\"161\" \/>A arauc\u00e1ria e a gralha azul: uma hist\u00f3ria dos antigos Kaingang \/ F\u00e0g kar segs\u00f3 t\u00e1hn: gufo u s\u00ed ag t\u00fa<\/strong>, autor Kaingang Ven T\u00e1nh Salvador. Livro bilingue evoca a vida em comunidade, o significado das marcas Kam\u00e9 e Kairu (metades exog\u00e2micas) e a ancestralidade Kaingang. O livro tem narrativa oral do cacique Maur\u00edcio Ven T\u00e1nh Salvador a Ana Fonseca, com ilustra\u00e7\u00f5es de Mauren Veras. Em Portugu\u00eas e Kaingang, apresenta uma hist\u00f3ria dos Kaingang, contada desde os antigos, de gera\u00e7\u00e3o em gera\u00e7\u00e3o, quando est\u00e3o todos reunidos ao redor de uma fogueira, explica Salvador. \u201cO mito trata da import\u00e2ncia da vida em comunidade, do valor da palavra, em especial, quando decorre de escolhas que n\u00f3s pr\u00f3prios fazemos, de como as apar\u00eancias podem enganar, bem como da exist\u00eancia de v\u00ednculos eternos, tais quais o da arauc\u00e1ria e da gralha azul\u201d.<\/p>\n","protected":false},"excerpt":{"rendered":"<p>TEM\u00c1TICA IND\u00cdGENA NA ESCOLA &#8211; A lei 11.645\/08 torna obrigat\u00f3ria a inclus\u00e3o da hist\u00f3ria e cultura dos povos ind\u00edgenas nos curr\u00edculos das disciplinas de Geografia, Hist\u00f3ria, Literatura e Artes para o Ensino Fundamental e M\u00e9dio das escolas p\u00fablicas e privadas.\u00a0 &hellip; <a href=\"https:\/\/wp.ufpel.edu.br\/leh\/historia-indigena\/\">Continue lendo <span class=\"meta-nav\">&rarr;<\/span><\/a><\/p>\n","protected":false},"author":778,"featured_media":0,"parent":0,"menu_order":0,"comment_status":"closed","ping_status":"closed","template":"","meta":{"footnotes":""},"class_list":["post-2263","page","type-page","status-publish","hentry"],"_links":{"self":[{"href":"https:\/\/wp.ufpel.edu.br\/leh\/wp-json\/wp\/v2\/pages\/2263","targetHints":{"allow":["GET"]}}],"collection":[{"href":"https:\/\/wp.ufpel.edu.br\/leh\/wp-json\/wp\/v2\/pages"}],"about":[{"href":"https:\/\/wp.ufpel.edu.br\/leh\/wp-json\/wp\/v2\/types\/page"}],"author":[{"embeddable":true,"href":"https:\/\/wp.ufpel.edu.br\/leh\/wp-json\/wp\/v2\/users\/778"}],"replies":[{"embeddable":true,"href":"https:\/\/wp.ufpel.edu.br\/leh\/wp-json\/wp\/v2\/comments?post=2263"}],"version-history":[{"count":4,"href":"https:\/\/wp.ufpel.edu.br\/leh\/wp-json\/wp\/v2\/pages\/2263\/revisions"}],"predecessor-version":[{"id":2278,"href":"https:\/\/wp.ufpel.edu.br\/leh\/wp-json\/wp\/v2\/pages\/2263\/revisions\/2278"}],"wp:attachment":[{"href":"https:\/\/wp.ufpel.edu.br\/leh\/wp-json\/wp\/v2\/media?parent=2263"}],"curies":[{"name":"wp","href":"https:\/\/api.w.org\/{rel}","templated":true}]}}