{"id":1704,"date":"2022-07-05T15:49:04","date_gmt":"2022-07-05T18:49:04","guid":{"rendered":"https:\/\/wp.ufpel.edu.br\/leh\/?page_id=1704"},"modified":"2022-08-04T08:51:37","modified_gmt":"2022-08-04T11:51:37","slug":"bibliotecas-e-acervos-digitais","status":"publish","type":"page","link":"https:\/\/wp.ufpel.edu.br\/leh\/bibliotecas-e-acervos-digitais\/","title":{"rendered":"Bibliotecas e acervos digitais"},"content":{"rendered":"<p style=\"text-align: justify;\">Os materiais did\u00e1ticos que seguem foram pesquisados e organizados pelos estudantes vinculados ao PIBID \u2013 Hist\u00f3ria\/UFPel, edi\u00e7\u00e3o 2020:<\/p>\n<h2>Biblioteca Nacional<\/h2>\n<p style=\"text-align: justify;\">S\u00edntese: A Biblioteca Nacional est\u00e1 hoje entre as dez maiores institui\u00e7\u00f5es desse segmento no mundo (segundo a UNESCO), sendo a maior da Am\u00e9rica Latina e a mais antiga do pa\u00eds em termos de preserva\u00e7\u00e3o hist\u00f3rica e cultural. Seu acervo conta com cerca de nove milh\u00f5es de documentos, dividindo-se entre: Cartografia, Hemeroteca, Iconografia, Manuscritos, M\u00fasica e arquivo sonoro, Obras gerais e raras, dentre outros, ficando o governo federal respons\u00e1vel por sua manuten\u00e7\u00e3o e preserva\u00e7\u00e3o.<br \/>\nIndica\u00e7\u00e3o\/Refer\u00eancia: Tendo sua proje\u00e7\u00e3o original ainda em Portugal no ano de 1755 durante o processo de reconstru\u00e7\u00e3o da cidade, em decorr\u00eancia de um terremoto, a Biblioteca Nacional s\u00f3 viria a se instalar definitivamente em solo Brasileiro no ano de 1810 sob o nome de \u201cReal Biblioteca\u201d. Atualmente \u00e9 um dos principais \u00f3rg\u00e3os de salvaguarda da mem\u00f3ria nacional, reconhecido internacionalmente e mantendo v\u00ednculos como em f\u00f3runs multilaterais tais como: Federa\u00e7\u00e3o Internacional de Associa\u00e7\u00f5es e Institui\u00e7\u00f5es Bibliotec\u00e1rias, Confer\u00eancia de Diretores de Bibliotecas Nacionais, Associa\u00e7\u00e3o de Bibliotecas Nacionais da Ibero-Am\u00e9rica, dentre outros. Mantida por \u00f3rg\u00e3os ligados ao Governo Federal, conta com seu acervo disponibilizado atrav\u00e9s do site, tendo tornado seu acervo n\u00e3o apenas dispon\u00edvel em sua plataforma como acess\u00edvel desde o ano de 2008.<\/p>\n<p>Link de acesso: <a href=\"https:\/\/www.bn.gov.br\/explore\/acervos\">clique aqui<\/a><\/p>\n<p>______________________________________________________________<\/p>\n<h2>Revista IHGB<\/h2>\n<p style=\"text-align: justify;\">S\u00edntese: Fundada em 1838 conjuntamente com o instituto a qual \u00e9 ligada, e sobre o qual o trabalho e as publica\u00e7\u00f5es se debru\u00e7am encontra-se em circula\u00e7\u00e3o desde 1839 contando com publica\u00e7\u00f5es trimestrais; A revista do Instituto Hist\u00f3rico Geogr\u00e1fico Brasileiro \u00e9 uma das mais antigas em circula\u00e7\u00e3o contando com a contribui\u00e7\u00e3o de diferentes profissionais das mais diversas \u00e1reas como historiadores, ge\u00f3grafos, antrop\u00f3logos, soci\u00f3logos, arquitetos, etn\u00f3logos, etc.<br \/>\nIndica\u00e7\u00e3o\/Refer\u00eancia: Tanto o instituto como a revista contam com um site preservando todo o acervo, sendo que o da revista conta com as seguintes subdivis\u00f5es: Arquivo, Biblioteca, Hemeroteca, Mapoteca e Museu sendo poss\u00edvel visitar todos estes atrav\u00e9s da plataforma virtual. Por sua vez, a manuten\u00e7\u00e3o e preserva\u00e7\u00e3o fica a cargo do Governo Federal e de patrocinadores como a gr\u00e1fica do senado federal e a secretaria nacional de cultura.<\/p>\n<p>Link de acesso: <a href=\"https:\/\/www.ihgb.org.br\/publicacoes\/revista-ihgb.html\">clique aqui<\/a><\/p>\n<p>______________________________________________________________<\/p>\n<h2>\u00a0Biblioteca da Presid\u00eancia da Rep\u00fablica<\/h2>\n<p style=\"text-align: justify;\">S\u00edntese: Fundada entre os anos de 1914 e 1918 durante o governo do ent\u00e3o presidente, Wenceslau Br\u00e1s, esta biblioteca inicialmente concentrou-se em documentos concernentes ao Governo Federal, at\u00e9 o ano de 1951 quando passou a se dedicar com maior \u00eanfase nas figuras dos presidentes e vices que se alternaram ao longo da Hist\u00f3ria pol\u00edtica nacional.<br \/>\nIndica\u00e7\u00e3o\/Refer\u00eancia: Atualmente o site disp\u00f5e do Hist\u00f3rico do \u00f3rg\u00e3o, acervo e informa\u00e7\u00f5es relacionadas ao trabalho desenvolvido pela biblioteca podendo ser visitado a dist\u00e2ncia e sendo sobretudo mantido pelo governo federal, a mesma hoje encontra-se anexada ao Pal\u00e1cio do Planalto, e vem modificando suas diretrizes a fim de cobrir a atua\u00e7\u00e3o do Poder Central Republicano.<\/p>\n<p>Link de acesso: <a href=\"http:\/\/www.biblioteca.presidencia.gov.br\/sobre-a-biblioteca\/biblioteca-da-presidencia-da-republica\">clique aqui<\/a><\/p>\n<p>______________________________________________________________<\/p>\n<h2>Biblioteca Brasiliana Mindlin<\/h2>\n<p style=\"text-align: justify;\">S\u00edntese: A Biblioteca Brasiliana Guita e Jos\u00e9 Mindlin foi criada no ano de 2005, para servir de abrigo para a cole\u00e7\u00e3o reunida por mais de oitenta anos pelo bibli\u00f3filo Jos\u00e9 Mindlin e sua esposa, Guita. Anos depois foi aberta ao p\u00fablico, em 2013. A mesma \u00e9 um \u00f3rg\u00e3o da Pr\u00f3-Reitoria de Cultura e Extens\u00e3o Universit\u00e1ria da Universidade de S\u00e3o Paulo (USP).<br \/>\nIndica\u00e7\u00e3o\/Referencia: Possui um variado conjunto de livros e manuscritos, o acervo digital possui tamb\u00e9m mapas, iconografias, obras de refer\u00eancia, folhetos e peri\u00f3dicos, disponibilizando assim, de forma gratuita, um dos mais importantes acervos de documentos sobre a hist\u00f3ria do Brasil. A BBM, sediado na Cidade Universit\u00e1ria de S\u00e3o Paulo, o acervo foi formado a partir das doa\u00e7\u00f5es de Guita e Jos\u00e9 e de seus filhos, sendo um centro interdisciplinar de informa\u00e7\u00e3o, al\u00e9m de documenta\u00e7\u00e3o e pesquisa de estudos brasileiros.<\/p>\n<p>Link de acesso: <a href=\"https:\/\/www.bbm.usp.br\">clique aqui<\/a><\/p>\n<p>______________________________________________________________<\/p>\n<p><!--nextpage--><\/p>\n<h2>Biblioteca Digital Mundial<\/h2>\n<p style=\"text-align: justify;\">S\u00edntese: A Biblioteca Digital Mundial possui um importante acervo de fontes, como manuscritos, mapas, fotografias, textos e livros raros. Sendo estes conte\u00fados importantes para cada pa\u00eds membro da UNESCO.<br \/>\nIndica\u00e7\u00e3o\/Refer\u00eancia: Acervo desenvolvido com o projeto inicial em 2005, quando James H. Billington, que na \u00e9poca era Bibliotec\u00e1rio do Congresso dos EUA prop\u00f5e a cria\u00e7\u00e3o de uma Biblioteca Digital Mundial para a UNESCO, assim, em 2009 \u00e9 inaugurada para o p\u00fablico internacional, possuindo conte\u00fado sobre cada estado-membro da UNESCO. Seu acervo \u00e9 gratuito e as fontes podem ser pesquisadas de maneira f\u00e1cil por lugar, per\u00edodo, tipo de item e tema.<\/p>\n<p>Link de acesso: <a href=\"https:\/\/www.wdl.org\/pt\">clique aqui<\/a><\/p>\n<p>______________________________________________________________<\/p>\n<h2>Portal Dom\u00ednio P\u00fablico<\/h2>\n<p style=\"text-align: justify;\">S\u00edntese: o Portal Dom\u00ednio P\u00fablico \u00e9 uma biblioteca digital editada pelo Minist\u00e9rio da Educa\u00e7\u00e3o do Brasil, foi inaugurado em 2004, com um acervo inicial de 500 obras. A grande maioria das obras encontram-se em dom\u00ednio p\u00fablico, sendo uma biblioteca virtual usada principalmente por professores, alunos e pesquisadores.<br \/>\nIndica\u00e7\u00e3o\/Refer\u00eancia: O Portal Dom\u00ednio P\u00fablico, deixa sua biblioteca virtual a f\u00e1cil acesso de todos os usu\u00e1rios da Internet. A biblioteca possui uma ampla variedade de obras liter\u00e1rias, art\u00edsticas e cient\u00edficas, estes na forma de textos, imagens, sons e v\u00eddeos. Um dos objetivos da biblioteca \u00e9 tornar mais acess\u00edvel o acesso \u00e0s obras, com isto, tornou-se uma refer\u00eancia em biblioteca virtual no Brasil.<\/p>\n<p>Link de acesso: <a href=\"http:\/\/www.dominiopublico.gov.br\">clique aqui<\/a><\/p>\n<p>______________________________________________________________<\/p>\n<h2>Biblioteca Digital Luso-Brasileira<\/h2>\n<p style=\"text-align: justify;\">S\u00edntese: O projeto desta Biblioteca Digital iniciou em 2014, pelas bibliotecas nacionais de Brasil e Portugal, tendo o principal objetivo em digitalizar e colocar a disposi\u00e7\u00e3o do p\u00fablico o acervo digital dos dois pa\u00edses.<br \/>\nIndica\u00e7\u00e3o\/Refer\u00eancia: A Biblioteca Digital Luso-Brasileira foi criada a partir de uma parceria entre as bibliotecas nacionais de Brasil e Portugal. A mesma possui materiais como \u00e1lbuns, gravuras, livros, fotografias, manuscritos, peri\u00f3dicos. A biblioteca tamb\u00e9m possui alguns documentos raros e a soma dos conte\u00fados passa de 60 mil t\u00edtulos.<\/p>\n<p>Link de acesso: <a href=\"http:\/\/bdlb.bn.br\/\">clique aqui<\/a><\/p>\n<p>______________________________________________________________<\/p>\n<h2>Brasiliana Fotogr\u00e1fica Digital<\/h2>\n<p style=\"text-align: justify;\">S\u00edntese: Brasiliana Fotogr\u00e1fica nasceu de uma parceria entre a Funda\u00e7\u00e3o Biblioteca Nacional com o Instituto Moreira Salles, assim, neste site, \u00e9 poss\u00edvel acessar um vasto acervo de fotografias sobre o Brasil que possui valor hist\u00f3rico e cultural.<br \/>\nIndica\u00e7\u00e3o\/Refer\u00eancia: Neste acervo cont\u00e9m in\u00fameras cole\u00e7\u00f5es, sendo importante para ser usado em pesquisas, principalmente. \u00c9 poss\u00edvel fazer pesquisas por datas, assunto, autor e local. O mesmo \u00e9 um espa\u00e7o para incentivar a visibilidade e a reflex\u00e3o sobre os acervos deste tipo, enquanto fontes prim\u00e1rias e tamb\u00e9m enquanto patrim\u00f4nio digital que deve ser preservado.<\/p>\n<p>Link de acesso: <a href=\"https:\/\/brasilianafotografica.bn.gov.br\">clique aqui<\/a><\/p>\n<p>______________________________________________________________<\/p>\n","protected":false},"excerpt":{"rendered":"<p>Os materiais did\u00e1ticos que seguem foram pesquisados e organizados pelos estudantes vinculados ao PIBID \u2013 Hist\u00f3ria\/UFPel, edi\u00e7\u00e3o 2020: Biblioteca Nacional S\u00edntese: A Biblioteca Nacional est\u00e1 hoje entre as dez maiores institui\u00e7\u00f5es desse segmento no mundo (segundo a UNESCO), sendo a &hellip; <a href=\"https:\/\/wp.ufpel.edu.br\/leh\/bibliotecas-e-acervos-digitais\/\">Continue lendo <span class=\"meta-nav\">&rarr;<\/span><\/a><\/p>\n","protected":false},"author":778,"featured_media":0,"parent":0,"menu_order":0,"comment_status":"closed","ping_status":"closed","template":"","meta":{"footnotes":""},"class_list":["post-1704","page","type-page","status-publish","hentry"],"_links":{"self":[{"href":"https:\/\/wp.ufpel.edu.br\/leh\/wp-json\/wp\/v2\/pages\/1704","targetHints":{"allow":["GET"]}}],"collection":[{"href":"https:\/\/wp.ufpel.edu.br\/leh\/wp-json\/wp\/v2\/pages"}],"about":[{"href":"https:\/\/wp.ufpel.edu.br\/leh\/wp-json\/wp\/v2\/types\/page"}],"author":[{"embeddable":true,"href":"https:\/\/wp.ufpel.edu.br\/leh\/wp-json\/wp\/v2\/users\/778"}],"replies":[{"embeddable":true,"href":"https:\/\/wp.ufpel.edu.br\/leh\/wp-json\/wp\/v2\/comments?post=1704"}],"version-history":[{"count":6,"href":"https:\/\/wp.ufpel.edu.br\/leh\/wp-json\/wp\/v2\/pages\/1704\/revisions"}],"predecessor-version":[{"id":1804,"href":"https:\/\/wp.ufpel.edu.br\/leh\/wp-json\/wp\/v2\/pages\/1704\/revisions\/1804"}],"wp:attachment":[{"href":"https:\/\/wp.ufpel.edu.br\/leh\/wp-json\/wp\/v2\/media?parent=1704"}],"curies":[{"name":"wp","href":"https:\/\/api.w.org\/{rel}","templated":true}]}}