{"id":1633,"date":"2022-07-05T09:46:46","date_gmt":"2022-07-05T12:46:46","guid":{"rendered":"https:\/\/wp.ufpel.edu.br\/leh\/?page_id=1633"},"modified":"2022-07-05T16:09:18","modified_gmt":"2022-07-05T19:09:18","slug":"podcast-historicos","status":"publish","type":"page","link":"https:\/\/wp.ufpel.edu.br\/leh\/podcast-historicos\/","title":{"rendered":"Podcast hist\u00f3ricos"},"content":{"rendered":"<h2>Hist\u00f3ria FM<\/h2>\n<p>S\u00edntese: Podcast que busca difundir o conhecimento sobre hist\u00f3ria, visando ser acess\u00edvel, por\u00e9m sem abrir m\u00e3o do rigor hist\u00f3rico necess\u00e1rio e da seriedade.<br \/>\nIndica\u00e7\u00e3o\/Refer\u00eancia: Icles Rodrigues, Professor e Mestre em Hist\u00f3ria pela UFSC, tamb\u00e9m autor do canal do<em> YouTube<\/em> \u201cLeitura ObrigaHist\u00f3ria\u201d. Conta com convidados especialistas nos temas abordados pelos epis\u00f3dios.<\/p>\n<p style=\"text-align: left;\">Link de acesso: <a href=\"https:\/\/open.spotify.com\/show\/4d1lnERMnFpGTdJiu403pg\" rel=\"noopener\">clique aqui<\/a><\/p>\n<p>______________________________________________________________<\/p>\n<h2>Hist\u00f3ria no Cast<\/h2>\n<p style=\"text-align: justify;\">S\u00edntese: Podcast com tem\u00e1tica hist\u00f3rica, abordando desde conte\u00fados tradicionalmente acad\u00eamicos e escolares, at\u00e9 debates mais informais, relacionando conceitos hist\u00f3ricos com cultura pop. Assim como o Hist\u00f3ria FM, conta com convidados especialistas nos temas abordados pelos epis\u00f3dios.<br \/>\nIndica\u00e7\u00e3o\/Refer\u00eancia: Leandro Marins, estudante do curso de Hist\u00f3ria &#8211; Licenciatura da<br \/>\nUFRJ, tamb\u00e9m criador da p\u00e1gina \u201cHist\u00f3ria no Paint\u201d.<\/p>\n<p style=\"text-align: left;\">Link de acesso: <a href=\"https:\/\/open.spotify.com\/show\/3lRM9QTViqng5MxJNlb2rS\" rel=\"noopener\">clique aqui<\/a><\/p>\n<p>______________________________________________________________<\/p>\n<h2>Hist\u00f3ria Liberta<\/h2>\n<p style=\"text-align: justify;\">S\u00edntese: Podcast que se prop\u00f5e a produzir um conhecimento libertador e um ensino de hist\u00f3ria de maneira problematizadora.<br \/>\nIndica\u00e7\u00e3o\/Refer\u00eancia: Professor Dr. Rodrigo Teixeira, atuante na educa\u00e7\u00e3o b\u00e1sica p\u00fablica<br \/>\npor mais de 10 anos.<\/p>\n<p style=\"text-align: left;\">Link de acesso: <a href=\"https:\/\/open.spotify.com\/show\/2VCT8sUS575lIQ1OZjChLP?si=mUK8ialsQN6muQfGyaQy-w&amp;dl_branch=1&amp;nd=1\" rel=\"noopener\">clique aqui<\/a><\/p>\n<p>______________________________________________________________<\/p>\n<h2 style=\"text-align: justify;\">Navio dos Loucos<\/h2>\n<p style=\"text-align: justify;\">S\u00edntese: O Podcast conta com tr\u00eas professores que apresentam conte\u00fados e debates hist\u00f3ricos de maneira bem humorada e l\u00fadica.<br \/>\nIndica\u00e7\u00e3o\/Refer\u00eancia: Mateus Gusm\u00e3o, Douglas Coutinho e Matheus Viug, professores de<br \/>\nhist\u00f3ria da educa\u00e7\u00e3o b\u00e1sica.<\/p>\n<p style=\"text-align: left;\">Link de acesso: <a href=\"https:\/\/open.spotify.com\/show\/6rXq1uSFl6aJSGBnu8hO5ysi=h_mUr2R_T1KdYuCBpqPZNQ&amp;utm_source=whatsapp&amp;dl_branch=1&amp;nd=1\" rel=\"noopener\">clique aqui<\/a><\/p>\n<p>______________________________________________________________<\/p>\n<h2>Papo de Historiador<\/h2>\n<p style=\"text-align: justify;\">S\u00edntese: O podcast &#8220;Papo de Historiador&#8221; tem os vestibulandos e pessoas interessadas em<br \/>\nhist\u00f3ria como seu p\u00fablico alvo.<br \/>\nIndica\u00e7\u00e3o\/Refer\u00eancia: Airton Munhoz Vieira, formado em Hist\u00f3ria e Mestrando em<br \/>\nEduca\u00e7\u00e3o pela UFPEL.<\/p>\n<p style=\"text-align: left;\">Link de acesso: <a href=\"https:\/\/open.spotify.com\/show\/2dIfKyhGlg9o7nBM1ZRqdv?si=ZIZL6V8rS8CQCCKh4NEy+hw&amp;utm_source=copy-link&amp;dl_branch=1&amp;nd=1\" rel=\"noopener\">clique aqui<\/a><\/p>\n<p>______________________________________________________________<\/p>\n<p><!--nextpage--><\/p>\n<h2>Caf\u00e9 Hist\u00f3ria<\/h2>\n<p>S\u00edntese: O podcast tem epis\u00f3dios mais curtos, de 5 at\u00e9 15 minutos, onde \u00e9 poss\u00edvel encontrar breves explana\u00e7\u00f5es sobre variados temas hist\u00f3ricos.<br \/>\nIndica\u00e7\u00e3o\/Refer\u00eancia: O podcast \u00e9 vinculado ao portal de divulga\u00e7\u00e3o cient\u00edfica Caf\u00e9<br \/>\nHist\u00f3ria.<\/p>\n<p style=\"text-align: left;\">Link de acesso: <a href=\"https:\/\/open.spotify.com\/show\/5AUYHp51qRMBYY5tFfuoI0\" rel=\"noopener\">clique aqui<\/a><\/p>\n<h2>_______________________________________<\/h2>\n<h2>Estudos Medievais<\/h2>\n<p style=\"text-align: justify;\">S\u00edntese: Podcast voltado para a Hist\u00f3ria Medieval, de maneira ampla e sobre variados recortes geogr\u00e1ficos. Especialistas s\u00e3o convidados para dissertar sobre suas pesquisas, inclusive autores estrangeiros. Podcast voltado para o p\u00fablico acad\u00eamico.<br \/>\nIndica\u00e7\u00e3o\/Refer\u00eancia: Vinculado ao Laborat\u00f3rio de Estudos Medievais da Universidade de<br \/>\nS\u00e3o Paulo (LEME-USP).<\/p>\n<p style=\"text-align: left;\">Link de acesso: <a href=\"https:\/\/guiamedieval.webhostusp.sti.usp.br\/podcast\/\" rel=\"noopener\">clique aqui<\/a><\/p>\n<h2>________________________________________<\/h2>\n<h2>PETcast Hist\u00f3ria<\/h2>\n<p style=\"text-align: justify;\">S\u00edntese: O PETcast aborda diversos assuntos que possuem relev\u00e2ncia no tempo presente, sob perspectiva hist\u00f3rica.<br \/>\nIndica\u00e7\u00e3o\/Refer\u00eancia: Vinculado ao Programa de Educa\u00e7\u00e3o Tutorial (PET), da Universidade Federal Fluminense.<\/p>\n<p style=\"text-align: left;\">Link de acesso: <a href=\"https:\/\/open.spotify.com\/show\/27FLmkjicv7HnaUNoASTIR\" rel=\"noopener\">clique aqui<\/a><\/p>\n<h2>_______________________________________<\/h2>\n<h2>PODHIST\u00d3RIA<\/h2>\n<p style=\"text-align: justify;\">S\u00edntese: O podcast entrevista pesquisadores e professores sobre variados temas hist\u00f3ricos, desde a cultura <em>geek<\/em> at\u00e9 conte\u00fados mais densos e tradicionais.<br \/>\nIndica\u00e7\u00e3o\/Refer\u00eancia: Jo\u00e3o Marcos de Sousa Maia, estudante de hist\u00f3ria e monitor da disciplina de Tecnologias Digitais da UFT.<\/p>\n<p style=\"text-align: left;\">Link de acesso: <a href=\"https:\/\/open.spotify.com\/show\/1vT8JVijtjTC87IQjZ4ssP\" rel=\"noopener\">clique aqui<\/a><\/p>\n<h2>______________________________________<\/h2>\n<h2>Mais Hist\u00f3ria, Por favor!<\/h2>\n<p style=\"text-align: justify;\">S\u00edntese: Tem como objetivo a divulga\u00e7\u00e3o e populariza\u00e7\u00e3o do conhecimento hist\u00f3rico, atrav\u00e9s da divulga\u00e7\u00e3o das pesquisas produzidas por Programas de P\u00f3s-Gradua\u00e7\u00e3o aos quais o podcast \u00e9 vinculado.<br \/>\nIndica\u00e7\u00e3o\/Refer\u00eancia: Produzido em colabora\u00e7\u00e3o pelo Programa de P\u00f3s-Gradua\u00e7\u00e3o em Hist\u00f3ria, Programa de Mestrado Profissional em Ensino de Hist\u00f3ria e o N\u00facleo de R\u00e1dios, todos da Universidade Federal de Santa Maria.<\/p>\n<p style=\"text-align: left;\">Link de acesso: <a href=\"https:\/\/open.spotify.com\/show\/6LCO9fDgoA3SJyESAQOnWK\" rel=\"noopener\">clique aqui<\/a><\/p>\n<h2>_______________________________________<\/h2>\n","protected":false},"excerpt":{"rendered":"<p>Hist\u00f3ria FM S\u00edntese: Podcast que busca difundir o conhecimento sobre hist\u00f3ria, visando ser acess\u00edvel, por\u00e9m sem abrir m\u00e3o do rigor hist\u00f3rico necess\u00e1rio e da seriedade. Indica\u00e7\u00e3o\/Refer\u00eancia: Icles Rodrigues, Professor e Mestre em Hist\u00f3ria pela UFSC, tamb\u00e9m autor do canal do &hellip; <a href=\"https:\/\/wp.ufpel.edu.br\/leh\/podcast-historicos\/\">Continue lendo <span class=\"meta-nav\">&rarr;<\/span><\/a><\/p>\n","protected":false},"author":778,"featured_media":0,"parent":0,"menu_order":0,"comment_status":"closed","ping_status":"closed","template":"","meta":{"footnotes":""},"class_list":["post-1633","page","type-page","status-publish","hentry"],"_links":{"self":[{"href":"https:\/\/wp.ufpel.edu.br\/leh\/wp-json\/wp\/v2\/pages\/1633","targetHints":{"allow":["GET"]}}],"collection":[{"href":"https:\/\/wp.ufpel.edu.br\/leh\/wp-json\/wp\/v2\/pages"}],"about":[{"href":"https:\/\/wp.ufpel.edu.br\/leh\/wp-json\/wp\/v2\/types\/page"}],"author":[{"embeddable":true,"href":"https:\/\/wp.ufpel.edu.br\/leh\/wp-json\/wp\/v2\/users\/778"}],"replies":[{"embeddable":true,"href":"https:\/\/wp.ufpel.edu.br\/leh\/wp-json\/wp\/v2\/comments?post=1633"}],"version-history":[{"count":6,"href":"https:\/\/wp.ufpel.edu.br\/leh\/wp-json\/wp\/v2\/pages\/1633\/revisions"}],"predecessor-version":[{"id":1709,"href":"https:\/\/wp.ufpel.edu.br\/leh\/wp-json\/wp\/v2\/pages\/1633\/revisions\/1709"}],"wp:attachment":[{"href":"https:\/\/wp.ufpel.edu.br\/leh\/wp-json\/wp\/v2\/media?parent=1633"}],"curies":[{"name":"wp","href":"https:\/\/api.w.org\/{rel}","templated":true}]}}