{"id":1630,"date":"2022-07-05T09:46:46","date_gmt":"2022-07-05T12:46:46","guid":{"rendered":"https:\/\/wp.ufpel.edu.br\/leh\/?page_id=1630"},"modified":"2022-07-05T16:14:56","modified_gmt":"2022-07-05T19:14:56","slug":"sites-de-para-mapas","status":"publish","type":"page","link":"https:\/\/wp.ufpel.edu.br\/leh\/sites-de-para-mapas\/","title":{"rendered":"Sites de\/para mapas"},"content":{"rendered":"<p style=\"text-align: justify;\">Os materiais did\u00e1ticos que seguem foram pesquisados e organizados pelos estudantes vinculados ao PIBID &#8211; Hist\u00f3ria\/UFPel, edi\u00e7\u00e3o 2020:<\/p>\n<h2>Geacron<\/h2>\n<p style=\"text-align: justify;\">O site disponibiliza um passeio pela hist\u00f3ria atrav\u00e9s do tempo, focando nas transforma\u00e7\u00f5es territoriais desde 3.000 a.c., \u00e9 s\u00f3 escolher o ano desejado e descobrir\u00e1 reinos, imp\u00e9rios e na\u00e7\u00f5es existentes em diferentes \u00e9pocas da hist\u00f3ria, a plataforma tamb\u00e9m permite fazer a escolha da data e perceber as transforma\u00e7\u00f5es ocorridas. O site foi fundado pelo professor de Hist\u00f3ria e Geografia Luis M\u00fazquiz, e tem como colaboradores o professor de Tecnologia Ang\u00e9li Samartino, o professor de matem\u00e1tica Antonio D\u00edaz, o doutor em cultura e linguagens Felipe Debasa e o engenheiro civil Javier M\u00fazquiz.<\/p>\n<p style=\"text-align: center;\"><a href=\"http:\/\/geacron.com\/home-en\/\" rel=\"noopener\">Clique aqui para acessar<\/a><\/p>\n<p style=\"text-align: left;\">______________________________________________________________<\/p>\n<h2>Biblioteca Digital USP<\/h2>\n<p style=\"text-align: justify;\">A Biblioteca Digital de Cartografia Hist\u00f3rica re\u00fane uma cole\u00e7\u00e3o de mapas impressos, e os disponibiliza em alta resolu\u00e7\u00e3o; foi desenvolvida pela equipe do Laborat\u00f3rio de Estudos de Cartografia Hist\u00f3rica (LECH), da C\u00e1tedra Jaime Cortes\u00e3o, Faculdade de Filosofia, Letras e Ci\u00eancias Humanas (FFLCH\/USP), sendo executada pelo Centro de Inform\u00e1tica de S\u00e3o Carlos (CISC\/USP), com apoio da FAPESP (Projeto Tem\u00e1tico Dimens\u00f5es do Imp\u00e9rio Portugu\u00eas). \u00c9 utilizada por historiadores e pesquisadores, bem como pelo p\u00fablico em geral.<\/p>\n<p style=\"text-align: center;\"><a href=\"http:\/\/www.cartografiahistorica.usp.br\/\" rel=\"noopener\">Clique aqui para acessar<\/a><\/p>\n<p style=\"text-align: center;\">______________________________________________________________<\/p>\n<h2>Wikimapia<\/h2>\n<p style=\"text-align: justify;\">O Wikimapia \u00e9 uma plataforma de mapeamento colaborativo, em que \u00e9 poss\u00edvel adicionar localiza\u00e7\u00f5es de forma gratuita e p\u00fablica. A ideia \u00e9 apontar e denominar locais em mapas de forma distribu\u00edda, aberto \u00e0 atualiza\u00e7\u00e3o de todos. O projeto mostra fotos a\u00e9reas de todos os lugares do mundo, uma vez que utiliza as imagens disponibilizadas pelo Google Earth. A diferen\u00e7a \u00e9 que o Wikimapia possui a ferramenta de edi\u00e7\u00e3o do mapa, na qual \u00e9 poss\u00edvel marcar pontos tur\u00edsticos, hist\u00f3ricos e at\u00e9 mesmo a sua casa. Dessa forma, a plataforma serve para fazer uma mapeamento geral, e permitir que qualquer pessoa consiga mapear e pesquisar lugares.<\/p>\n<p style=\"text-align: center;\"><a href=\"https:\/\/wikimapia.org\/country\/\" rel=\"noopener\">Clique aqui para acessar<\/a><\/p>\n<p>______________________________________________________________<\/p>\n<h2>Old Maps Online<\/h2>\n<p style=\"text-align: justify;\">O site disponibiliza mapas conhecidos de diversos lugares do mundo, e em diferentes anos, deve-se colocar o nome do local (em qualquer idioma, mas preferencialmente no nativo da regi\u00e3o pesquisada) e ent\u00e3o aparecer\u00e1 um mapa deste. N\u00e3o \u00e9 necess\u00e1rio que seja um pa\u00eds, ou cidade, pode ser uma rua ou bairro, e aparecer\u00e1 sugest\u00f5es na lateral do site de mapas relacionados ao da pesquisa.<\/p>\n<p style=\"text-align: center;\"><a href=\"https:\/\/www.oldmapsonline.org\/\" rel=\"noopener\">Clique aqui para acessar<\/a><\/p>\n<p>______________________________________________________________<\/p>\n<h2>Atlas Hist\u00f3rico do Brasil<\/h2>\n<p style=\"text-align: justify;\">Produzido em uma parceria entre Bernardo Joffily, Mariana Joffily, uma equipe de pesquisadores, t\u00e9cnicos e assistentes do CPDOC e os bolsistas Andr\u00e9 Zuzarte, C\u00edntia Carli, Matias L\u00f3pez, Mateus Donato e Monique Lirgi\u00ea Pinheiro Ferreira, o projeto surgiu da ideia de oferecer aos professores de hist\u00f3ria uma vers\u00e3o das imagens do Atlas original que pudesse ser utilizada como instrumento de ensino em sala de aula. O site possui mapas do Brasil e do mundo desde antes da coloniza\u00e7\u00e3o, at\u00e9 a o per\u00edodo da Nova Rep\u00fablica, importante ressaltar que s\u00e3o as vers\u00f5es modernizadas desses mapas e n\u00e3o as confeccionadas originalmente.<\/p>\n<p style=\"text-align: center;\"><a href=\"https:\/\/atlas.fgv.br\" rel=\"noopener\">Clique aqui para acessar<\/a><\/p>\n<p>______________________________________________________________<!--nextpage--><\/p>\n<h2>Euratlas<\/h2>\n<p style=\"text-align: justify;\">A Euratlas \u00e9 uma ferramenta de pesquisa e uma biblioteca digital. Possui uma cole\u00e7\u00e3o de mapas hist\u00f3ricos da Europa, desde 1 d.C at\u00e9 2000 d.C que apresenta a evolu\u00e7\u00e3o de cada pa\u00eds at\u00e9 os tempos atuais, os mapas selecionados possuem informa\u00e7\u00f5es pr\u00e1ticas fornecidas, como nomes de lugares, estradas, etc. Ainda h\u00e1 uma sess\u00e3o de fotos que oferece mais de 2.000 fotos de cidades, marcos e paisagens. A Euratlas \u00e9 uma empresa de humanidades digitais e um software de pesquisa acad\u00eamica utilizado na \u00e1rea de Cartografia Hist\u00f3rica. \u00c9 conhecido entre as universidades americanas e europeias, e o principal idioma presente no site \u00e9 o franc\u00eas<\/p>\n<p style=\"text-align: center;\"><a href=\"https:\/\/www.euratlas.com\/\" rel=\"noopener\">Clique aqui para acessar<\/a><\/p>\n<p>______________________________________________________________<\/p>\n<h2>Pa\u00edses<\/h2>\n<p style=\"text-align: justify;\">O site agrega dados de v\u00e1rias fontes oficiais sobre 193 pa\u00edses reconhecidos pela ONU. Divididos em seis temas (Economia, Indicadores Sociais, Meio Ambiente, Popula\u00e7\u00e3o, Redes e Sa\u00fade). De f\u00e1cil uso, o mapa apresenta primeiramente uma imagem mundial, e ao selecionar um pa\u00eds espec\u00edfico o usu\u00e1rio pode observar diversas informa\u00e7\u00f5es sobre esse, disponibilizadas em tr\u00eas idiomas, portugu\u00eas, ingl\u00eas e espanhol.<\/p>\n<p style=\"text-align: center;\"><a href=\"https:\/\/paises.ibge.gov.br\/#\/\" rel=\"noopener\">Clique aqui para acessar<\/a><\/p>\n<p>______________________________________________________________<\/p>\n<h2>OpenStreetMaps<\/h2>\n<p style=\"text-align: justify;\">Acess\u00edvel apenas ap\u00f3s um cadastro na plataforma, o site disponibiliza colabora\u00e7\u00f5es de fotos e informa\u00e7\u00f5es dos seus usu\u00e1rios para o aperfei\u00e7oamento da experi\u00eancia, embora s\u00f3 possua um acervo atual de localidades, ele \u00e9 muito \u00fatil para aulas de geografia com o tema de latitude e longitude, pois permite localizar as regi\u00f5es apenas com suas coordenadas.<\/p>\n<p style=\"text-align: center;\"><a href=\"https:\/\/www.openstreetmap.org\/\" rel=\"noopener\">Clique aqui para acessar<\/a><\/p>\n<p>______________________________________________________________<\/p>\n<h2>Hystorypin<\/h2>\n<p style=\"text-align: justify;\">Desenvolvido por equipes de Nova Orleans, Londres e designers da empresa Shift, o site possui cole\u00e7\u00f5es de mapas modernos, onde \u00e9 poss\u00edvel visualizar eventos hist\u00f3ricos que ocorreram nessas localidades. Atualmente a maior parte das regi\u00f5es mapeadas est\u00e3o nos Estados Unidos e Inglaterra, mas o site est\u00e1 em constante expans\u00e3o.<\/p>\n<p style=\"text-align: center;\"><a href=\"https:\/\/www.historypin.org\/en\/\" rel=\"noopener\">Clique aqui para acessar<\/a><\/p>\n<p>______________________________________________________________<\/p>\n<h2>Mapbox<\/h2>\n<p style=\"text-align: justify;\">Com um manuseio mais complicado do que os outros exemplos citados anteriormente, esse site \u00e9 especificamente para o tra\u00e7amento de mapas atuais existentes, como fazer rotas de ruas, demarcar bairros, etc. Al\u00e9m disso, por mais que seja gratuito, \u00e9 obrigat\u00f3rio criar uma conta para que se possa acessar as ferramentas disponibilizadas.<\/p>\n<p style=\"text-align: center;\"><a href=\"https:\/\/www.mapbox.com\/\" rel=\"noopener\">Clique aqui para acessar<\/a><\/p>\n<p>______________________________________________________________<\/p>\n","protected":false},"excerpt":{"rendered":"<p>Os materiais did\u00e1ticos que seguem foram pesquisados e organizados pelos estudantes vinculados ao PIBID &#8211; Hist\u00f3ria\/UFPel, edi\u00e7\u00e3o 2020: Geacron O site disponibiliza um passeio pela hist\u00f3ria atrav\u00e9s do tempo, focando nas transforma\u00e7\u00f5es territoriais desde 3.000 a.c., \u00e9 s\u00f3 escolher o &hellip; <a href=\"https:\/\/wp.ufpel.edu.br\/leh\/sites-de-para-mapas\/\">Continue lendo <span class=\"meta-nav\">&rarr;<\/span><\/a><\/p>\n","protected":false},"author":778,"featured_media":0,"parent":0,"menu_order":0,"comment_status":"closed","ping_status":"closed","template":"","meta":{"footnotes":""},"class_list":["post-1630","page","type-page","status-publish","hentry"],"_links":{"self":[{"href":"https:\/\/wp.ufpel.edu.br\/leh\/wp-json\/wp\/v2\/pages\/1630","targetHints":{"allow":["GET"]}}],"collection":[{"href":"https:\/\/wp.ufpel.edu.br\/leh\/wp-json\/wp\/v2\/pages"}],"about":[{"href":"https:\/\/wp.ufpel.edu.br\/leh\/wp-json\/wp\/v2\/types\/page"}],"author":[{"embeddable":true,"href":"https:\/\/wp.ufpel.edu.br\/leh\/wp-json\/wp\/v2\/users\/778"}],"replies":[{"embeddable":true,"href":"https:\/\/wp.ufpel.edu.br\/leh\/wp-json\/wp\/v2\/comments?post=1630"}],"version-history":[{"count":5,"href":"https:\/\/wp.ufpel.edu.br\/leh\/wp-json\/wp\/v2\/pages\/1630\/revisions"}],"predecessor-version":[{"id":1712,"href":"https:\/\/wp.ufpel.edu.br\/leh\/wp-json\/wp\/v2\/pages\/1630\/revisions\/1712"}],"wp:attachment":[{"href":"https:\/\/wp.ufpel.edu.br\/leh\/wp-json\/wp\/v2\/media?parent=1630"}],"curies":[{"name":"wp","href":"https:\/\/api.w.org\/{rel}","templated":true}]}}