{"id":1375,"date":"2021-07-30T17:24:40","date_gmt":"2021-07-30T20:24:40","guid":{"rendered":"https:\/\/wp.ufpel.edu.br\/leh\/?page_id=1375"},"modified":"2021-08-23T11:10:00","modified_gmt":"2021-08-23T14:10:00","slug":"educacao-patrimonial-2","status":"publish","type":"page","link":"https:\/\/wp.ufpel.edu.br\/leh\/educacao-patrimonial-2\/","title":{"rendered":"Educa\u00e7\u00e3o Patrimonial"},"content":{"rendered":"<p style=\"text-align: justify\"><span style=\"font-family: times new roman, times, serif;font-size: 14pt\">No site do IPHAN h\u00e1 acervos, v\u00eddeos e publica\u00e7\u00f5es sobre Patrim\u00f4nio e, especificamente, sobre Educa\u00e7\u00e3o Patrimonial. A aba voltada \u00e0 tem\u00e1tica, indica a\u00e7\u00f5es, projetos, textos e artigos.<\/span><\/p>\n<p style=\"text-align: center\"><span style=\"font-family: times new roman, times, serif;font-size: 14pt\"><a href=\"http:\/\/portal.iphan.gov.br\">Clique aqui<\/a><\/span><\/p>\n<hr \/>\n<p style=\"text-align: justify\"><span style=\"font-family: times new roman, times, serif;font-size: 14pt\">O Portal do Professor, do Minist\u00e9rio da Educa\u00e7\u00e3o, disponibiliza aulas para download sobre Educa\u00e7\u00e3o Patrimonial nas escolas que, inclusive, indicam leituras, filmes e sites de interesse.<\/span><\/p>\n<p style=\"text-align: center\"><span style=\"font-family: times new roman, times, serif;font-size: 14pt\"><a href=\"http:\/\/portaldoprofessor.mec.gov.br\/fichaTecnicaAula.html?aula=40633\">Clique aqui<\/a><\/span><\/p>\n<hr \/>\n<p style=\"text-align: justify\"><span style=\"font-family: times new roman, times, serif;font-size: 14pt\">A UNESCO, Organiza\u00e7\u00e3o para a Educa\u00e7\u00e3o, a Ci\u00eancia e a Cultura, \u00e9 uma organiza\u00e7\u00e3o das Na\u00e7\u00f5es Unidas que busca promover a paz mundial por meio da educa\u00e7\u00e3o, cultura e ci\u00eancia. No site da institui\u00e7\u00e3o \u00e9 poss\u00edvel encontrar documentos, livros, edi\u00e7\u00f5es peri\u00f3dicas, guias, manuais, materiais de Confer\u00eancias, documentos, entre outros, que abarcam o assunto.<\/span><\/p>\n<p style=\"text-align: center\"><span style=\"font-family: times new roman, times, serif;font-size: 14pt\"><a href=\"https:\/\/unesdoc.unesco.org\">Clique aqui<\/a><\/span><\/p>\n<hr \/>\n<p style=\"text-align: justify\"><span style=\"font-family: times new roman, times, serif;font-size: 14pt\">Neste site voc\u00ea encontrar\u00e1 Planos de Aula acerca do Patrim\u00f4nio Hist\u00f3rico e culturais locais. L\u00e1, disponibilizam materiais para trabalhar m\u00faltiplas habilidades, como identificar os patrim\u00f4nios hist\u00f3ricos e culturais de sua cidade ou regi\u00e3o e discutir as raz\u00f5es culturais, sociais e pol\u00edticas para que assim sejam considerados.<\/span><\/p>\n<p style=\"text-align: center\"><span style=\"font-family: times new roman, times, serif;font-size: 14pt\">\u00a0<a href=\"https:\/\/novaescola.org.br\/plano-de-aula\/sequencia\/patrimonios-historicos-e-culturais-locais\/767\">Clique aqui<\/a><\/span><\/p>\n<hr \/>\n<p style=\"text-align: justify\"><span style=\"font-family: times new roman, times, serif;font-size: 14pt\">Este endere\u00e7o hospeda o Artigo \u201cEduca\u00e7\u00e3o Patrimonial e a Interdisciplinaridade em sala de Aula: um estudo de caso\u201d, dos autores Andr\u00e9 Luis Ramos Soares e Sergio C\u00e9lio Klamt. O objetivo \u00e9 demonstrar as possibilidades da Educa\u00e7\u00e3o Patrimonial (EP) para o ensino de diversas disciplinas a partir de uma \u00f3tica interdisciplinar. Atrav\u00e9s de uma metodologia espec\u00edfica, o objeto cultural se torna um ponto de partida do processo de ensino-aprendizagem que capacita para conhecer, usar, desfrutar, recriar e transformar o patrim\u00f4nio cultural. Procura incentivar o uso dos objetos, locais, monumentos e pr\u00e9dios hist\u00f3ricos para realizar o Ensino de Hist\u00f3ria, junto a outras disciplinas, ao mesmo tempo em que valorizar o patrim\u00f4nio local para forma\u00e7\u00e3o da identidade e da cidadania.<\/span><\/p>\n<p style=\"text-align: center\"><span style=\"font-family: times new roman, times, serif;font-size: 14pt\"><a href=\"http:\/\/jararaca.ufsm.br\/websites\/nep\/download\/TExtos\/nep3.pdf\">Clique aqui<\/a><\/span><\/p>\n<hr \/>\n<p style=\"text-align: justify\"><span style=\"font-family: times new roman, times, serif;font-size: 14pt\">Na Revista do Instituto de Ci\u00eancias Humanas e da Informa\u00e7\u00e3o da FURG, h\u00e1 o artigo \u201cA Educa\u00e7\u00e3o Patrimonial no Ensino de Hist\u00f3ria\u201d, de Cl\u00e1udia Adriana Rocha Teixeira. Nele, a autora tem o intuito de expor a import\u00e2ncia da Educa\u00e7\u00e3o Patrimonial no ambiente escolar, dando \u00eanfase ao Ensino de Hist\u00f3ria e chamando a aten\u00e7\u00e3o como causa a degrada\u00e7\u00e3o e a desvaloriza\u00e7\u00e3o do patrim\u00f4nio cultural, entre outras raz\u00f5es, a falta de pr\u00e1ticas educativas.<\/span><\/p>\n<p style=\"text-align: center\"><span style=\"font-family: times new roman, times, serif;font-size: 14pt\"><a href=\"https:\/\/periodicos.furg.br\/biblos\/article\/view\/868\">Clique aqui<\/a><\/span><\/p>\n<hr \/>\n<p style=\"text-align: justify\"><span style=\"font-family: times new roman, times, serif;font-size: 14pt\">Na Revista Hist\u00f3ria Hoje, Revista de Hist\u00f3ria e Ensino da ANPUH, h\u00e1 o artigo \u201cEduca\u00e7\u00e3o Patrimonial e Ensino de Hist\u00f3ria nas \u00e1reas metropolitanas,\u201d de Luc\u00edlia Santos Siqueira. Nele, Luc\u00edlia reflete sobre como o Ensino de Hist\u00f3ria pode qualificar as atividades educativas do campo do patrim\u00f4nio cultural e como este, por sua vez, pode colaborar para aprimorar o entendimento de certos conte\u00fados de hist\u00f3ria.<\/span><\/p>\n<p style=\"text-align: center\"><a href=\"https:\/\/rhhj.anpuh.org\/RHHJ\/article\/view\/362\"><span style=\"font-family: times new roman, times, serif;font-size: 14pt\">Clique aqui<\/span><\/a><\/p>\n<hr \/>\n<p style=\"text-align: justify\">\n","protected":false},"excerpt":{"rendered":"<p>No site do IPHAN h\u00e1 acervos, v\u00eddeos e publica\u00e7\u00f5es sobre Patrim\u00f4nio e, especificamente, sobre Educa\u00e7\u00e3o Patrimonial. A aba voltada \u00e0 tem\u00e1tica, indica a\u00e7\u00f5es, projetos, textos e artigos. Clique aqui O Portal do Professor, do Minist\u00e9rio da Educa\u00e7\u00e3o, disponibiliza aulas para &hellip; <a href=\"https:\/\/wp.ufpel.edu.br\/leh\/educacao-patrimonial-2\/\">Continue lendo <span class=\"meta-nav\">&rarr;<\/span><\/a><\/p>\n","protected":false},"author":778,"featured_media":0,"parent":0,"menu_order":0,"comment_status":"closed","ping_status":"closed","template":"","meta":{"footnotes":""},"class_list":["post-1375","page","type-page","status-publish","hentry"],"_links":{"self":[{"href":"https:\/\/wp.ufpel.edu.br\/leh\/wp-json\/wp\/v2\/pages\/1375","targetHints":{"allow":["GET"]}}],"collection":[{"href":"https:\/\/wp.ufpel.edu.br\/leh\/wp-json\/wp\/v2\/pages"}],"about":[{"href":"https:\/\/wp.ufpel.edu.br\/leh\/wp-json\/wp\/v2\/types\/page"}],"author":[{"embeddable":true,"href":"https:\/\/wp.ufpel.edu.br\/leh\/wp-json\/wp\/v2\/users\/778"}],"replies":[{"embeddable":true,"href":"https:\/\/wp.ufpel.edu.br\/leh\/wp-json\/wp\/v2\/comments?post=1375"}],"version-history":[{"count":4,"href":"https:\/\/wp.ufpel.edu.br\/leh\/wp-json\/wp\/v2\/pages\/1375\/revisions"}],"predecessor-version":[{"id":1412,"href":"https:\/\/wp.ufpel.edu.br\/leh\/wp-json\/wp\/v2\/pages\/1375\/revisions\/1412"}],"wp:attachment":[{"href":"https:\/\/wp.ufpel.edu.br\/leh\/wp-json\/wp\/v2\/media?parent=1375"}],"curies":[{"name":"wp","href":"https:\/\/api.w.org\/{rel}","templated":true}]}}

Educação Patrimonial

<p style="text-align: justify"><span style="font-family: times new roman, times, serif;font-size: 14pt">No site do IPHAN há acervos, vídeos e publicações sobre Patrimônio e, especificamente, sobre Educação Patrimonial. A aba voltada à temática, indica ações, projetos, textos e artigos.</span></p>
<p style="text-align: center"><span style="font-family: times new roman, times, serif;font-size: 14pt"><a href="http://portal.iphan.gov.br">Clique aqui</a></span></p>
<hr />
<p style="text-align: justify"><span style="font-family: times new roman, times, serif;font-size: 14pt">O Portal do Professor, do Ministério da Educação, disponibiliza aulas para download sobre Educação Patrimonial nas escolas que, inclusive, indicam leituras, filmes e sites de interesse.</span></p>
<p style="text-align: center"><span style="font-family: times new roman, times, serif;font-size: 14pt"><a href="http://portaldoprofessor.mec.gov.br/fichaTecnicaAula.html?aula=40633">Clique aqui</a></span></p>
<hr />
<p style="text-align: justify"><span style="font-family: times new roman, times, serif;font-size: 14pt">A UNESCO, Organização para a Educação, a Ciência e a Cultura, é uma organização das Nações Unidas que busca promover a paz mundial por meio da educação, cultura e ciência. No site da instituição é possível encontrar documentos, livros, edições periódicas, guias, manuais, materiais de Conferências, documentos, entre outros, que abarcam o assunto.</span></p>
<p style="text-align: center"><span style="font-family: times new roman, times, serif;font-size: 14pt"><a href="https://unesdoc.unesco.org">Clique aqui</a></span></p>
<hr />
<p style="text-align: justify"><span style="font-family: times new roman, times, serif;font-size: 14pt">Neste site você encontrará Planos de Aula acerca do Patrimônio Histórico e culturais locais. Lá, disponibilizam materiais para trabalhar múltiplas habilidades, como identificar os patrimônios históricos e culturais de sua cidade ou região e discutir as razões culturais, sociais e políticas para que assim sejam considerados.</span></p>
<p style="text-align: center"><span style="font-family: times new roman, times, serif;font-size: 14pt"> <a href="https://novaescola.org.br/plano-de-aula/sequencia/patrimonios-historicos-e-culturais-locais/767">Clique aqui</a></span></p>
<hr />
<p style="text-align: justify"><span style="font-family: times new roman, times, serif;font-size: 14pt">Este endereço hospeda o Artigo “Educação Patrimonial e a Interdisciplinaridade em sala de Aula: um estudo de caso”, dos autores André Luis Ramos Soares e Sergio Célio Klamt. O objetivo é demonstrar as possibilidades da Educação Patrimonial (EP) para o ensino de diversas disciplinas a partir de uma ótica interdisciplinar. Através de uma metodologia específica, o objeto cultural se torna um ponto de partida do processo de ensino-aprendizagem que capacita para conhecer, usar, desfrutar, recriar e transformar o patrimônio cultural. Procura incentivar o uso dos objetos, locais, monumentos e prédios históricos para realizar o Ensino de História, junto a outras disciplinas, ao mesmo tempo em que valorizar o patrimônio local para formação da identidade e da cidadania.</span></p>
<p style="text-align: center"><span style="font-family: times new roman, times, serif;font-size: 14pt"><a href="http://jararaca.ufsm.br/websites/nep/download/TExtos/nep3.pdf">Clique aqui</a></span></p>
<hr />
<p style="text-align: justify"><span style="font-family: times new roman, times, serif;font-size: 14pt">Na Revista do Instituto de Ciências Humanas e da Informação da FURG, há o artigo “A Educação Patrimonial no Ensino de História”, de Cláudia Adriana Rocha Teixeira. Nele, a autora tem o intuito de expor a importância da Educação Patrimonial no ambiente escolar, dando ênfase ao Ensino de História e chamando a atenção como causa a degradação e a desvalorização do patrimônio cultural, entre outras razões, a falta de práticas educativas.</span></p>
<p style="text-align: center"><span style="font-family: times new roman, times, serif;font-size: 14pt"><a href="https://periodicos.furg.br/biblos/article/view/868">Clique aqui</a></span></p>
<hr />
<p style="text-align: justify"><span style="font-family: times new roman, times, serif;font-size: 14pt">Na Revista História Hoje, Revista de História e Ensino da ANPUH, há o artigo “Educação Patrimonial e Ensino de História nas áreas metropolitanas,” de Lucília Santos Siqueira. Nele, Lucília reflete sobre como o Ensino de História pode qualificar as atividades educativas do campo do patrimônio cultural e como este, por sua vez, pode colaborar para aprimorar o entendimento de certos conteúdos de história.</span></p>
<p style="text-align: center"><a href="https://rhhj.anpuh.org/RHHJ/article/view/362"><span style="font-family: times new roman, times, serif;font-size: 14pt">Clique aqui</span></a></p>
<hr />
<p style="text-align: justify">

<p>No site do IPHAN há acervos, vídeos e publicações sobre Patrimônio e, especificamente, sobre Educação Patrimonial. A aba voltada à temática, indica ações, projetos, textos e artigos. Clique aqui O Portal do Professor, do Ministério da Educação, disponibiliza aulas para &hellip; <a href="https://wp.ufpel.edu.br/leh/educacao-patrimonial-2/">Continue lendo <span class="meta-nav">&rarr;</span></a></p>
