{"id":1037,"date":"2020-09-10T14:50:54","date_gmt":"2020-09-10T17:50:54","guid":{"rendered":"https:\/\/wp.ufpel.edu.br\/leh\/?page_id=1037"},"modified":"2023-10-15T15:29:33","modified_gmt":"2023-10-15T18:29:33","slug":"colecoes","status":"publish","type":"page","link":"https:\/\/wp.ufpel.edu.br\/leh\/colecoes\/","title":{"rendered":"Cole\u00e7\u00f5es"},"content":{"rendered":"<p style=\"text-align: justify; padding-left: 40px;\"><span style=\"color: #000000;\"><strong>Acervos de Livros Did\u00e1ticos <\/strong><\/span><\/p>\n<p style=\"text-align: justify;\"><span style=\"color: #000000;\"><strong>\u00a0 \u00a0 \u00a0<\/strong><\/span><span style=\"color: #000000;\">O acervo dos livros did\u00e1ticos do LEH possui obras do s\u00e9culo XIX ao s\u00e9culo XXI direcionadas ao ensino de Hist\u00f3ria. As obras do acervo est\u00e3o organizadas em oito cole\u00e7\u00f5es:<\/span><\/p>\n<p>&nbsp;<\/p>\n<p style=\"padding-left: 40px;\"><span style=\"color: #000000;\"><strong>I) Livros did\u00e1ticos de Hist\u00f3ria publicados at\u00e9 1969<\/strong><\/span><\/p>\n<p style=\"text-align: justify; padding-left: 40px;\"><span style=\"color: #3366ff;\"><a style=\"color: #3366ff;\" href=\"https:\/\/wp.ufpel.edu.br\/leh\/files\/2023\/10\/Colecao_I_livros-didaticos-publicados_ate_1969_ACERVO_LEH_2023_1.xlsx\">Clique para acessar a Cole\u00e7\u00e3o I<\/a><\/span><\/p>\n<hr \/>\n<p style=\"padding-left: 40px;\"><span style=\"color: #000000;\"><strong>II) Livros did\u00e1ticos de Hist\u00f3ria publicados at\u00e9 2006<\/strong><\/span><\/p>\n<p style=\"text-align: justify; padding-left: 40px;\"><span style=\"color: #3366ff;\"><a style=\"color: #3366ff;\" href=\"https:\/\/wp.ufpel.edu.br\/leh\/files\/2023\/10\/colecao_II_livros_didaticos_publicados_entre_1970-2007.xlsx\">Clique para acessar a Cole\u00e7\u00e3o II<\/a><\/span><\/p>\n<hr \/>\n<p style=\"text-align: justify; padding-left: 40px;\"><span style=\"color: #000000;\"><strong>III) Livros did\u00e1ticos de Hist\u00f3ria Atuais<\/strong><\/span><\/p>\n<p style=\"text-align: justify; padding-left: 40px;\"><span style=\"color: #3366ff;\"><a style=\"color: #3366ff;\" href=\"https:\/\/wp.ufpel.edu.br\/leh\/files\/2023\/10\/Colecao-III-livros-didaticos-atuais.xlsx\">Clique para acessar a Cole\u00e7\u00e3o III<\/a><\/span><\/p>\n<hr \/>\n<p style=\"padding-left: 40px;\"><span style=\"color: #000000;\"><strong>IV) Livros did\u00e1ticos de Hist\u00f3ria Anos Iniciais<\/strong><\/span><\/p>\n<p style=\"text-align: justify; padding-left: 40px;\"><span style=\"color: #3366ff;\"><a style=\"color: #3366ff;\" href=\"https:\/\/wp.ufpel.edu.br\/leh\/files\/2023\/10\/Colecao-IV-livros-didaticos-das-series-iniciais.xlsx\">Clique para acessar a Cole\u00e7\u00e3o IV<\/a><\/span><\/p>\n<hr \/>\n<p style=\"padding-left: 40px;\"><span style=\"color: #000000;\"><strong>V) Cadernos de atividades e Manuais do professor<\/strong><\/span><\/p>\n<p style=\"text-align: justify; padding-left: 40px;\"><span style=\"color: #3366ff;\"><a style=\"color: #3366ff;\" href=\"https:\/\/wp.ufpel.edu.br\/leh\/files\/2023\/10\/Colecao-V-Cadernos-de-Atividades-e-Manuais-do-Professor_.xlsx\">Clique para acessar a Cole\u00e7\u00e3o V<\/a><\/span><\/p>\n<hr \/>\n<p style=\"padding-left: 40px;\"><span style=\"color: #000000;\"><strong>VI) Forma\u00e7\u00e3o de Professores<\/strong><\/span><\/p>\n<p style=\"text-align: justify; padding-left: 40px;\"><span style=\"color: #3366ff;\"><a style=\"color: #3366ff;\" href=\"https:\/\/wp.ufpel.edu.br\/leh\/files\/2023\/10\/Colecao_VI_Formacao-de-Professores_ACERVO_LEH_2023_1.xlsx\">Clique para acessar a Cole\u00e7\u00e3o VI<\/a><\/span><\/p>\n<hr \/>\n<p style=\"text-align: justify; padding-left: 40px;\"><span style=\"color: #000000;\"><strong>VII) Livros de Geografia<\/strong><\/span><\/p>\n<p style=\"text-align: justify; padding-left: 40px;\"><span style=\"color: #3366ff;\"><a style=\"color: #3366ff;\" href=\"https:\/\/wp.ufpel.edu.br\/leh\/files\/2023\/10\/Colecao-VII-Livros-de-Geografia_.xlsx\">Clique para acessar a Cole\u00e7\u00e3o VII<\/a><\/span><\/p>\n<hr \/>\n<p style=\"text-align: justify; padding-left: 40px;\"><span style=\"color: #000000;\"><strong>VIII) Livros de Leitura<\/strong><\/span><\/p>\n<p style=\"text-align: justify; padding-left: 40px;\"><span style=\"color: #3366ff;\"><a style=\"color: #3366ff;\" href=\"https:\/\/wp.ufpel.edu.br\/leh\/files\/2023\/10\/Colecao-VIII-Livros-de-Leitura_.xlsx\">Clique para acessar a Cole\u00e7\u00e3o VIII<\/a><\/span><\/p>\n<hr \/>\n<p style=\"text-align: justify; padding-left: 40px;\"><span style=\"color: #000000;\">O recorte temporal que define as cole\u00e7\u00f5es tem como principal objetivo a organiza\u00e7\u00e3o e cataloga\u00e7\u00e3o do acervo.<\/span><\/p>\n","protected":false},"excerpt":{"rendered":"<p>Acervos de Livros Did\u00e1ticos \u00a0 \u00a0 \u00a0O acervo dos livros did\u00e1ticos do LEH possui obras do s\u00e9culo XIX ao s\u00e9culo XXI direcionadas ao ensino de Hist\u00f3ria. As obras do acervo est\u00e3o organizadas em oito cole\u00e7\u00f5es: &nbsp; I) Livros did\u00e1ticos de &hellip; <a href=\"https:\/\/wp.ufpel.edu.br\/leh\/colecoes\/\">Continue lendo <span class=\"meta-nav\">&rarr;<\/span><\/a><\/p>\n","protected":false},"author":778,"featured_media":0,"parent":0,"menu_order":0,"comment_status":"closed","ping_status":"closed","template":"","meta":{"footnotes":""},"class_list":["post-1037","page","type-page","status-publish","hentry"],"_links":{"self":[{"href":"https:\/\/wp.ufpel.edu.br\/leh\/wp-json\/wp\/v2\/pages\/1037","targetHints":{"allow":["GET"]}}],"collection":[{"href":"https:\/\/wp.ufpel.edu.br\/leh\/wp-json\/wp\/v2\/pages"}],"about":[{"href":"https:\/\/wp.ufpel.edu.br\/leh\/wp-json\/wp\/v2\/types\/page"}],"author":[{"embeddable":true,"href":"https:\/\/wp.ufpel.edu.br\/leh\/wp-json\/wp\/v2\/users\/778"}],"replies":[{"embeddable":true,"href":"https:\/\/wp.ufpel.edu.br\/leh\/wp-json\/wp\/v2\/comments?post=1037"}],"version-history":[{"count":22,"href":"https:\/\/wp.ufpel.edu.br\/leh\/wp-json\/wp\/v2\/pages\/1037\/revisions"}],"predecessor-version":[{"id":2387,"href":"https:\/\/wp.ufpel.edu.br\/leh\/wp-json\/wp\/v2\/pages\/1037\/revisions\/2387"}],"wp:attachment":[{"href":"https:\/\/wp.ufpel.edu.br\/leh\/wp-json\/wp\/v2\/media?parent=1037"}],"curies":[{"name":"wp","href":"https:\/\/api.w.org\/{rel}","templated":true}]}}