{"id":6,"date":"2015-12-25T16:14:43","date_gmt":"2015-12-25T18:14:43","guid":{"rendered":"https:\/\/wp.ufpel.edu.br\/legin\/?page_id=6"},"modified":"2022-01-20T18:19:53","modified_gmt":"2022-01-20T21:19:53","slug":"projetos","status":"publish","type":"page","link":"https:\/\/wp.ufpel.edu.br\/legin\/projetos\/","title":{"rendered":"Projetos"},"content":{"rendered":"<p><strong>Projetos de Pesquisa<\/strong><\/p>\n<p>1) Estrat\u00e9gias de coexist\u00eancia e utiliza\u00e7\u00e3o de recursos tr\u00f3ficos por d\u00edpteros (Insecta)<\/p>\n<p>2) Influ\u00eancia do est\u00e1gio de decomposi\u00e7\u00e3o e da longevidade dos corpos de frutifica\u00e7\u00e3o de fungos macrosc\u00f3picos em assembl\u00e9ias de drosofil\u00eddeos mic\u00f3fagos (Diptera, Insecta): efeito da previsibilidade temporal e espacial<\/p>\n<p>3) Intera\u00e7\u00f5es tritr\u00f3ficas entre moscas-das-frutas (Diptera, Tephritidae), seus hospedeiros e inimigos naturais (Hymenoptera) em regi\u00f5es produtoras de frut\u00edferas de clima temperado do Rio Grande do Sul e no Uruguai<\/p>\n<p>4) Diversidade de Drosophilidae (Insecta, Diptera) nos Biomas Pampa e Mata Atl\u00e2ntica do Sul do Brasil<\/p>\n<p>5) Evolu\u00e7\u00e3o do nicho de drosofil\u00eddeos mic\u00f3fagos Neotropicais (Diptera, Drosophilidae)<\/p>\n<p>&nbsp;<\/p>\n<p>&nbsp;<\/p>\n","protected":false},"excerpt":{"rendered":"<p>Projetos de Pesquisa 1) Estrat\u00e9gias de coexist\u00eancia e utiliza\u00e7\u00e3o de recursos tr\u00f3ficos por d\u00edpteros (Insecta) 2) Influ\u00eancia do est\u00e1gio de decomposi\u00e7\u00e3o e da longevidade dos corpos de frutifica\u00e7\u00e3o de fungos macrosc\u00f3picos em assembl\u00e9ias de drosofil\u00eddeos mic\u00f3fagos (Diptera, Insecta): efeito da previsibilidade temporal e espacial 3) Intera\u00e7\u00f5es tritr\u00f3ficas entre moscas-das-frutas (Diptera, Tephritidae), seus hospedeiros e inimigos &hellip; <a href=\"https:\/\/wp.ufpel.edu.br\/legin\/projetos\/\" class=\"more-link\">Continuar lendo <span class=\"screen-reader-text\">Projetos<\/span><\/a><\/p>\n","protected":false},"author":603,"featured_media":0,"parent":0,"menu_order":0,"comment_status":"closed","ping_status":"closed","template":"","meta":{"footnotes":""},"class_list":["post-6","page","type-page","status-publish","hentry"],"jetpack_sharing_enabled":true,"_links":{"self":[{"href":"https:\/\/wp.ufpel.edu.br\/legin\/wp-json\/wp\/v2\/pages\/6","targetHints":{"allow":["GET"]}}],"collection":[{"href":"https:\/\/wp.ufpel.edu.br\/legin\/wp-json\/wp\/v2\/pages"}],"about":[{"href":"https:\/\/wp.ufpel.edu.br\/legin\/wp-json\/wp\/v2\/types\/page"}],"author":[{"embeddable":true,"href":"https:\/\/wp.ufpel.edu.br\/legin\/wp-json\/wp\/v2\/users\/603"}],"replies":[{"embeddable":true,"href":"https:\/\/wp.ufpel.edu.br\/legin\/wp-json\/wp\/v2\/comments?post=6"}],"version-history":[{"count":4,"href":"https:\/\/wp.ufpel.edu.br\/legin\/wp-json\/wp\/v2\/pages\/6\/revisions"}],"predecessor-version":[{"id":239,"href":"https:\/\/wp.ufpel.edu.br\/legin\/wp-json\/wp\/v2\/pages\/6\/revisions\/239"}],"wp:attachment":[{"href":"https:\/\/wp.ufpel.edu.br\/legin\/wp-json\/wp\/v2\/media?parent=6"}],"curies":[{"name":"wp","href":"https:\/\/api.w.org\/{rel}","templated":true}]}}