{"id":217,"date":"2017-03-28T16:36:22","date_gmt":"2017-03-28T19:36:22","guid":{"rendered":"https:\/\/wp.ufpel.edu.br\/legadolaclau\/?page_id=217"},"modified":"2024-02-07T15:07:17","modified_gmt":"2024-02-07T18:07:17","slug":"eventos-anteriores","status":"publish","type":"page","link":"https:\/\/wp.ufpel.edu.br\/legadolaclau\/eventos-anteriores\/","title":{"rendered":"Anais"},"content":{"rendered":"<p><a href=\"https:\/\/wp.ufpel.edu.br\/legadolaclau\/pt\/eventos-anteriores\/anais-do-simposio-pos-estruturalismo-e-teoria-social\/\">Anais do <strong>I Simp\u00f3sio<\/strong> P\u00f3s-Estruturalismo e Teoria Social (2015)<\/a><\/p>\n<p><a href=\"https:\/\/wp.ufpel.edu.br\/legadolaclau\/pt\/eventos-anteriores\/anais-do-simposio-pos-estruturalismo-e-teoria-sociall\/\">Anais do <strong>II Simp\u00f3sio<\/strong> P\u00f3s-Estruturalismo e Teoria Social (2017)<\/a><\/p>\n<p><a href=\"https:\/\/wp.ufpel.edu.br\/legadolaclau\/pt\/eventos-anteriores\/anais-do-simposio-pos-estruturalismo-e-teria-social-2019\/\">Anais do <strong>III Simp\u00f3sio<\/strong> P\u00f3s-Estruturalismo e Teoria Social (2019)<\/a><\/p>\n<p><a href=\"https:\/\/wp.ufpel.edu.br\/legadolaclau\/pt\/eventos-anteriores\/anais-do-simposio-pos-estruturalismo-e-teoria-social-2022\/\">Anais do <strong>IV Simp\u00f3sio<\/strong> P\u00f3s-Estruturalismo e Teoria Social (2022)<\/a><\/p>\n","protected":false},"excerpt":{"rendered":"<p>Anais do I Simp\u00f3sio P\u00f3s-Estruturalismo e Teoria Social (2015) Anais do II Simp\u00f3sio P\u00f3s-Estruturalismo e Teoria Social (2017) Anais do III Simp\u00f3sio P\u00f3s-Estruturalismo e Teoria Social (2019) Anais do IV Simp\u00f3sio P\u00f3s-Estruturalismo e Teoria Social (2022)<\/p>\n","protected":false},"author":528,"featured_media":0,"parent":0,"menu_order":0,"comment_status":"closed","ping_status":"closed","template":"","meta":{"jetpack_post_was_ever_published":false,"footnotes":""},"class_list":["post-217","page","type-page","status-publish","hentry"],"jetpack_sharing_enabled":true,"jetpack_shortlink":"https:\/\/wp.me\/P8yPuk-3v","jetpack_likes_enabled":true,"publishpress_future_action":{"enabled":false,"date":"2026-04-24 07:22:30","action":"change-status","newStatus":"draft","terms":[],"taxonomy":"","extraData":[]},"publishpress_future_workflow_manual_trigger":{"enabledWorkflows":[]},"_links":{"self":[{"href":"https:\/\/wp.ufpel.edu.br\/legadolaclau\/wp-json\/wp\/v2\/pages\/217","targetHints":{"allow":["GET"]}}],"collection":[{"href":"https:\/\/wp.ufpel.edu.br\/legadolaclau\/wp-json\/wp\/v2\/pages"}],"about":[{"href":"https:\/\/wp.ufpel.edu.br\/legadolaclau\/wp-json\/wp\/v2\/types\/page"}],"author":[{"embeddable":true,"href":"https:\/\/wp.ufpel.edu.br\/legadolaclau\/wp-json\/wp\/v2\/users\/528"}],"replies":[{"embeddable":true,"href":"https:\/\/wp.ufpel.edu.br\/legadolaclau\/wp-json\/wp\/v2\/comments?post=217"}],"version-history":[{"count":4,"href":"https:\/\/wp.ufpel.edu.br\/legadolaclau\/wp-json\/wp\/v2\/pages\/217\/revisions"}],"predecessor-version":[{"id":2236,"href":"https:\/\/wp.ufpel.edu.br\/legadolaclau\/wp-json\/wp\/v2\/pages\/217\/revisions\/2236"}],"wp:attachment":[{"href":"https:\/\/wp.ufpel.edu.br\/legadolaclau\/wp-json\/wp\/v2\/media?parent=217"}],"curies":[{"name":"wp","href":"https:\/\/api.w.org\/{rel}","templated":true}]}}