{"id":1281,"date":"2019-06-20T14:36:21","date_gmt":"2019-06-20T17:36:21","guid":{"rendered":"https:\/\/wp.ufpel.edu.br\/legadolaclau\/?page_id=1281"},"modified":"2022-07-07T19:42:07","modified_gmt":"2022-07-07T22:42:07","slug":"gt-3-populismo-teorias-e-experiencias","status":"publish","type":"page","link":"https:\/\/wp.ufpel.edu.br\/legadolaclau\/eventos-anteriores\/anais-do-simposio-pos-estruturalismo-e-teria-social-2019\/sumario\/gt-3-populismo-teorias-e-experiencias\/","title":{"rendered":"GT 3 &#8211; Populismo: teorias e experi\u00eancias"},"content":{"rendered":"<div>\n<div>\n<p><strong>Coordena<span lang=\"PT-BR\">\u00e7\u00e3o<\/span>: Daniel de Mendonc\u0327a <span lang=\"PT-BR\">(<\/span>UFPel<span lang=\"PT-BR\">), <\/span>Lui\u0301s Gustavo Teixeira da Silva <span lang=\"PT-BR\">(UFPel) e <\/span>Mayra Goulart <span lang=\"PT-BR\">(<\/span>UFRRJ<span lang=\"PT-BR\">).<\/span><\/strong><\/p>\n<\/div>\n<\/div>\n<p>Mayra Goulart da Silva; Luan Guedes<br \/>\nPopulismo, presidencialismo de coaliz\u00e3o e os desafios da conjuntura brasileira: teoria pol\u00edtica e institucionalismo na an\u00e1lise do fen\u00f4meno Jair Bolsonaro\u00a0<a href=\"https:\/\/wp.ufpel.edu.br\/legadolaclau\/pt\/eventos-anteriores\/anais-do-simposio-pos-estruturalismo-e-teria-social-2019\/sumario\/gt-3-populismo-teorias-e-experiencias\/artigo-da-silva-e-guedes\/\" rel=\"attachment wp-att-1341\">PDF<\/a><\/p>\n<p>Lu\u00eds Gustavo Teixeira da Silva; Let\u00edcia Baron<br \/>\nA no\u00e7\u00e3o de representa\u00e7\u00e3o pol\u00edtica em Ernesto Laclau <a href=\"https:\/\/wp.ufpel.edu.br\/legadolaclau\/pt\/eventos-anteriores\/anais-do-simposio-pos-estruturalismo-e-teria-social-2019\/sumario\/gt-3-populismo-teorias-e-experiencias\/artigo-silva-e-baron\/\" rel=\"attachment wp-att-1342\">PDF<\/a><\/p>\n<p>Paulo Roberto Elias de Souza; Claudio Luis de Camargo Penteado<br \/>\nNotas sobre a estrat\u00e9gia populista do \u201cPodemos\u201d da Espanha: caminhos para a constru\u00e7\u00e3o do \u201cpovo\u201d e a radicaliza\u00e7\u00e3o democr\u00e1tica na Sociedade da Informa\u00e7\u00e3o\u00a0<a href=\"https:\/\/wp.ufpel.edu.br\/legadolaclau\/pt\/eventos-anteriores\/anais-do-simposio-pos-estruturalismo-e-teria-social-2019\/sumario\/gt-3-populismo-teorias-e-experiencias\/artigo-souza-e-penteado\/\" rel=\"attachment wp-att-1343\">PDF<\/a><\/p>\n<p>Larissa Russo Gon\u00e7alves<br \/>\nA constru\u00e7\u00e3o do povo: an\u00e1lise dos discursos do Ciudadanos e do Podemos (2016-2018)\u00a0<a href=\"https:\/\/wp.ufpel.edu.br\/legadolaclau\/pt\/eventos-anteriores\/anais-do-simposio-pos-estruturalismo-e-teria-social-2019\/sumario\/gt-3-populismo-teorias-e-experiencias\/artigo-russo\/\" rel=\"attachment wp-att-1344\">PDF<\/a><\/p>\n<p>Laudic\u00e9ia Ara\u00fajo Santana<br \/>\nO transformismo do Partido dos Trabalhadores (PT) e a d\u00edvida p\u00fablica\u00a0<a href=\"https:\/\/wp.ufpel.edu.br\/legadolaclau\/pt\/eventos-anteriores\/anais-do-simposio-pos-estruturalismo-e-teria-social-2019\/sumario\/gt-3-populismo-teorias-e-experiencias\/artigo-araujo-santana-pdf\/\" rel=\"attachment wp-att-1345\">PDF<\/a><\/p>\n<p>Ricardo Neves Streich<br \/>\nAs estrat\u00e9gias eleitorais petistas nas elei\u00e7\u00f5es presidenciais de 2002 e 2006 \u00a0<a href=\"https:\/\/wp.ufpel.edu.br\/legadolaclau\/pt\/eventos-anteriores\/anais-do-simposio-pos-estruturalismo-e-teria-social-2019\/sumario\/gt-3-populismo-teorias-e-experiencias\/artigo-streich\/\" rel=\"attachment wp-att-1346\">PDF<\/a><\/p>\n<p>Giorgos Venizelos<br \/>\nPopulism(s) in Power: A framework of analysis &#8211; insights from the case of Syriza (2013 \u2013 2019) <a href=\"https:\/\/wp.ufpel.edu.br\/legadolaclau\/pt\/eventos-anteriores\/anais-do-simposio-pos-estruturalismo-e-teria-social-2019\/sumario\/gt-3-populismo-teorias-e-experiencias\/artigo-venizelos\/\" rel=\"attachment wp-att-1347\">PDF<\/a><\/p>\n","protected":false},"excerpt":{"rendered":"<p>Coordena\u00e7\u00e3o: Daniel de Mendonc\u0327a (UFPel), Lui\u0301s Gustavo Teixeira da Silva (UFPel) e Mayra Goulart (UFRRJ). Mayra Goulart da Silva; Luan Guedes Populismo, presidencialismo de coaliz\u00e3o e os desafios da conjuntura brasileira: teoria pol\u00edtica e institucionalismo na an\u00e1lise do fen\u00f4meno Jair Bolsonaro\u00a0PDF Lu\u00eds Gustavo Teixeira da Silva; Let\u00edcia Baron A no\u00e7\u00e3o de representa\u00e7\u00e3o pol\u00edtica em Ernesto &hellip; <a href=\"https:\/\/wp.ufpel.edu.br\/legadolaclau\/eventos-anteriores\/anais-do-simposio-pos-estruturalismo-e-teria-social-2019\/sumario\/gt-3-populismo-teorias-e-experiencias\/\" class=\"more-link\">Continue lendo <span class=\"screen-reader-text\">GT 3 &#8211; Populismo: teorias e experi\u00eancias<\/span> <span class=\"meta-nav\">&rarr;<\/span><\/a><\/p>\n","protected":false},"author":528,"featured_media":0,"parent":1269,"menu_order":0,"comment_status":"closed","ping_status":"closed","template":"","meta":{"jetpack_post_was_ever_published":false,"footnotes":""},"class_list":["post-1281","page","type-page","status-publish","hentry"],"jetpack_sharing_enabled":true,"jetpack_shortlink":"https:\/\/wp.me\/P8yPuk-kF","jetpack_likes_enabled":true,"publishpress_future_action":{"enabled":false,"date":"2026-04-23 12:23:29","action":"change-status","newStatus":"draft","terms":[],"taxonomy":"","extraData":[]},"publishpress_future_workflow_manual_trigger":{"enabledWorkflows":[]},"_links":{"self":[{"href":"https:\/\/wp.ufpel.edu.br\/legadolaclau\/wp-json\/wp\/v2\/pages\/1281","targetHints":{"allow":["GET"]}}],"collection":[{"href":"https:\/\/wp.ufpel.edu.br\/legadolaclau\/wp-json\/wp\/v2\/pages"}],"about":[{"href":"https:\/\/wp.ufpel.edu.br\/legadolaclau\/wp-json\/wp\/v2\/types\/page"}],"author":[{"embeddable":true,"href":"https:\/\/wp.ufpel.edu.br\/legadolaclau\/wp-json\/wp\/v2\/users\/528"}],"replies":[{"embeddable":true,"href":"https:\/\/wp.ufpel.edu.br\/legadolaclau\/wp-json\/wp\/v2\/comments?post=1281"}],"version-history":[{"count":7,"href":"https:\/\/wp.ufpel.edu.br\/legadolaclau\/wp-json\/wp\/v2\/pages\/1281\/revisions"}],"predecessor-version":[{"id":1838,"href":"https:\/\/wp.ufpel.edu.br\/legadolaclau\/wp-json\/wp\/v2\/pages\/1281\/revisions\/1838"}],"up":[{"embeddable":true,"href":"https:\/\/wp.ufpel.edu.br\/legadolaclau\/wp-json\/wp\/v2\/pages\/1269"}],"wp:attachment":[{"href":"https:\/\/wp.ufpel.edu.br\/legadolaclau\/wp-json\/wp\/v2\/media?parent=1281"}],"curies":[{"name":"wp","href":"https:\/\/api.w.org\/{rel}","templated":true}]}}