{"id":233,"date":"2021-10-07T11:18:10","date_gmt":"2021-10-07T14:18:10","guid":{"rendered":"https:\/\/wp.ufpel.edu.br\/lega\/?page_id=233"},"modified":"2025-07-15T23:35:18","modified_gmt":"2025-07-16T02:35:18","slug":"dicas-enem","status":"publish","type":"page","link":"https:\/\/wp.ufpel.edu.br\/lega\/blog-estagio-supervionado\/dicas-enem\/","title":{"rendered":"Dicas &#8211; ENEM"},"content":{"rendered":"<h2>Sauda\u00e7\u00f5es Geogr\u00e1ficas!<\/h2>\n<p>&nbsp;<\/p>\n<p style=\"text-align: justify;\"><span style=\"font-size: 14pt;\">Nessa &#8220;aba&#8221; postaremos mat\u00e9rias referentes ao ENEM &#8211; dicas, reflex\u00f5es e discuss\u00f5es para alunos e professores.\u00a0 Os formatos dos materiais disponibilizados seguir\u00e3o os mesmo j\u00e1 utilizados no site, links para nosso canal no Youtube, onde \u00e9 poss\u00edvel acessar Videocast e Podcast e tamb\u00e9m ser\u00e3o disponibilizados PDFs referente as discuss\u00f5es para baixar.\u00a0<\/span><\/p>\n<p>&nbsp;<\/p>\n<h3 style=\"text-align: center;\">DICAS PARA O ENEM<\/h3>\n<p>&nbsp;<\/p>\n<p>Titulo do Material \u2013\u00a0<em>\u201cDicas para o ENEM\u201d<\/em><\/p>\n<p>Organizadores e Mediadores: Guilherme Crizel e Pedro de Moura.<\/p>\n<p>Apresenta\u00e7\u00e3o a cargo do Convidado: Adriel da Costa<\/p>\n<p style=\"text-align: justify;\"><span style=\"font-weight: 400;\">O mesmo como o t\u00edtulo j\u00e1 diz foi uma epis\u00f3dio com dicas para o ENEM com um professor convidado &#8211; Adriel da Costa, Licenciado em geografia pela UFPel, mestrando em geografia na UFPel, com experi\u00eancia de atua\u00e7\u00e3o na rede privada de ensino mas tamb\u00e9m em cursinhos comunit\u00e1rios preparat\u00f3rios para o ENEM.\u00a0 <\/span><span style=\"font-weight: 400;\">Esse epis\u00f3dio de encerramento possui para algumas singularidades, o tempo de dura\u00e7\u00e3o \u00e9 uma delas, tendo cerca de 50 minutos, devido ao seu tempo o mesmo foi dividido em duas partes, tanto o v\u00eddeo quanto o Podcast.<\/span><\/p>\n<p><a href=\"https:\/\/wp.ufpel.edu.br\/lega\/files\/2021\/10\/Copia-de-Geografia-e-Enem-o-que-fazer-1-1.pdf\" target=\"_blank\" rel=\"noopener\">10 &#8211; APRESENTA\u00c7\u00c3O &#8220;GEOGRAFIA E ENEM, O QUE FAZER?&#8221;<\/a><\/p>\n<p><a href=\"https:\/\/wp.ufpel.edu.br\/lega\/files\/2021\/10\/ANEXO-J-1.pdf\" target=\"_blank\" rel=\"noopener\">10 &#8211; DICION\u00c1RIO &#8220;GEOGRAFIA E ENEM, O QUE FAZER?&#8221;<\/a><\/p>\n<p>O Podcast desse material esta dividido em duas partes, como mostram as imagens abaixo.<\/p>\n<p>Parte 1\u00a0 \u00a0 \u00a0 \u00a0 \u00a0 \u00a0 \u00a0 \u00a0 \u00a0 \u00a0<a href=\"https:\/\/www.youtube.com\/watch?v=uc4bxFQcwn8\" target=\"_blank\" rel=\"noopener\"><img loading=\"lazy\" decoding=\"async\" class=\"alignnone wp-image-160\" src=\"https:\/\/wp.ufpel.edu.br\/lega\/files\/2021\/08\/Capa1-1-400x400.jpg\" alt=\"\" width=\"200\" height=\"200\" srcset=\"https:\/\/wp.ufpel.edu.br\/lega\/files\/2021\/08\/Capa1-1-400x400.jpg 400w, https:\/\/wp.ufpel.edu.br\/lega\/files\/2021\/08\/Capa1-1-200x200.jpg 200w, https:\/\/wp.ufpel.edu.br\/lega\/files\/2021\/08\/Capa1-1-768x768.jpg 768w, https:\/\/wp.ufpel.edu.br\/lega\/files\/2021\/08\/Capa1-1-750x750.jpg 750w, https:\/\/wp.ufpel.edu.br\/lega\/files\/2021\/08\/Capa1-1.jpg 800w\" sizes=\"auto, (max-width: 200px) 100vw, 200px\" \/><\/a>\u00a0 \u00a0 \u00a0 \u00a0 \u00a0 \u00a0 \u00a0 \u00a0 \u00a0 \u00a0 \u00a0 \u00a0 Parte 2\u00a0 \u00a0 \u00a0 \u00a0 \u00a0 \u00a0 \u00a0 \u00a0 \u00a0 \u00a0<a href=\"https:\/\/youtu.be\/jnUmlox1Pg4\" target=\"_blank\" rel=\"noopener\"><img loading=\"lazy\" decoding=\"async\" class=\"wp-image-160 size-thumbnail alignnone\" src=\"https:\/\/wp.ufpel.edu.br\/lega\/files\/2021\/08\/Capa1-1-200x200.jpg\" alt=\"\" width=\"200\" height=\"200\" srcset=\"https:\/\/wp.ufpel.edu.br\/lega\/files\/2021\/08\/Capa1-1-200x200.jpg 200w, https:\/\/wp.ufpel.edu.br\/lega\/files\/2021\/08\/Capa1-1-400x400.jpg 400w, https:\/\/wp.ufpel.edu.br\/lega\/files\/2021\/08\/Capa1-1-768x768.jpg 768w, https:\/\/wp.ufpel.edu.br\/lega\/files\/2021\/08\/Capa1-1-750x750.jpg 750w, https:\/\/wp.ufpel.edu.br\/lega\/files\/2021\/08\/Capa1-1.jpg 800w\" sizes=\"auto, (max-width: 200px) 100vw, 200px\" \/><\/a><\/p>\n<p>&nbsp;<\/p>\n<p>O VideoCast desse material esta dividido em duas partes, como mostram as imagens abaixo.<\/p>\n<p>Parte 1\u00a0 \u00a0 \u00a0 \u00a0 \u00a0 \u00a0 \u00a0 \u00a0 \u00a0 \u00a0<a href=\"https:\/\/www.youtube.com\/watch?v=zDSdTV1q_84\" target=\"_blank\" rel=\"noopener\"><img loading=\"lazy\" decoding=\"async\" class=\"alignnone wp-image-160\" src=\"https:\/\/wp.ufpel.edu.br\/lega\/files\/2021\/08\/Capa1-1-400x400.jpg\" alt=\"\" width=\"200\" height=\"200\" srcset=\"https:\/\/wp.ufpel.edu.br\/lega\/files\/2021\/08\/Capa1-1-400x400.jpg 400w, https:\/\/wp.ufpel.edu.br\/lega\/files\/2021\/08\/Capa1-1-200x200.jpg 200w, https:\/\/wp.ufpel.edu.br\/lega\/files\/2021\/08\/Capa1-1-768x768.jpg 768w, https:\/\/wp.ufpel.edu.br\/lega\/files\/2021\/08\/Capa1-1-750x750.jpg 750w, https:\/\/wp.ufpel.edu.br\/lega\/files\/2021\/08\/Capa1-1.jpg 800w\" sizes=\"auto, (max-width: 200px) 100vw, 200px\" \/><\/a>\u00a0 \u00a0 \u00a0 \u00a0 \u00a0 \u00a0 \u00a0 \u00a0 \u00a0 \u00a0 \u00a0 \u00a0 Parte 2\u00a0 \u00a0 \u00a0 \u00a0 \u00a0 \u00a0 \u00a0 \u00a0 \u00a0 \u00a0<a href=\"https:\/\/www.youtube.com\/watch?v=_c8hWWCn974\" target=\"_blank\" rel=\"noopener\"><img loading=\"lazy\" decoding=\"async\" class=\"wp-image-160 size-thumbnail alignnone\" src=\"https:\/\/wp.ufpel.edu.br\/lega\/files\/2021\/08\/Capa1-1-200x200.jpg\" alt=\"\" width=\"200\" height=\"200\" srcset=\"https:\/\/wp.ufpel.edu.br\/lega\/files\/2021\/08\/Capa1-1-200x200.jpg 200w, https:\/\/wp.ufpel.edu.br\/lega\/files\/2021\/08\/Capa1-1-400x400.jpg 400w, https:\/\/wp.ufpel.edu.br\/lega\/files\/2021\/08\/Capa1-1-768x768.jpg 768w, https:\/\/wp.ufpel.edu.br\/lega\/files\/2021\/08\/Capa1-1-750x750.jpg 750w, https:\/\/wp.ufpel.edu.br\/lega\/files\/2021\/08\/Capa1-1.jpg 800w\" sizes=\"auto, (max-width: 200px) 100vw, 200px\" \/><\/a><\/p>\n","protected":false},"excerpt":{"rendered":"<p>Sauda\u00e7\u00f5es Geogr\u00e1ficas! &nbsp; Nessa &#8220;aba&#8221; postaremos mat\u00e9rias referentes ao ENEM &#8211; dicas, reflex\u00f5es e discuss\u00f5es para alunos e professores.\u00a0 Os formatos dos materiais disponibilizados seguir\u00e3o os mesmo j\u00e1 utilizados no site, links para nosso canal no Youtube, onde \u00e9 poss\u00edvel acessar Videocast e Podcast e tamb\u00e9m ser\u00e3o disponibilizados PDFs referente as discuss\u00f5es para baixar.\u00a0 &nbsp; &hellip; <\/p>\n<p><a class=\"more-link btn\" href=\"https:\/\/wp.ufpel.edu.br\/lega\/blog-estagio-supervionado\/dicas-enem\/\">Continue lendo<\/a><\/p>\n","protected":false},"author":747,"featured_media":0,"parent":48,"menu_order":0,"comment_status":"closed","ping_status":"closed","template":"","meta":{"footnotes":""},"class_list":["post-233","page","type-page","status-publish","hentry","nodate","item-wrap"],"_links":{"self":[{"href":"https:\/\/wp.ufpel.edu.br\/lega\/wp-json\/wp\/v2\/pages\/233","targetHints":{"allow":["GET"]}}],"collection":[{"href":"https:\/\/wp.ufpel.edu.br\/lega\/wp-json\/wp\/v2\/pages"}],"about":[{"href":"https:\/\/wp.ufpel.edu.br\/lega\/wp-json\/wp\/v2\/types\/page"}],"author":[{"embeddable":true,"href":"https:\/\/wp.ufpel.edu.br\/lega\/wp-json\/wp\/v2\/users\/747"}],"replies":[{"embeddable":true,"href":"https:\/\/wp.ufpel.edu.br\/lega\/wp-json\/wp\/v2\/comments?post=233"}],"version-history":[{"count":7,"href":"https:\/\/wp.ufpel.edu.br\/lega\/wp-json\/wp\/v2\/pages\/233\/revisions"}],"predecessor-version":[{"id":554,"href":"https:\/\/wp.ufpel.edu.br\/lega\/wp-json\/wp\/v2\/pages\/233\/revisions\/554"}],"up":[{"embeddable":true,"href":"https:\/\/wp.ufpel.edu.br\/lega\/wp-json\/wp\/v2\/pages\/48"}],"wp:attachment":[{"href":"https:\/\/wp.ufpel.edu.br\/lega\/wp-json\/wp\/v2\/media?parent=233"}],"curies":[{"name":"wp","href":"https:\/\/api.w.org\/{rel}","templated":true}]}}