{"id":227,"date":"2021-10-07T11:16:50","date_gmt":"2021-10-07T14:16:50","guid":{"rendered":"https:\/\/wp.ufpel.edu.br\/lega\/?page_id=227"},"modified":"2025-07-15T23:31:13","modified_gmt":"2025-07-16T02:31:13","slug":"revisao","status":"publish","type":"page","link":"https:\/\/wp.ufpel.edu.br\/lega\/blog-estagio-supervionado\/revisao\/","title":{"rendered":"Revis\u00e3o"},"content":{"rendered":"<h2><strong>Sauda\u00e7\u00f5es Geogr\u00e1ficas!\u00a0<\/strong><\/h2>\n<p>&nbsp;<\/p>\n<p style=\"text-align: justify\">Como o titulo dessa &#8220;Aba&#8221; j\u00e1 nos diz, nesse local ser\u00e1 disponibilizado mat\u00e9rias de revis\u00e3o de conte\u00fados e temas. O modelo de compartilhamento segue o mesmo do restante do site, os link e os mat\u00e9rias de apoio em PDF ser\u00e3o igualmente disponibilizados.<\/p>\n<p>&nbsp;<\/p>\n<p style=\"text-align: center\"><strong>REVIS\u00c3O &#8211; MATERIAL &#8220;VIAJANDO NA GEOGRAFIA&#8221;<\/strong><\/p>\n<p>Autores: Guilherme Crizel e Pedro de Moura.<\/p>\n<p style=\"text-align: justify\"><span style=\"font-weight: 400\">O material \u00e9 dividido em duas partes com um tempo de dura\u00e7\u00e3o de 20 minutos constituindo enquanto uma revis\u00e3o de todo o conte\u00fado abordado nos epis\u00f3dios anteriores do Podcast, ele sintetiza e retoma tudo que j\u00e1 foi abordado anteriormente. o Processo de cria\u00e7\u00e3o ocorreu a partir do uso dos roteiros produzidos anteriormente. O mesmo ser\u00e1 dispon\u00edvel em VideoCast e PodCasts, e tamb\u00e9m o resumo em PDF.\u00a0<\/span><\/p>\n<p><a href=\"https:\/\/wp.ufpel.edu.br\/lega\/files\/2021\/10\/EPISODIO-9-PARTE-1-REVISAO-DO-CONTEUDO.pdf\" target=\"_blank\" rel=\"noopener\">9\u00ba RESUMO &#8211; REVIS\u00c3O DO CONTE\u00daDO<\/a><\/p>\n<p>O Podcast desse material esta dividido em duas partes, como mostram as imagens abaixo.<\/p>\n<p>Parte 1\u00a0 \u00a0 \u00a0 \u00a0 \u00a0 \u00a0 \u00a0 \u00a0 \u00a0 \u00a0<a href=\"https:\/\/www.youtube.com\/watch?v=NyKGid51TfA\" target=\"_blank\" rel=\"noopener\"><img loading=\"lazy\" decoding=\"async\" class=\"alignnone wp-image-160\" src=\"https:\/\/wp.ufpel.edu.br\/lega\/files\/2021\/08\/Capa1-1-400x400.jpg\" alt=\"\" width=\"200\" height=\"200\" srcset=\"https:\/\/wp.ufpel.edu.br\/lega\/files\/2021\/08\/Capa1-1-400x400.jpg 400w, https:\/\/wp.ufpel.edu.br\/lega\/files\/2021\/08\/Capa1-1-200x200.jpg 200w, https:\/\/wp.ufpel.edu.br\/lega\/files\/2021\/08\/Capa1-1-768x768.jpg 768w, https:\/\/wp.ufpel.edu.br\/lega\/files\/2021\/08\/Capa1-1-750x750.jpg 750w, https:\/\/wp.ufpel.edu.br\/lega\/files\/2021\/08\/Capa1-1.jpg 800w\" sizes=\"auto, (max-width: 200px) 100vw, 200px\" \/><\/a>\u00a0 \u00a0 \u00a0 \u00a0 \u00a0 \u00a0 \u00a0 \u00a0 \u00a0 \u00a0 \u00a0 \u00a0 Parte 2\u00a0 \u00a0 \u00a0 \u00a0 \u00a0 \u00a0 \u00a0 \u00a0 \u00a0 \u00a0<a href=\"https:\/\/youtu.be\/Cw7iq4IU_lY\" target=\"_blank\" rel=\"noopener\"><img loading=\"lazy\" decoding=\"async\" class=\"wp-image-160 size-thumbnail alignnone\" src=\"https:\/\/wp.ufpel.edu.br\/lega\/files\/2021\/08\/Capa1-1-200x200.jpg\" alt=\"\" width=\"200\" height=\"200\" srcset=\"https:\/\/wp.ufpel.edu.br\/lega\/files\/2021\/08\/Capa1-1-200x200.jpg 200w, https:\/\/wp.ufpel.edu.br\/lega\/files\/2021\/08\/Capa1-1-400x400.jpg 400w, https:\/\/wp.ufpel.edu.br\/lega\/files\/2021\/08\/Capa1-1-768x768.jpg 768w, https:\/\/wp.ufpel.edu.br\/lega\/files\/2021\/08\/Capa1-1-750x750.jpg 750w, https:\/\/wp.ufpel.edu.br\/lega\/files\/2021\/08\/Capa1-1.jpg 800w\" sizes=\"auto, (max-width: 200px) 100vw, 200px\" \/><\/a><\/p>\n<p>&nbsp;<\/p>\n<p>O VideoCast desse material esta dividido em duas partes, como mostram as imagens abaixo.<\/p>\n<p>Parte 1\u00a0 \u00a0 \u00a0 \u00a0 \u00a0 \u00a0 \u00a0 \u00a0 \u00a0 \u00a0<a href=\"https:\/\/www.youtube.com\/watch?v=WF4L8wBh-xw&amp;t=1174s\" target=\"_blank\" rel=\"noopener\"><img loading=\"lazy\" decoding=\"async\" class=\"alignnone wp-image-160\" src=\"https:\/\/wp.ufpel.edu.br\/lega\/files\/2021\/08\/Capa1-1-400x400.jpg\" alt=\"\" width=\"200\" height=\"200\" srcset=\"https:\/\/wp.ufpel.edu.br\/lega\/files\/2021\/08\/Capa1-1-400x400.jpg 400w, https:\/\/wp.ufpel.edu.br\/lega\/files\/2021\/08\/Capa1-1-200x200.jpg 200w, https:\/\/wp.ufpel.edu.br\/lega\/files\/2021\/08\/Capa1-1-768x768.jpg 768w, https:\/\/wp.ufpel.edu.br\/lega\/files\/2021\/08\/Capa1-1-750x750.jpg 750w, https:\/\/wp.ufpel.edu.br\/lega\/files\/2021\/08\/Capa1-1.jpg 800w\" sizes=\"auto, (max-width: 200px) 100vw, 200px\" \/><\/a>\u00a0 \u00a0 \u00a0 \u00a0 \u00a0 \u00a0 \u00a0 \u00a0 \u00a0 \u00a0 \u00a0 \u00a0 Parte 2\u00a0 \u00a0 \u00a0 \u00a0 \u00a0 \u00a0 \u00a0 \u00a0 \u00a0 \u00a0<a href=\"https:\/\/youtu.be\/sCi7vKnNrlg\" target=\"_blank\" rel=\"noopener\"><img loading=\"lazy\" decoding=\"async\" class=\"wp-image-160 size-thumbnail alignnone\" src=\"https:\/\/wp.ufpel.edu.br\/lega\/files\/2021\/08\/Capa1-1-200x200.jpg\" alt=\"\" width=\"200\" height=\"200\" srcset=\"https:\/\/wp.ufpel.edu.br\/lega\/files\/2021\/08\/Capa1-1-200x200.jpg 200w, https:\/\/wp.ufpel.edu.br\/lega\/files\/2021\/08\/Capa1-1-400x400.jpg 400w, https:\/\/wp.ufpel.edu.br\/lega\/files\/2021\/08\/Capa1-1-768x768.jpg 768w, https:\/\/wp.ufpel.edu.br\/lega\/files\/2021\/08\/Capa1-1-750x750.jpg 750w, https:\/\/wp.ufpel.edu.br\/lega\/files\/2021\/08\/Capa1-1.jpg 800w\" sizes=\"auto, (max-width: 200px) 100vw, 200px\" \/><\/a><\/p>\n<p>&nbsp;<\/p>\n","protected":false},"excerpt":{"rendered":"<p>Sauda\u00e7\u00f5es Geogr\u00e1ficas!\u00a0 &nbsp; Como o titulo dessa &#8220;Aba&#8221; j\u00e1 nos diz, nesse local ser\u00e1 disponibilizado mat\u00e9rias de revis\u00e3o de conte\u00fados e temas. O modelo de compartilhamento segue o mesmo do restante do site, os link e os mat\u00e9rias de apoio em PDF ser\u00e3o igualmente disponibilizados. &nbsp; REVIS\u00c3O &#8211; MATERIAL &#8220;VIAJANDO NA GEOGRAFIA&#8221; Autores: Guilherme Crizel &hellip; <\/p>\n<p><a class=\"more-link btn\" href=\"https:\/\/wp.ufpel.edu.br\/lega\/blog-estagio-supervionado\/revisao\/\">Continue lendo<\/a><\/p>\n","protected":false},"author":747,"featured_media":0,"parent":48,"menu_order":0,"comment_status":"closed","ping_status":"closed","template":"","meta":{"footnotes":""},"class_list":["post-227","page","type-page","status-publish","hentry","nodate","item-wrap"],"_links":{"self":[{"href":"https:\/\/wp.ufpel.edu.br\/lega\/wp-json\/wp\/v2\/pages\/227","targetHints":{"allow":["GET"]}}],"collection":[{"href":"https:\/\/wp.ufpel.edu.br\/lega\/wp-json\/wp\/v2\/pages"}],"about":[{"href":"https:\/\/wp.ufpel.edu.br\/lega\/wp-json\/wp\/v2\/types\/page"}],"author":[{"embeddable":true,"href":"https:\/\/wp.ufpel.edu.br\/lega\/wp-json\/wp\/v2\/users\/747"}],"replies":[{"embeddable":true,"href":"https:\/\/wp.ufpel.edu.br\/lega\/wp-json\/wp\/v2\/comments?post=227"}],"version-history":[{"count":4,"href":"https:\/\/wp.ufpel.edu.br\/lega\/wp-json\/wp\/v2\/pages\/227\/revisions"}],"predecessor-version":[{"id":247,"href":"https:\/\/wp.ufpel.edu.br\/lega\/wp-json\/wp\/v2\/pages\/227\/revisions\/247"}],"up":[{"embeddable":true,"href":"https:\/\/wp.ufpel.edu.br\/lega\/wp-json\/wp\/v2\/pages\/48"}],"wp:attachment":[{"href":"https:\/\/wp.ufpel.edu.br\/lega\/wp-json\/wp\/v2\/media?parent=227"}],"curies":[{"name":"wp","href":"https:\/\/api.w.org\/{rel}","templated":true}]}}