{"id":149,"date":"2021-08-27T09:05:11","date_gmt":"2021-08-27T12:05:11","guid":{"rendered":"https:\/\/wp.ufpel.edu.br\/lega\/?page_id=149"},"modified":"2025-07-15T23:37:06","modified_gmt":"2025-07-16T02:37:06","slug":"globalizacao","status":"publish","type":"page","link":"https:\/\/wp.ufpel.edu.br\/lega\/blog-estagio-supervionado\/2o-ano-ensino-medio\/globalizacao\/","title":{"rendered":"Globaliza\u00e7\u00e3o"},"content":{"rendered":"<h2><span style=\"font-family: arial, helvetica, sans-serif\">Sauda\u00e7\u00f5es Geogr\u00e1ficas pessoal!\u00a0<\/span><\/h2>\n<p style=\"text-align: justify\"><span style=\"background-color: #ffffff\"><span style=\"font-size: 14pt;background-color: #ffffff\">Se voc\u00eas vieram <\/span><span style=\"font-size: 14pt;background-color: #ffffff\">at\u00e9 aqui \u00e9 porque <\/span><span style=\"font-size: 14pt;background-color: #ffffff\">est\u00e3o interessados nas produ\u00e7\u00f5es sobre o tema &#8220;Globaliza\u00e7\u00e3o&#8221;, mod\u00e9stia a parte vieram ao lugar certo.\u00a0 \u00a0Estar\u00e3o a seguir os materiais organizados em grupos onde os mesmos se complementam, as produ\u00e7\u00f5es a abaixo estar\u00e3o em diferentes linguagens e formatos como: Mapas Conceituais, Resumos, Pod e Videocasts, Dicion\u00e1rios Geogr\u00e1ficos, dentre outros. Os formatos ser\u00e3o de imagens, PDFs e Links &#8211; direcionando para o canal do Youtube do laborat\u00f3rio.\u00a0 \u00a0 \u00a0<\/span><\/span><\/p>\n<h4 style=\"text-align: justify\">Esperamos que gostem!<\/h4>\n<p>&nbsp;<\/p>\n<p>&nbsp;<\/p>\n<p style=\"text-align: center\"><strong>INTRODU\u00c7\u00c3O A GLOBALIZA\u00c7\u00c3O:<\/strong><\/p>\n<p>Titulo do Material &#8211; <em>&#8220;GLOBALIZA\u00c7\u00c3O? E EU COM ISSO?&#8221;<\/em><\/p>\n<p>Autores: Guilherme Crizel e Pedro de Moura.<\/p>\n<p style=\"text-align: justify\"><i><span style=\"font-weight: 400\">\u201cGlobaliza\u00e7\u00e3o? E eu com isso?\u201d b<\/span><\/i><span style=\"font-weight: 400\">usca introduzir a tem\u00e1tica, abordando sobre a conceitua\u00e7\u00e3o do processo de globaliza\u00e7\u00e3o e as formas como ele influencia diretamente no cotidiano em diferentes aspectos, como quest\u00f5es pol\u00edticas, culturais, econ\u00f4micas e sociais. Para aproximar da viv\u00eancia dos discentes \u00e9 trazido para dialogar sobre as redes sociais como<\/span><i><span style=\"font-weight: 400\"> Tiktok<\/span><\/i><span style=\"font-weight: 400\">, <\/span><i><span style=\"font-weight: 400\">Instagram<\/span><\/i><span style=\"font-weight: 400\">, sites de compras <\/span><i><span style=\"font-weight: 400\">(Wish, Shoope)<\/span><\/i><span style=\"font-weight: 400\"> que s\u00e3o elementos consumidos diariamente por diferentes p\u00fablicos e que est\u00e1 diretamente interligado com a Globaliza\u00e7\u00e3o.<\/span><\/p>\n<p><a href=\"https:\/\/wp.ufpel.edu.br\/lega\/files\/2021\/08\/1o-RESUMO-GLOBALIZACAO-GLOBALIZACAO-E-EU-COM-ISSO_.pdf\" target=\"_blank\" rel=\"noopener\">1\u00ba RESUMO &#8211; GLOBALIZA\u00c7\u00c3O, E EU COM ISSO<\/a><\/p>\n<p><a href=\"https:\/\/wp.ufpel.edu.br\/lega\/files\/2021\/08\/1-DICIONARIO-GLOBALIZACAO-E-EU-COM-ISSO.pptx.pdf-2.pdf\" target=\"_blank\" rel=\"noopener\">1\u00ba DICION\u00c1RIO- GLOBALIZA\u00c7\u00c3O, E EU COM ISSO<\/a><\/p>\n<p>Escute o PodCast clicando na imagem e siga nosso canal no Youtube.<\/p>\n<p><a href=\"https:\/\/youtu.be\/IRLpHQ6zcrc\" target=\"_blank\" rel=\"noopener\"><img loading=\"lazy\" decoding=\"async\" class=\"wp-image-160 aligncenter\" src=\"https:\/\/wp.ufpel.edu.br\/lega\/files\/2021\/08\/Capa1-1-400x400.jpg\" alt=\"\" width=\"280\" height=\"280\" srcset=\"https:\/\/wp.ufpel.edu.br\/lega\/files\/2021\/08\/Capa1-1-400x400.jpg 400w, https:\/\/wp.ufpel.edu.br\/lega\/files\/2021\/08\/Capa1-1-200x200.jpg 200w, https:\/\/wp.ufpel.edu.br\/lega\/files\/2021\/08\/Capa1-1-768x768.jpg 768w, https:\/\/wp.ufpel.edu.br\/lega\/files\/2021\/08\/Capa1-1-750x750.jpg 750w, https:\/\/wp.ufpel.edu.br\/lega\/files\/2021\/08\/Capa1-1.jpg 800w\" sizes=\"auto, (max-width: 280px) 100vw, 280px\" \/><\/a><\/p>\n<h4><\/h4>\n<p>&nbsp;<\/p>\n<p style=\"text-align: center\"><strong>GLOBALIZA\u00c7\u00c3O E ECONOMIA:<\/strong><\/p>\n<p>Titulo do Material &#8211; <em>&#8220;GLOBALIZA\u00c7\u00c3O E QUEST\u00d5ES ECON\u00d4MICAS &#8211; MONEY, MONEY E MAIS MONEY<\/em><em>?&#8221;<\/em><\/p>\n<p>Autores: Guilherme Crizel e Pedro de Moura.<\/p>\n<p style=\"text-align: justify\"><i><span style=\"font-weight: 400\">\u201cGlobaliza\u00e7\u00e3o e quest\u00f5es econ\u00f4micas &#8211; Money, money e mais money\u201d<\/span><\/i><span style=\"font-weight: 400\"> aborda sobre o processo\u00a0 e a rela\u00e7\u00e3o com quest\u00f5es econ\u00f4micas, buscando compreender principalmente sobre as empresas transnacionais mas tamb\u00e9m em como influenciam nas pr\u00e1ticas de consumo. <\/span><\/p>\n<p><a href=\"https:\/\/wp.ufpel.edu.br\/lega\/files\/2021\/08\/2o-RESUMO-GLOBALIZACAO-E-ECONOMIA-MONEY-MONEY-E-MAIS-MONEY-1.pdf\" target=\"_blank\" rel=\"noopener\">2\u00ba RESUMO &#8211; GLOBALIZA\u00c7\u00c3O E ECONOMIA &#8211; MONEY, MONEY, E MAIS MONEY<\/a><\/p>\n<p><a href=\"https:\/\/wp.ufpel.edu.br\/lega\/files\/2021\/08\/2o-DICIONARIO-GLOBALIZACAO-E-ECONOMIA-MONEY-MONEY-E-MAIS-MONEY-1.pdf\" target=\"_blank\" rel=\"noopener\">2\u00ba DICION\u00c1RIO- GLOBALIZA\u00c7\u00c3O E ECONOMIA &#8211; MONEY, MONEY, E MAIS MONEY<\/a><\/p>\n<p>O Podcast desse material esta dividido em duas partes, como mostram as imagens abaixo.<\/p>\n<p style=\"text-align: justify\">\u00a0 \u00a0 \u00a0 \u00a0 Parte 1\u00a0 \u00a0 \u00a0 \u00a0 \u00a0 \u00a0 \u00a0 \u00a0 \u00a0 \u00a0<a href=\"https:\/\/www.youtube.com\/watch?v=CXMWv8IuvN4\" target=\"_blank\" rel=\"noopener\"><img loading=\"lazy\" decoding=\"async\" class=\"alignnone wp-image-160\" src=\"https:\/\/wp.ufpel.edu.br\/lega\/files\/2021\/08\/Capa1-1-400x400.jpg\" alt=\"\" width=\"200\" height=\"200\" srcset=\"https:\/\/wp.ufpel.edu.br\/lega\/files\/2021\/08\/Capa1-1-400x400.jpg 400w, https:\/\/wp.ufpel.edu.br\/lega\/files\/2021\/08\/Capa1-1-200x200.jpg 200w, https:\/\/wp.ufpel.edu.br\/lega\/files\/2021\/08\/Capa1-1-768x768.jpg 768w, https:\/\/wp.ufpel.edu.br\/lega\/files\/2021\/08\/Capa1-1-750x750.jpg 750w, https:\/\/wp.ufpel.edu.br\/lega\/files\/2021\/08\/Capa1-1.jpg 800w\" sizes=\"auto, (max-width: 200px) 100vw, 200px\" \/><\/a>\u00a0 \u00a0 \u00a0 \u00a0 \u00a0 \u00a0 \u00a0 \u00a0 \u00a0 \u00a0 \u00a0 \u00a0 Parte 2\u00a0 \u00a0 \u00a0 \u00a0 \u00a0 \u00a0 \u00a0 \u00a0 \u00a0 \u00a0<a href=\"https:\/\/www.youtube.com\/watch?v=l6GmyZUIS-Y&amp;list=PLng_Jvv1KHVHJvEQJ6kuQdVaxKayvt_NF&amp;index=3\" target=\"_blank\" rel=\"noopener\"><img loading=\"lazy\" decoding=\"async\" class=\"wp-image-160 size-thumbnail alignnone\" src=\"https:\/\/wp.ufpel.edu.br\/lega\/files\/2021\/08\/Capa1-1-200x200.jpg\" alt=\"\" width=\"200\" height=\"200\" srcset=\"https:\/\/wp.ufpel.edu.br\/lega\/files\/2021\/08\/Capa1-1-200x200.jpg 200w, https:\/\/wp.ufpel.edu.br\/lega\/files\/2021\/08\/Capa1-1-400x400.jpg 400w, https:\/\/wp.ufpel.edu.br\/lega\/files\/2021\/08\/Capa1-1-768x768.jpg 768w, https:\/\/wp.ufpel.edu.br\/lega\/files\/2021\/08\/Capa1-1-750x750.jpg 750w, https:\/\/wp.ufpel.edu.br\/lega\/files\/2021\/08\/Capa1-1.jpg 800w\" sizes=\"auto, (max-width: 200px) 100vw, 200px\" \/><\/a><\/p>\n<p>&nbsp;<\/p>\n<p>&nbsp;<\/p>\n<p style=\"text-align: center\"><strong>GLOBALIZA\u00c7\u00c3O E QUEST\u00d5ES SOCIAIS:<\/strong><\/p>\n<p>Titulo do Material &#8211; <em>&#8220;GLOBALIZA\u00c7\u00c3O E QUEST\u00d5ES SOCIAIS &#8211; EM QUE &#8220;MUNDO&#8221; NOS ESTAMOS<\/em><em>?&#8221;<\/em><\/p>\n<p>Autores: Guilherme Crizel e Pedro de Moura.<\/p>\n<p style=\"text-align: justify\"><b><i>\u201c<\/i><\/b><i><span style=\"font-weight: 400\">Globaliza\u00e7\u00e3o e Quest\u00f5es Sociais &#8211; Em que \u201cmundo\u201d n\u00f3s estamos?\u201d<\/span><\/i><span style=\"font-weight: 400\"> Nesse epis\u00f3dio abordamos sobre o que \u00e9 entendido como desigualdade social e como o processo de globaliza\u00e7\u00e3o acentua essa conjuntura. O epis\u00f3dio acaba trazendo autores como Milton Santos falando sobre a perversidade e a exclus\u00e3o proporcionada pela Globaliza\u00e7\u00e3o.\u00a0<\/span><\/p>\n<p><a href=\"https:\/\/wp.ufpel.edu.br\/lega\/files\/2021\/08\/3-RESUMO-GLOBALIZACAO-E-QUESTOES-SOCIAIS-\u2013-EM-QUE-MUNDO-NOS-ESTAMOS_-1.pdf\" target=\"_blank\" rel=\"noopener\">3\u00ba RESUMO &#8211; GLOBALIZA\u00c7\u00c3O E QUEST\u00d5ES SOCIAIS \u2013 EM QUE \u201cMUNDO\u201d N\u00d3S ESTAMOS?<\/a><\/p>\n<p><a href=\"https:\/\/wp.ufpel.edu.br\/lega\/files\/2021\/08\/3-DICIONARIO-GLOBALIZACAO-E-QUESTOES-SOCIAIS-\u2013-EM-QUE-MUNDO-NOS-ESTAMOS_-.pdf\" target=\"_blank\" rel=\"noopener\">3\u00ba DICION\u00c1RIO &#8211; GLOBALIZA\u00c7\u00c3O E QUEST\u00d5ES SOCIAIS \u2013 EM QUE \u201cMUNDO\u201d N\u00d3S ESTAMOS?<\/a><\/p>\n<p>O Podcast desse material esta dividido em duas partes, como mostram as imagens abaixo.<\/p>\n<p style=\"text-align: justify\">\u00a0 \u00a0 \u00a0 \u00a0 Parte 1\u00a0 \u00a0 \u00a0 \u00a0 \u00a0 \u00a0 \u00a0 \u00a0 \u00a0 \u00a0<a href=\"https:\/\/www.youtube.com\/watch?v=OOJJ08tX8hc\" target=\"_blank\" rel=\"noopener\"><img loading=\"lazy\" decoding=\"async\" class=\"alignnone wp-image-160\" src=\"https:\/\/wp.ufpel.edu.br\/lega\/files\/2021\/08\/Capa1-1-400x400.jpg\" alt=\"\" width=\"200\" height=\"200\" srcset=\"https:\/\/wp.ufpel.edu.br\/lega\/files\/2021\/08\/Capa1-1-400x400.jpg 400w, https:\/\/wp.ufpel.edu.br\/lega\/files\/2021\/08\/Capa1-1-200x200.jpg 200w, https:\/\/wp.ufpel.edu.br\/lega\/files\/2021\/08\/Capa1-1-768x768.jpg 768w, https:\/\/wp.ufpel.edu.br\/lega\/files\/2021\/08\/Capa1-1-750x750.jpg 750w, https:\/\/wp.ufpel.edu.br\/lega\/files\/2021\/08\/Capa1-1.jpg 800w\" sizes=\"auto, (max-width: 200px) 100vw, 200px\" \/><\/a>\u00a0 \u00a0 \u00a0 \u00a0 \u00a0 \u00a0 \u00a0 \u00a0 \u00a0 \u00a0 \u00a0 \u00a0 Parte 2\u00a0 \u00a0 \u00a0 \u00a0 \u00a0 \u00a0 \u00a0 \u00a0 \u00a0 \u00a0<a href=\"https:\/\/youtu.be\/nkdK_p0ocMA\" target=\"_blank\" rel=\"noopener\"><img loading=\"lazy\" decoding=\"async\" class=\"wp-image-160 size-thumbnail alignnone\" src=\"https:\/\/wp.ufpel.edu.br\/lega\/files\/2021\/08\/Capa1-1-200x200.jpg\" alt=\"\" width=\"200\" height=\"200\" srcset=\"https:\/\/wp.ufpel.edu.br\/lega\/files\/2021\/08\/Capa1-1-200x200.jpg 200w, https:\/\/wp.ufpel.edu.br\/lega\/files\/2021\/08\/Capa1-1-400x400.jpg 400w, https:\/\/wp.ufpel.edu.br\/lega\/files\/2021\/08\/Capa1-1-768x768.jpg 768w, https:\/\/wp.ufpel.edu.br\/lega\/files\/2021\/08\/Capa1-1-750x750.jpg 750w, https:\/\/wp.ufpel.edu.br\/lega\/files\/2021\/08\/Capa1-1.jpg 800w\" sizes=\"auto, (max-width: 200px) 100vw, 200px\" \/><\/a><\/p>\n<p>&nbsp;<\/p>\n<p>&nbsp;<\/p>\n<p style=\"text-align: center\"><strong>GLOBALIZA\u00c7\u00c3O E QUEST\u00d5ES CULTURAIS<\/strong><\/p>\n<p>Titulo do Material &#8211; <em>&#8220;GLOBALIZA\u00c7\u00c3O E QUEST\u00d5ES CULTURAIS: O QUE CONSUMIMOS?<\/em><em>&#8220;<\/em><\/p>\n<p>Autores: Guilherme Crizel e Pedro de Moura.<\/p>\n<p style=\"text-align: justify\"><i><span style=\"font-weight: 400\">&#8220;Globaliza\u00e7\u00e3o e quest\u00f5es culturais: O que consumimos<\/span><\/i><span style=\"font-weight: 400\">?&#8221; Como o t\u00edtulo j\u00e1 nos diz, nesse epis\u00f3dio foram abordadas quest\u00f5es culturais no fen\u00f4meno globaliza\u00e7\u00e3o, trazendo para o di\u00e1logo\u00a0 quest\u00f5es como hegemoniza\u00e7\u00e3o cultural, imposi\u00e7\u00e3o cultural, padr\u00f5es de consumo, e tamb\u00e9m alternativas para uma outra globaliza\u00e7\u00e3o, trazendo como refer\u00eancia o autor Milton Santos.\u00a0<\/span><\/p>\n<p><a href=\"https:\/\/wp.ufpel.edu.br\/lega\/files\/2021\/09\/4-RESUMO-GLOBALIZACAO-E-QUESTOES-CULTURAIS-\u2013-O-QUE-CONSUMIMOS_.pdf\" target=\"_blank\" rel=\"noopener\">4\u00ba RESUMO &#8211; GLOBALIZA\u00c7\u00c3O E QUEST\u00d5ES CULTURAIS:O QUE CONSUMIMOS?<\/a><\/p>\n<p><a href=\"https:\/\/wp.ufpel.edu.br\/lega\/files\/2021\/09\/4-DICIONARIO-GLOBALIZACAO-E-QUESTOES-CULTURAIS-\u2013-O-QUE-CONSUMIMOS_-1-1.pdf\" target=\"_blank\" rel=\"noopener\">4\u00ba DICION\u00c1RIO &#8211; GLOBALIZA\u00c7\u00c3O E QUEST\u00d5ES CULTURAIS: O QUE CONSUMIMOS?<\/a><\/p>\n<p>Escute o PodCast clicando na imagem e siga nosso canal no Youtube.<\/p>\n<p><a href=\"https:\/\/youtu.be\/RfwIpAtTQBQ\" target=\"_blank\" rel=\"noopener\"><img loading=\"lazy\" decoding=\"async\" class=\"wp-image-160 aligncenter\" src=\"https:\/\/wp.ufpel.edu.br\/lega\/files\/2021\/08\/Capa1-1-400x400.jpg\" alt=\"\" width=\"280\" height=\"280\" srcset=\"https:\/\/wp.ufpel.edu.br\/lega\/files\/2021\/08\/Capa1-1-400x400.jpg 400w, https:\/\/wp.ufpel.edu.br\/lega\/files\/2021\/08\/Capa1-1-200x200.jpg 200w, https:\/\/wp.ufpel.edu.br\/lega\/files\/2021\/08\/Capa1-1-768x768.jpg 768w, https:\/\/wp.ufpel.edu.br\/lega\/files\/2021\/08\/Capa1-1-750x750.jpg 750w, https:\/\/wp.ufpel.edu.br\/lega\/files\/2021\/08\/Capa1-1.jpg 800w\" sizes=\"auto, (max-width: 280px) 100vw, 280px\" \/><\/a><\/p>\n<p>&nbsp;<\/p>\n","protected":false},"excerpt":{"rendered":"<p>Sauda\u00e7\u00f5es Geogr\u00e1ficas pessoal!\u00a0 Se voc\u00eas vieram at\u00e9 aqui \u00e9 porque est\u00e3o interessados nas produ\u00e7\u00f5es sobre o tema &#8220;Globaliza\u00e7\u00e3o&#8221;, mod\u00e9stia a parte vieram ao lugar certo.\u00a0 \u00a0Estar\u00e3o a seguir os materiais organizados em grupos onde os mesmos se complementam, as produ\u00e7\u00f5es a abaixo estar\u00e3o em diferentes linguagens e formatos como: Mapas Conceituais, Resumos, Pod e Videocasts, &hellip; <\/p>\n<p><a class=\"more-link btn\" href=\"https:\/\/wp.ufpel.edu.br\/lega\/blog-estagio-supervionado\/2o-ano-ensino-medio\/globalizacao\/\">Continue lendo<\/a><\/p>\n","protected":false},"author":747,"featured_media":0,"parent":279,"menu_order":0,"comment_status":"closed","ping_status":"closed","template":"","meta":{"footnotes":""},"class_list":["post-149","page","type-page","status-publish","hentry","nodate","item-wrap"],"_links":{"self":[{"href":"https:\/\/wp.ufpel.edu.br\/lega\/wp-json\/wp\/v2\/pages\/149","targetHints":{"allow":["GET"]}}],"collection":[{"href":"https:\/\/wp.ufpel.edu.br\/lega\/wp-json\/wp\/v2\/pages"}],"about":[{"href":"https:\/\/wp.ufpel.edu.br\/lega\/wp-json\/wp\/v2\/types\/page"}],"author":[{"embeddable":true,"href":"https:\/\/wp.ufpel.edu.br\/lega\/wp-json\/wp\/v2\/users\/747"}],"replies":[{"embeddable":true,"href":"https:\/\/wp.ufpel.edu.br\/lega\/wp-json\/wp\/v2\/comments?post=149"}],"version-history":[{"count":19,"href":"https:\/\/wp.ufpel.edu.br\/lega\/wp-json\/wp\/v2\/pages\/149\/revisions"}],"predecessor-version":[{"id":199,"href":"https:\/\/wp.ufpel.edu.br\/lega\/wp-json\/wp\/v2\/pages\/149\/revisions\/199"}],"up":[{"embeddable":true,"href":"https:\/\/wp.ufpel.edu.br\/lega\/wp-json\/wp\/v2\/pages\/279"}],"wp:attachment":[{"href":"https:\/\/wp.ufpel.edu.br\/lega\/wp-json\/wp\/v2\/media?parent=149"}],"curies":[{"name":"wp","href":"https:\/\/api.w.org\/{rel}","templated":true}]}}