{"id":43,"date":"2025-04-06T14:06:19","date_gmt":"2025-04-06T17:06:19","guid":{"rendered":"https:\/\/wp.ufpel.edu.br\/leetc\/?page_id=43"},"modified":"2025-04-06T15:21:07","modified_gmt":"2025-04-06T18:21:07","slug":"pesquisadores","status":"publish","type":"page","link":"https:\/\/wp.ufpel.edu.br\/leetc\/pesquisadores\/","title":{"rendered":"Pesquisadores"},"content":{"rendered":"<p><strong>Pesquisadores:<\/strong><\/p>\n<p>Ruth Da Silva Brum &#8211; respons\u00e1vel no Centro de Engenharias<br \/>\nDaniela Buske &#8211; respons\u00e1vel no campus Cap\u00e3o do Le\u00e3o<br \/>\nJoseane da Silva Porto<br \/>\nJairo de Alencar Val\u00f5es Ramalho<br \/>\nR\u00e9gis Sperotto de Quadros<\/p>\n<p><strong>Colaboradores nacionais:<\/strong><\/p>\n<p>Adriane Marinho de Assis &#8211; UFPel<br \/>\nC\u00e9sar Antonio Oropesa Avellaneda &#8211; UFPel<br \/>\nDouglas da Silva Lindemann &#8211; UFPel<br \/>\nGuilherme Jahnecke Weymar &#8211; UFPel<br \/>\nHumberto Dias Vianna &#8211; UFPel<br \/>\nLeslie Darien Perez Fernandez &#8211; UFPel<br \/>\nMarlon Maur\u00edcio Hernandez Cely &#8211; UFPel<br \/>\nLuiz Alberto Oliveira Rocha &#8211; UFRGS<br \/>\nEmanuel da Silva Diaz Estrada &#8211; FURG<br \/>\nElizaldo Domingues dos Santos &#8211; FURG<br \/>\nLi\u00e9rcio Andr\u00e9 Isoldi &#8211; FURG<br \/>\nHon\u00f3rio Cambeche &#8211; UFF<\/p>\n<p><strong>Pesquisadores J\u00fanior:<\/strong><\/p>\n<p><strong>UFPel:<\/strong><br \/>\nMichele Soares Netto (Doutorado em Ci\u00eancia e Engenharia dos Materiais\/UFPel)<br \/>\nNelson Nghale (Mestrado Modelagem Matem\u00e1tica\/UFPel)<br \/>\nGabriel Areze dos Santos (Mestrado Modelagem Matem\u00e1tica\/UFPel)<br \/>\nGeilson de Almeida Soares (Mestrado Modelagem Matem\u00e1tica\/UFPel)<br \/>\nAna Maria Bersch Domingues (Mestrado Modelagem Matem\u00e1tica\/UFPel)<br \/>\nJeferson Meira (Engenharia Agr\u00edcola\/UFPel)<br \/>\nWagner de Almeida Lucas (Engenharia Agr\u00edcola\/UFPel)<br \/>\nFelipe Matheus Mendes Barbosa (Matem\u00e1tica\/UFPel)<\/p>\n<p><strong>FURG: <\/strong><br \/>\nPaula Wrague Moura<br \/>\nLeonardo Rodrigues Leite<br \/>\nGiovanni Antonio Vielma Vivas<br \/>\nZurisaday Colonico Reyes<\/p>\n","protected":false},"excerpt":{"rendered":"<p>Pesquisadores: Ruth Da Silva Brum &#8211; respons\u00e1vel no Centro de Engenharias Daniela Buske &#8211; respons\u00e1vel no campus Cap\u00e3o do Le\u00e3o Joseane da Silva Porto Jairo de Alencar Val\u00f5es Ramalho R\u00e9gis Sperotto de Quadros Colaboradores nacionais: Adriane Marinho de Assis &#8211; &hellip; <a href=\"https:\/\/wp.ufpel.edu.br\/leetc\/pesquisadores\/\">Continue lendo <span class=\"meta-nav\">&rarr;<\/span><\/a><\/p>\n","protected":false},"author":1192,"featured_media":0,"parent":0,"menu_order":0,"comment_status":"closed","ping_status":"closed","template":"","meta":{"footnotes":""},"class_list":["post-43","page","type-page","status-publish","hentry"],"_links":{"self":[{"href":"https:\/\/wp.ufpel.edu.br\/leetc\/wp-json\/wp\/v2\/pages\/43","targetHints":{"allow":["GET"]}}],"collection":[{"href":"https:\/\/wp.ufpel.edu.br\/leetc\/wp-json\/wp\/v2\/pages"}],"about":[{"href":"https:\/\/wp.ufpel.edu.br\/leetc\/wp-json\/wp\/v2\/types\/page"}],"author":[{"embeddable":true,"href":"https:\/\/wp.ufpel.edu.br\/leetc\/wp-json\/wp\/v2\/users\/1192"}],"replies":[{"embeddable":true,"href":"https:\/\/wp.ufpel.edu.br\/leetc\/wp-json\/wp\/v2\/comments?post=43"}],"version-history":[{"count":3,"href":"https:\/\/wp.ufpel.edu.br\/leetc\/wp-json\/wp\/v2\/pages\/43\/revisions"}],"predecessor-version":[{"id":84,"href":"https:\/\/wp.ufpel.edu.br\/leetc\/wp-json\/wp\/v2\/pages\/43\/revisions\/84"}],"wp:attachment":[{"href":"https:\/\/wp.ufpel.edu.br\/leetc\/wp-json\/wp\/v2\/media?parent=43"}],"curies":[{"name":"wp","href":"https:\/\/api.w.org\/{rel}","templated":true}]}}

<p><strong>Pesquisadores:</strong></p>
<p>Ruth Da Silva Brum &#8211; responsável no Centro de Engenharias<br />
Daniela Buske &#8211; responsável no campus Capão do Leão<br />
Joseane da Silva Porto<br />
Jairo de Alencar Valões Ramalho<br />
Régis Sperotto de Quadros</p>
<p><strong>Colaboradores nacionais:</strong></p>
<p>Adriane Marinho de Assis &#8211; UFPel<br />
César Antonio Oropesa Avellaneda &#8211; UFPel<br />
Douglas da Silva Lindemann &#8211; UFPel<br />
Guilherme Jahnecke Weymar &#8211; UFPel<br />
Humberto Dias Vianna &#8211; UFPel<br />
Leslie Darien Perez Fernandez &#8211; UFPel<br />
Marlon Maurício Hernandez Cely &#8211; UFPel<br />
Luiz Alberto Oliveira Rocha &#8211; UFRGS<br />
Emanuel da Silva Diaz Estrada &#8211; FURG<br />
Elizaldo Domingues dos Santos &#8211; FURG<br />
Liércio André Isoldi &#8211; FURG<br />
Honório Cambeche &#8211; UFF</p>
<p><strong>Pesquisadores Júnior:</strong></p>
<p><strong>UFPel:</strong><br />
Michele Soares Netto (Doutorado em Ciência e Engenharia dos Materiais/UFPel)<br />
Nelson Nghale (Mestrado Modelagem Matemática/UFPel)<br />
Gabriel Areze dos Santos (Mestrado Modelagem Matemática/UFPel)<br />
Geilson de Almeida Soares (Mestrado Modelagem Matemática/UFPel)<br />
Ana Maria Bersch Domingues (Mestrado Modelagem Matemática/UFPel)<br />
Jeferson Meira (Engenharia Agrícola/UFPel)<br />
Wagner de Almeida Lucas (Engenharia Agrícola/UFPel)<br />
Felipe Matheus Mendes Barbosa (Matemática/UFPel)</p>
<p><strong>FURG: </strong><br />
Paula Wrague Moura<br />
Leonardo Rodrigues Leite<br />
Giovanni Antonio Vielma Vivas<br />
Zurisaday Colonico Reyes</p>

<p>Pesquisadores: Ruth Da Silva Brum &#8211; responsável no Centro de Engenharias Daniela Buske &#8211; responsável no campus Capão do Leão Joseane da Silva Porto Jairo de Alencar Valões Ramalho Régis Sperotto de Quadros Colaboradores nacionais: Adriane Marinho de Assis &#8211; &hellip; <a href="https://wp.ufpel.edu.br/leetc/pesquisadores/">Continue lendo <span class="meta-nav">&rarr;</span></a></p>
