{"id":93,"date":"2019-04-19T21:57:19","date_gmt":"2019-04-20T00:57:19","guid":{"rendered":"https:\/\/wp.ufpel.edu.br\/leagef\/?page_id=93"},"modified":"2024-08-29T09:13:59","modified_gmt":"2024-08-29T12:13:59","slug":"artigos","status":"publish","type":"page","link":"https:\/\/wp.ufpel.edu.br\/leagef\/publicacoes\/artigos\/","title":{"rendered":"Artigos"},"content":{"rendered":"<p style=\"text-align: justify;\"><a href=\"http:\/\/seer.ufsj.edu.br\/territorium_terram\/article\/view\/5244\">ALVES, E. A. C.; SAMPAIO, P. V.; LEMOS, L. de S.; DOS PASSOS, M. M. Degrada\u00e7\u00e3o dos Solos: Impactos Ambientais e Metodologias de An\u00e1lise. Revista Territorium Terram, [S. l.], v. 6, n. 8, 2023.<\/a><\/p>\n<p style=\"text-align: justify;\"><a href=\"https:\/\/meioambientebrasil.com.br\/index.php\/MABRA\/article\/view\/302\">CARDOSO, A. M. ; LOPES, A. L. O. ; SIMON, A. L. H.\u00a0 Paisagens ic\u00f4nicas e seus potenciais para o desenvolvimento local dos Campos Neutrais do Rio Grande do Sul (Brasil). Meio Ambiente (Brasil), v. 5, p. 37-50, 2023.<\/a><\/p>\n<p style=\"text-align: justify;\"><a href=\"http:\/\/www.geosaberes.ufc.br\/geosaberes\/article\/view\/1345\">CARDOSO, A. M.; MADEIRA, M.; SCHWANZ, V.\u00a0 B.; SIMON, A. L. H. Aspects of Environmental Legislation that Regulate the Use of Water in the Landscape of the Campos Neutrais of Rio Grande do Sul (Brazil). Geosaberes, Fortaleza, v. 15, p. 278 &#8211; 295, junho 2024.<\/a><\/p>\n<p style=\"text-align: justify;\"><a href=\"https:\/\/seer.ufu.br\/index.php\/caminhosdegeografia\/article\/view\/48139\">FLACH, C. W.; CORR\u00caA ALVES, E. A.; MEURER, M. Taxa de Infiltra\u00e7\u00e3o da \u00c1gua e Resist\u00eancia Mec\u00e2nica \u00e0 Penetra\u00e7\u00e3o em Solos Submetidos a diferentes Usos na Regi\u00e3o da Serra de Sudeste\/RS. Caminhos de Geografia), v. 21, p. 223-242, 2020.<\/a><\/p>\n<p style=\"text-align: justify;\"><a href=\"https:\/\/geopuc.emnuvens.com.br\/revista\/article\/view\/10\">LOPES, A. L. de O.; CARDOSO, A. M.; TRENTIN, G.; SIMON, A. L. H. Manifesta\u00e7\u00e3o paisag\u00edstica das \u00e1reas com elevados valores do \u00edndice de geodiversidade no Pampa Atl\u00e2ntico brasileiro. GeoPUC, Rio de Janeiro, Brasil, v. 15, n. 29, 2023.<\/a><\/p>\n<p style=\"text-align: justify;\"><a href=\"https:\/\/periodicos.ufsm.br\/geografia\/article\/view\/44185\">LOPES, A. L. de O.; DIAS, L. C.; SIMON, A. L. H. Produ\u00e7\u00e3o de materiais educativos para o Parque Estadual do Camaqu\u00e3(RS\/Brasil): Estrat\u00e9gias de divulga\u00e7\u00e3o e educa\u00e7\u00e3o ambiental. Geografia Ensino &amp; Pesquisa, [S. l.], v. 25, p. e15, 2021.<\/a><\/p>\n<p style=\"text-align: justify;\"><a href=\"https:\/\/rbgeomorfologia.org.br\/rbg\/article\/view\/1939\">MADEIRA, M. R.; CORREA, E. A.; SIMON, A. L. H. Spatial Concentration of Geomorphological Heritage Elements in Guaritas do Camaqu\u00e3 Geomorphosite (Rio Grande do Sul\u2013 Brazil). Revista Brasileira de Geomorfologia, [S. l.], v. 22, n. 2, 2021.<\/a><\/p>\n<p style=\"text-align: justify;\"><a href=\"https:\/\/periodicos.ufsm.br\/cienciaenatura\/article\/view\/15001\">MEURER, M.; FLACH, C. W. . A Geomorfologia do Munic\u00edpio de Arroio do Padre &#8211; RS e as suas Rela\u00e7\u00f5es com as Altera\u00e7\u00f5es Geomorfol\u00f3gicas da Enxurrada de 15 de Novembro de 2010. CI\u00caNCIA E NATURA, v. 37, p. 311-328, 2015.<\/a><\/p>\n<p style=\"text-align: justify;\"><a href=\"https:\/\/link.springer.com\/article\/10.1007\/s12371-024-00918-0\">NOBRE, A. G.; MEURER, M.; CAMPANARO, J. FELIPE ; DE BORBA, ANDR\u00c9 WEISSHEIMER . Geodiversity Elements of Geological Collections as Ex Situ Teaching Tool: The Example of the Geography Department at the Federal University of Pelotas, Rio Grande do Sul, Brazil. GEOHERITAGE, v. 16, p. 1-11, 2024.<\/a><\/p>\n<p style=\"text-align: justify;\"><a href=\"https:\/\/seer.ufu.br\/index.php\/caminhosdegeografia\/article\/view\/55365\">N\u00d6RNBERG, S. O.; REHBEIN, M. O. Fragilidade ambiental do munic\u00edpio de Pelotas\/ RS: aplica\u00e7\u00e3o e compara\u00e7\u00e3o de dois modelos. Caminhos de Geografia, v. 22, p. 42-59, 2021.<\/a><\/p>\n<p style=\"text-align: justify;\"><a href=\"https:\/\/www.revistas.usp.br\/geousp\/article\/view\/192343\">OLIVEIRA, A. O.; REHBEIN, M. O. Vulnerabilidade social no litoral lagunar do Rio Grande do Sul: mapeamento de \u00cdndice de Vulnerabilidade Social para a orla municipal de Pelotas\/RS. GEOUSP: espa\u00e7o e tempo, v. 26, p. 01-24, 2022.<\/a><\/p>\n<p style=\"text-align: justify;\"><a href=\"https:\/\/seer.ufu.br\/index.php\/caminhosdegeografia\/article\/view\/62656\">PAGANOTTO, V. D.; ALVES, E. A. C.; TRENTIN, G.; SIMON, A. L. H. Din\u00e2mica dos Usos da Terra em \u00c1reas de Elevada Energia do Relevo: Subs\u00eddios \u00e0 Geoconserva\u00e7\u00e3o da Cachoeira Arco-\u00cdris (RS-Brasil). Caminhos de Geografia, Uberl\u00e2ndia, v. 24, n. 92, p. 23\u201341, 2023.<\/a><\/p>\n<p style=\"text-align: justify;\"><a href=\"https:\/\/periodicos.udesc.br\/index.php\/percursos\/article\/view\/21404\">PAGANOTTO, V.; CORR\u00caA, T. G.; SIMON, A. L. H. Identifica\u00e7\u00e3o de quedas d&#8217;\u00e1gua nos munic\u00edpios de Pelotas e Arroio do Padre (Brasil) por meio da cartografia colaborativa: subs\u00eddios ao geoturismo. Percursos (Florian\u00f3polis. Online), v. 23, p. 131-154, 2022.<\/a><\/p>\n<p style=\"text-align: justify;\"><a href=\"https:\/\/revistas.ufpel.edu.br\/index.php\/expressa\/article\/view\/4653\">PAGANOTTO, V. D. ; SIMON, A. L. H. Invent\u00e1rio Das Quedas D\u2019\u00c1gua de Pelotas e Arroio do Padre (RS): Subs\u00eddios ao Geoturismo e ao Desenvolvimento Sustent\u00e1vel. Expressa Extens\u00e3o, v. 28, p. 55-70, 2023.<\/a><\/p>\n<p style=\"text-align: justify;\"><a href=\"https:\/\/revistas.ufpr.br\/geografar\/article\/view\/79492\">REHBEIN, M. O.; SILVA, A. R. E.; DUTRA, D. S. Cartografia morfol\u00f3gica do relevo do munic\u00edpio de Pelotas (RS). Geografar. Revista Eletr\u00f4nica do Programa de P\u00f3s-Gradua\u00e7\u00e3o em Geografia da UFPR, v. 16, p. 531-554, 2021.<\/a><\/p>\n<p style=\"text-align: justify;\"><a href=\"https:\/\/www.periodicos.rc.biblioteca.unesp.br\/index.php\/estgeo\/article\/view\/13844\">REHBEIN, M. O.; DUTRA, D. S. Mapeamento Geomorfol\u00f3gico da \u00e1rea de influ\u00eancia do Escudo Sul-Riograndense no munic\u00edpio de Pelotas\/ RS. Estudos Geogr\u00e1ficos (UNESP), v. 18, p. 01-23, 2020.<\/a><\/p>\n<p style=\"text-align: justify;\"><a href=\"https:\/\/www.revistas.usp.br\/rdg\/article\/view\/47243\">REHBEIN, M. O.; FUJIMOTO, N. S. V. M. An\u00e1lise das transforma\u00e7\u00f5es morfodin\u00e2micas em s\u00edtio urbano: o caso da Vila Augusta &#8211; Regi\u00e3o Metropolitana de Porto Alegre &#8211; RS. Revista do Departamento de Geografia (USP), p. 73-91, 2010<\/a>.<\/p>\n<p style=\"text-align: justify;\"><a href=\"https:\/\/www.revistas.usp.br\/geousp\/article\/view\/74157\">REHBEIN, M. O.; ROSS, J. L. S. Impacto ambiental urbano: revis\u00f5es e constru\u00e7\u00f5es de significados. GEOUSP: espa\u00e7o e tempo, p. 95-112, 2010.<\/a><\/p>\n<p style=\"text-align: justify;\"><a href=\"https:\/\/revistas.ufpr.br\/geografar\/article\/view\/17787\">REHBEIN, M. O. Ensaios sobre o meio (ambiente): os significados de natureza por olhares geogr\u00e1ficos. Geografar. Revista Eletr\u00f4nica do Programa de P\u00f3s-Gradua\u00e7\u00e3o em Geografia da UFPR, v. 5, p. 155-175, 2010.<\/a><\/p>\n<p style=\"text-align: justify;\"><a href=\"https:\/\/seer.ufrgs.br\/index.php\/bgg\/article\/view\/37436\">REHBEIN, M. O.; FUJIMOTO, N. S. V. M. An\u00e1lise ambiental: Vila Augusta\/ Viam\u00e3o\/ RS. Boletim Ga\u00facho de Geografia, v. 33, p. 215-232, 2007.<\/a><\/p>\n<p style=\"text-align: justify;\"><a href=\"https:\/\/seer.ufu.br\/index.php\/caminhosdegeografia\/article\/view\/66221\">SAMPAIO, P. V.; PASSOS, M. M. dos; ALVES, E. A. C. Consequ\u00eancias da Intensifica\u00e7\u00e3o dos Usos da Terra nos Processos Erosivos Lineares no Sudeste Ga\u00facho. Caminhos de Geografia, Uberl\u00e2ndia, v. 25, n. 97, p. 65\u201388, 2024.<\/a><\/p>\n<p style=\"text-align: justify;\"><a href=\"https:\/\/revistas.uminho.pt\/index.php\/physisterrae\/article\/view\/5574\">SCHWANZ, V. B. ; OLIVEIRA, V. E. S. de ; SIMON, A. L. H. ; TRENTIN, G. A din\u00e2mica das coberturas e usos da terra e as amea\u00e7as \u00e0 geodiversidade no munic\u00edpio de S\u00e3o Louren\u00e7o do Sul (Brasil). Physis Terrae &#8211; Revista Ibero-Afro-Americana de Geografia F\u00edsica e Ambiente, v. 5, p. 305-316, 2023.<\/a><\/p>\n<p style=\"text-align: justify;\"><a href=\"https:\/\/rbgeomorfologia.org.br\/rbg\/article\/view\/1342\">SILVA, A. R. E.; REHBEIN, M. O. An\u00e1lise e mapeamento geomorfol\u00f3gico da \u00e1rea de influ\u00eancia da plan\u00edcie costeira de Pelotas (Rio Grande do Sul, Brasil). Revista Brasileira de Geomorfologia , v. 19, p. 567-585, 2018.<\/a><\/p>\n<p style=\"text-align: justify;\"><a href=\"https:\/\/seer.ufu.br\/index.php\/caminhosdegeografia\/article\/view\/42579\">VON AHN, M. M.; SIMON, A. L. H. Geodiversidade e Antropogeomorfologia: Possibilidades para a Conserva\u00e7\u00e3o do Geopatrim\u00f4nio em \u00c1reas de Minera\u00e7\u00e3o. Caminhos de Geografia, Uberl\u00e2ndia, v. 20, n. 72, p. 118\u2013135, 2019.<\/a><\/p>\n<p style=\"text-align: justify;\"><a href=\"http:\/\/www.mercator.ufc.br\/mercator\/article\/view\/e18002\">VON AHN, M. M.; SIMON, A. L. H. Geomorphological Approach in the Study of Mining Heritage. Mercator, Fortaleza, v. 18, jan. 2019.<\/a><\/p>\n","protected":false},"excerpt":{"rendered":"<p>ALVES, E. A. C.; SAMPAIO, P. V.; LEMOS, L. de S.; DOS PASSOS, M. M. Degrada\u00e7\u00e3o dos Solos: Impactos Ambientais e Metodologias de An\u00e1lise. Revista Territorium Terram, [S. l.], v. 6, n. 8, 2023. CARDOSO, A. M. ; LOPES, A. L. O. ; SIMON, A. L. H.\u00a0 Paisagens ic\u00f4nicas e seus potenciais para o desenvolvimento &hellip; <\/p>\n<p><a class=\"more-link btn\" href=\"https:\/\/wp.ufpel.edu.br\/leagef\/publicacoes\/artigos\/\">Continue lendo<\/a><\/p>\n","protected":false},"author":492,"featured_media":0,"parent":56,"menu_order":3,"comment_status":"closed","ping_status":"closed","template":"","meta":{"footnotes":""},"class_list":["post-93","page","type-page","status-publish","hentry","nodate","item-wrap"],"_links":{"self":[{"href":"https:\/\/wp.ufpel.edu.br\/leagef\/wp-json\/wp\/v2\/pages\/93","targetHints":{"allow":["GET"]}}],"collection":[{"href":"https:\/\/wp.ufpel.edu.br\/leagef\/wp-json\/wp\/v2\/pages"}],"about":[{"href":"https:\/\/wp.ufpel.edu.br\/leagef\/wp-json\/wp\/v2\/types\/page"}],"author":[{"embeddable":true,"href":"https:\/\/wp.ufpel.edu.br\/leagef\/wp-json\/wp\/v2\/users\/492"}],"replies":[{"embeddable":true,"href":"https:\/\/wp.ufpel.edu.br\/leagef\/wp-json\/wp\/v2\/comments?post=93"}],"version-history":[{"count":19,"href":"https:\/\/wp.ufpel.edu.br\/leagef\/wp-json\/wp\/v2\/pages\/93\/revisions"}],"predecessor-version":[{"id":395,"href":"https:\/\/wp.ufpel.edu.br\/leagef\/wp-json\/wp\/v2\/pages\/93\/revisions\/395"}],"up":[{"embeddable":true,"href":"https:\/\/wp.ufpel.edu.br\/leagef\/wp-json\/wp\/v2\/pages\/56"}],"wp:attachment":[{"href":"https:\/\/wp.ufpel.edu.br\/leagef\/wp-json\/wp\/v2\/media?parent=93"}],"curies":[{"name":"wp","href":"https:\/\/api.w.org\/{rel}","templated":true}]}}

<p style="text-align: justify;"><a href="http://seer.ufsj.edu.br/territorium_terram/article/view/5244">ALVES, E. A. C.; SAMPAIO, P. V.; LEMOS, L. de S.; DOS PASSOS, M. M. Degradação dos Solos: Impactos Ambientais e Metodologias de Análise. Revista Territorium Terram, [S. l.], v. 6, n. 8, 2023.</a></p>
<p style="text-align: justify;"><a href="https://meioambientebrasil.com.br/index.php/MABRA/article/view/302">CARDOSO, A. M. ; LOPES, A. L. O. ; SIMON, A. L. H.  Paisagens icônicas e seus potenciais para o desenvolvimento local dos Campos Neutrais do Rio Grande do Sul (Brasil). Meio Ambiente (Brasil), v. 5, p. 37-50, 2023.</a></p>
<p style="text-align: justify;"><a href="http://www.geosaberes.ufc.br/geosaberes/article/view/1345">CARDOSO, A. M.; MADEIRA, M.; SCHWANZ, V.  B.; SIMON, A. L. H. Aspects of Environmental Legislation that Regulate the Use of Water in the Landscape of the Campos Neutrais of Rio Grande do Sul (Brazil). Geosaberes, Fortaleza, v. 15, p. 278 &#8211; 295, junho 2024.</a></p>
<p style="text-align: justify;"><a href="https://seer.ufu.br/index.php/caminhosdegeografia/article/view/48139">FLACH, C. W.; CORRÊA ALVES, E. A.; MEURER, M. Taxa de Infiltração da Água e Resistência Mecânica à Penetração em Solos Submetidos a diferentes Usos na Região da Serra de Sudeste/RS. Caminhos de Geografia), v. 21, p. 223-242, 2020.</a></p>
<p style="text-align: justify;"><a href="https://geopuc.emnuvens.com.br/revista/article/view/10">LOPES, A. L. de O.; CARDOSO, A. M.; TRENTIN, G.; SIMON, A. L. H. Manifestação paisagística das áreas com elevados valores do índice de geodiversidade no Pampa Atlântico brasileiro. GeoPUC, Rio de Janeiro, Brasil, v. 15, n. 29, 2023.</a></p>
<p style="text-align: justify;"><a href="https://periodicos.ufsm.br/geografia/article/view/44185">LOPES, A. L. de O.; DIAS, L. C.; SIMON, A. L. H. Produção de materiais educativos para o Parque Estadual do Camaquã(RS/Brasil): Estratégias de divulgação e educação ambiental. Geografia Ensino &amp; Pesquisa, [S. l.], v. 25, p. e15, 2021.</a></p>
<p style="text-align: justify;"><a href="https://rbgeomorfologia.org.br/rbg/article/view/1939">MADEIRA, M. R.; CORREA, E. A.; SIMON, A. L. H. Spatial Concentration of Geomorphological Heritage Elements in Guaritas do Camaquã Geomorphosite (Rio Grande do Sul– Brazil). Revista Brasileira de Geomorfologia, [S. l.], v. 22, n. 2, 2021.</a></p>
<p style="text-align: justify;"><a href="https://periodicos.ufsm.br/cienciaenatura/article/view/15001">MEURER, M.; FLACH, C. W. . A Geomorfologia do Município de Arroio do Padre &#8211; RS e as suas Relações com as Alterações Geomorfológicas da Enxurrada de 15 de Novembro de 2010. CIÊNCIA E NATURA, v. 37, p. 311-328, 2015.</a></p>
<p style="text-align: justify;"><a href="https://link.springer.com/article/10.1007/s12371-024-00918-0">NOBRE, A. G.; MEURER, M.; CAMPANARO, J. FELIPE ; DE BORBA, ANDRÉ WEISSHEIMER . Geodiversity Elements of Geological Collections as Ex Situ Teaching Tool: The Example of the Geography Department at the Federal University of Pelotas, Rio Grande do Sul, Brazil. GEOHERITAGE, v. 16, p. 1-11, 2024.</a></p>
<p style="text-align: justify;"><a href="https://seer.ufu.br/index.php/caminhosdegeografia/article/view/55365">NÖRNBERG, S. O.; REHBEIN, M. O. Fragilidade ambiental do município de Pelotas/ RS: aplicação e comparação de dois modelos. Caminhos de Geografia, v. 22, p. 42-59, 2021.</a></p>
<p style="text-align: justify;"><a href="https://www.revistas.usp.br/geousp/article/view/192343">OLIVEIRA, A. O.; REHBEIN, M. O. Vulnerabilidade social no litoral lagunar do Rio Grande do Sul: mapeamento de Índice de Vulnerabilidade Social para a orla municipal de Pelotas/RS. GEOUSP: espaço e tempo, v. 26, p. 01-24, 2022.</a></p>
<p style="text-align: justify;"><a href="https://seer.ufu.br/index.php/caminhosdegeografia/article/view/62656">PAGANOTTO, V. D.; ALVES, E. A. C.; TRENTIN, G.; SIMON, A. L. H. Dinâmica dos Usos da Terra em Áreas de Elevada Energia do Relevo: Subsídios à Geoconservação da Cachoeira Arco-Íris (RS-Brasil). Caminhos de Geografia, Uberlândia, v. 24, n. 92, p. 23–41, 2023.</a></p>
<p style="text-align: justify;"><a href="https://periodicos.udesc.br/index.php/percursos/article/view/21404">PAGANOTTO, V.; CORRÊA, T. G.; SIMON, A. L. H. Identificação de quedas d&#8217;água nos municípios de Pelotas e Arroio do Padre (Brasil) por meio da cartografia colaborativa: subsídios ao geoturismo. Percursos (Florianópolis. Online), v. 23, p. 131-154, 2022.</a></p>
<p style="text-align: justify;"><a href="https://revistas.ufpel.edu.br/index.php/expressa/article/view/4653">PAGANOTTO, V. D. ; SIMON, A. L. H. Inventário Das Quedas D’Água de Pelotas e Arroio do Padre (RS): Subsídios ao Geoturismo e ao Desenvolvimento Sustentável. Expressa Extensão, v. 28, p. 55-70, 2023.</a></p>
<p style="text-align: justify;"><a href="https://revistas.ufpr.br/geografar/article/view/79492">REHBEIN, M. O.; SILVA, A. R. E.; DUTRA, D. S. Cartografia morfológica do relevo do município de Pelotas (RS). Geografar. Revista Eletrônica do Programa de Pós-Graduação em Geografia da UFPR, v. 16, p. 531-554, 2021.</a></p>
<p style="text-align: justify;"><a href="https://www.periodicos.rc.biblioteca.unesp.br/index.php/estgeo/article/view/13844">REHBEIN, M. O.; DUTRA, D. S. Mapeamento Geomorfológico da área de influência do Escudo Sul-Riograndense no município de Pelotas/ RS. Estudos Geográficos (UNESP), v. 18, p. 01-23, 2020.</a></p>
<p style="text-align: justify;"><a href="https://www.revistas.usp.br/rdg/article/view/47243">REHBEIN, M. O.; FUJIMOTO, N. S. V. M. Análise das transformações morfodinâmicas em sítio urbano: o caso da Vila Augusta &#8211; Região Metropolitana de Porto Alegre &#8211; RS. Revista do Departamento de Geografia (USP), p. 73-91, 2010</a>.</p>
<p style="text-align: justify;"><a href="https://www.revistas.usp.br/geousp/article/view/74157">REHBEIN, M. O.; ROSS, J. L. S. Impacto ambiental urbano: revisões e construções de significados. GEOUSP: espaço e tempo, p. 95-112, 2010.</a></p>
<p style="text-align: justify;"><a href="https://revistas.ufpr.br/geografar/article/view/17787">REHBEIN, M. O. Ensaios sobre o meio (ambiente): os significados de natureza por olhares geográficos. Geografar. Revista Eletrônica do Programa de Pós-Graduação em Geografia da UFPR, v. 5, p. 155-175, 2010.</a></p>
<p style="text-align: justify;"><a href="https://seer.ufrgs.br/index.php/bgg/article/view/37436">REHBEIN, M. O.; FUJIMOTO, N. S. V. M. Análise ambiental: Vila Augusta/ Viamão/ RS. Boletim Gaúcho de Geografia, v. 33, p. 215-232, 2007.</a></p>
<p style="text-align: justify;"><a href="https://seer.ufu.br/index.php/caminhosdegeografia/article/view/66221">SAMPAIO, P. V.; PASSOS, M. M. dos; ALVES, E. A. C. Consequências da Intensificação dos Usos da Terra nos Processos Erosivos Lineares no Sudeste Gaúcho. Caminhos de Geografia, Uberlândia, v. 25, n. 97, p. 65–88, 2024.</a></p>
<p style="text-align: justify;"><a href="https://revistas.uminho.pt/index.php/physisterrae/article/view/5574">SCHWANZ, V. B. ; OLIVEIRA, V. E. S. de ; SIMON, A. L. H. ; TRENTIN, G. A dinâmica das coberturas e usos da terra e as ameaças à geodiversidade no município de São Lourenço do Sul (Brasil). Physis Terrae &#8211; Revista Ibero-Afro-Americana de Geografia Física e Ambiente, v. 5, p. 305-316, 2023.</a></p>
<p style="text-align: justify;"><a href="https://rbgeomorfologia.org.br/rbg/article/view/1342">SILVA, A. R. E.; REHBEIN, M. O. Análise e mapeamento geomorfológico da área de influência da planície costeira de Pelotas (Rio Grande do Sul, Brasil). Revista Brasileira de Geomorfologia , v. 19, p. 567-585, 2018.</a></p>
<p style="text-align: justify;"><a href="https://seer.ufu.br/index.php/caminhosdegeografia/article/view/42579">VON AHN, M. M.; SIMON, A. L. H. Geodiversidade e Antropogeomorfologia: Possibilidades para a Conservação do Geopatrimônio em Áreas de Mineração. Caminhos de Geografia, Uberlândia, v. 20, n. 72, p. 118–135, 2019.</a></p>
<p style="text-align: justify;"><a href="http://www.mercator.ufc.br/mercator/article/view/e18002">VON AHN, M. M.; SIMON, A. L. H. Geomorphological Approach in the Study of Mining Heritage. Mercator, Fortaleza, v. 18, jan. 2019.</a></p>

<p>ALVES, E. A. C.; SAMPAIO, P. V.; LEMOS, L. de S.; DOS PASSOS, M. M. Degradação dos Solos: Impactos Ambientais e Metodologias de Análise. Revista Territorium Terram, [S. l.], v. 6, n. 8, 2023. CARDOSO, A. M. ; LOPES, A. L. O. ; SIMON, A. L. H.  Paisagens icônicas e seus potenciais para o desenvolvimento &hellip; </p>
<p><a class="more-link btn" href="https://wp.ufpel.edu.br/leagef/publicacoes/artigos/">Continue lendo</a></p>
