{"id":396,"date":"2024-08-29T10:00:16","date_gmt":"2024-08-29T13:00:16","guid":{"rendered":"https:\/\/wp.ufpel.edu.br\/leagef\/?page_id=396"},"modified":"2024-08-30T11:03:55","modified_gmt":"2024-08-30T14:03:55","slug":"imprensa","status":"publish","type":"page","link":"https:\/\/wp.ufpel.edu.br\/leagef\/publicacoes\/imprensa\/","title":{"rendered":"Imprensa"},"content":{"rendered":"<p><a href=\"https:\/\/www.youtube.com\/watch?app=desktop&amp;v=k9Li4d5fjsU\">Entrevista com o Prof. Mois\u00e9s O. Rehbein sobre o futuro das cidades e formas de planejamento que contemplem a mitiga\u00e7\u00e3o dos riscos ambientais em um eventual contexto de emerg\u00eancia clim\u00e1tica<\/a> &#8211; R\u00e1dio Com, 27\/06\/2024.<\/p>\n<p><a href=\"https:\/\/www.youtube.com\/watch?v=DhwrHXC9kqI\">Entrevista com o Prof. Mois\u00e9s O. Rehbein sobre as inunda\u00e7\u00f5es de maio de 2024<\/a> &#8211; Di\u00e1rio Popular, 15\/05\/2024.<\/p>\n<p><a href=\"https:\/\/ihu.unisinos.br\/639704-precisamos-entender-e-respeitar-a-natureza-caso-contrario-teremos-mais-desastres-entrevista-especial-com-moises-rehbein\">\u201cPrecisamos entender e respeitar a natureza, caso contr\u00e1rio, teremos mais desastres\u201d. Entrevista especial com Mois\u00e9s Rehbein<\/a> &#8211; Instituto Humanitas Unisinos,<\/p>\n<p><a href=\"https:\/\/www.jornaltradicao.com.br\/arroio-do-padre\/geral\/projeto-da-ufpel-busca-reconhecimento-da-unesco-para-geoparque-paisagem-das-aguas-no-estuario-da-lagoa-dos-patos\/\">Projeto da UFPel busca reconhecimento da Unesco para Geoparque Paisagem das \u00c1guas, no estu\u00e1rio da Lagoa dos Patos<\/a> &#8211; Jornal Tradi\u00e7\u00e3o Regional, 11\/08\/2023<\/p>\n<p><a href=\"https:\/\/gauchazh.clicrbs.com.br\/ambiente\/noticia\/2023\/07\/reconhecimento-de-geoparques-no-rs-impulsiona-o-ecoturismo-e-muda-rotina-das-regioes-envolvidas-clkmnfw6j004i0154ubq6ewxi.html\">Reconhecimento de geoparques no RS impulsiona o ecoturismo e muda rotina das regi\u00f5es envolvidas<\/a> &#8211; Portal GZH e Jornal Zero Hora, 28\/07\/2023.<\/p>\n<p><a href=\"https:\/\/soundcloud.com\/radiogaucha\/gaucha-zs-12062023-prof-adriano-simon-coord-do-projeto-lagoa-dos-patos-geoparque\">Entrevista do Prof. Adriano L. H. Simon sobre o Projeto Geoparque Paisagem das \u00c1guas<\/a> &#8211; R\u00e1dio Ga\u00facha Zona Sul, 12\/06\/2023.<\/p>\n<p><a href=\"https:\/\/diariopopular.weblink.com.co\/geral\/junto_com_as_cheias_espalha_se_o_alerta.339478\">Junto com as cheias, espalha-se o alerta<\/a> &#8211; Di\u00e1rio Popular, 24\/10\/2015.<\/p>\n<p><a href=\"https:\/\/antigo.jornaltradicao.com.br\/site\/content\/variedades\/index.php?noticia=7419\">UFPel fez corre\u00e7\u00f5es no GPS em Piratini<\/a> &#8211; Jornal Tradi\u00e7\u00e3o Regional, 26\/07\/2013.<\/p>\n","protected":false},"excerpt":{"rendered":"<p>Entrevista com o Prof. Mois\u00e9s O. Rehbein sobre o futuro das cidades e formas de planejamento que contemplem a mitiga\u00e7\u00e3o dos riscos ambientais em um eventual contexto de emerg\u00eancia clim\u00e1tica &#8211; R\u00e1dio Com, 27\/06\/2024. Entrevista com o Prof. Mois\u00e9s O. Rehbein sobre as inunda\u00e7\u00f5es de maio de 2024 &#8211; Di\u00e1rio Popular, 15\/05\/2024. \u201cPrecisamos entender e &hellip; <\/p>\n<p><a class=\"more-link btn\" href=\"https:\/\/wp.ufpel.edu.br\/leagef\/publicacoes\/imprensa\/\">Continue lendo<\/a><\/p>\n","protected":false},"author":492,"featured_media":0,"parent":56,"menu_order":4,"comment_status":"closed","ping_status":"closed","template":"","meta":{"footnotes":""},"class_list":["post-396","page","type-page","status-publish","hentry","nodate","item-wrap"],"_links":{"self":[{"href":"https:\/\/wp.ufpel.edu.br\/leagef\/wp-json\/wp\/v2\/pages\/396","targetHints":{"allow":["GET"]}}],"collection":[{"href":"https:\/\/wp.ufpel.edu.br\/leagef\/wp-json\/wp\/v2\/pages"}],"about":[{"href":"https:\/\/wp.ufpel.edu.br\/leagef\/wp-json\/wp\/v2\/types\/page"}],"author":[{"embeddable":true,"href":"https:\/\/wp.ufpel.edu.br\/leagef\/wp-json\/wp\/v2\/users\/492"}],"replies":[{"embeddable":true,"href":"https:\/\/wp.ufpel.edu.br\/leagef\/wp-json\/wp\/v2\/comments?post=396"}],"version-history":[{"count":9,"href":"https:\/\/wp.ufpel.edu.br\/leagef\/wp-json\/wp\/v2\/pages\/396\/revisions"}],"predecessor-version":[{"id":406,"href":"https:\/\/wp.ufpel.edu.br\/leagef\/wp-json\/wp\/v2\/pages\/396\/revisions\/406"}],"up":[{"embeddable":true,"href":"https:\/\/wp.ufpel.edu.br\/leagef\/wp-json\/wp\/v2\/pages\/56"}],"wp:attachment":[{"href":"https:\/\/wp.ufpel.edu.br\/leagef\/wp-json\/wp\/v2\/media?parent=396"}],"curies":[{"name":"wp","href":"https:\/\/api.w.org\/{rel}","templated":true}]}}