{"id":38,"date":"2019-04-17T14:56:28","date_gmt":"2019-04-17T17:56:28","guid":{"rendered":"https:\/\/wp.ufpel.edu.br\/leagef\/?page_id=38"},"modified":"2024-08-19T16:18:51","modified_gmt":"2024-08-19T19:18:51","slug":"discentes","status":"publish","type":"page","link":"https:\/\/wp.ufpel.edu.br\/leagef\/equipe\/discentes\/","title":{"rendered":"Discentes"},"content":{"rendered":"<p><strong>Gradua\u00e7\u00e3o:<br \/>\n<\/strong>Adriane Amaral Sampaio<br \/>\nAlexandra Luize Spironello<br \/>\nD\u00e9bora Azevedo Werhlig<br \/>\nGabriel Horner Rodrigues<br \/>\nGabriel Gorga Cardoso<br \/>\nGabriela Klering Dias<br \/>\nIsaack Brito<br \/>\nJoana Trapp Jung de Souza<br \/>\nLucas Pires Ferreira<br \/>\nMaicon Roberto Pacheco de Oliveira<br \/>\nMurilo Nunes<br \/>\nRafael Aires Pizzutti<br \/>\nRafael Ramon Machado dos Santos<br \/>\nVivian Rochely do Carmo Nunes<br \/>\nWillian Azeredo da Costa<\/p>\n<p><strong>Mestrado:<br \/>\n<\/strong>Cassiely da Roza Pacheco<br \/>\nMatheus Midon dos Passos<br \/>\nLisiane de Sousa Lemos<br \/>\nV\u00edn\u00edcius Bartz Schwanz<\/p>\n<p><strong>Doutorado:<br \/>\n<\/strong>\u00c2ndrea Lenise de Oliveira Lopes<br \/>\nAnelize Milano Cardoso<br \/>\nM\u00e1rlon Roxo Madeira<br \/>\nP\u00e2mela Freitas da Silva<br \/>\nVict\u00f3ria Dejan Paganotto<\/p>\n","protected":false},"excerpt":{"rendered":"<p>Gradua\u00e7\u00e3o: Adriane Amaral Sampaio Alexandra Luize Spironello D\u00e9bora Azevedo Werhlig Gabriel Horner Rodrigues Gabriel Gorga Cardoso Gabriela Klering Dias Isaack Brito Joana Trapp Jung de Souza Lucas Pires Ferreira Maicon Roberto Pacheco de Oliveira Murilo Nunes Rafael Aires Pizzutti Rafael Ramon Machado dos Santos Vivian Rochely do Carmo Nunes Willian Azeredo da Costa Mestrado: Cassiely &hellip; <\/p>\n<p><a class=\"more-link btn\" href=\"https:\/\/wp.ufpel.edu.br\/leagef\/equipe\/discentes\/\">Continue lendo<\/a><\/p>\n","protected":false},"author":492,"featured_media":0,"parent":19,"menu_order":3,"comment_status":"closed","ping_status":"closed","template":"","meta":{"footnotes":""},"class_list":["post-38","page","type-page","status-publish","hentry","nodate","item-wrap"],"_links":{"self":[{"href":"https:\/\/wp.ufpel.edu.br\/leagef\/wp-json\/wp\/v2\/pages\/38","targetHints":{"allow":["GET"]}}],"collection":[{"href":"https:\/\/wp.ufpel.edu.br\/leagef\/wp-json\/wp\/v2\/pages"}],"about":[{"href":"https:\/\/wp.ufpel.edu.br\/leagef\/wp-json\/wp\/v2\/types\/page"}],"author":[{"embeddable":true,"href":"https:\/\/wp.ufpel.edu.br\/leagef\/wp-json\/wp\/v2\/users\/492"}],"replies":[{"embeddable":true,"href":"https:\/\/wp.ufpel.edu.br\/leagef\/wp-json\/wp\/v2\/comments?post=38"}],"version-history":[{"count":19,"href":"https:\/\/wp.ufpel.edu.br\/leagef\/wp-json\/wp\/v2\/pages\/38\/revisions"}],"predecessor-version":[{"id":355,"href":"https:\/\/wp.ufpel.edu.br\/leagef\/wp-json\/wp\/v2\/pages\/38\/revisions\/355"}],"up":[{"embeddable":true,"href":"https:\/\/wp.ufpel.edu.br\/leagef\/wp-json\/wp\/v2\/pages\/19"}],"wp:attachment":[{"href":"https:\/\/wp.ufpel.edu.br\/leagef\/wp-json\/wp\/v2\/media?parent=38"}],"curies":[{"name":"wp","href":"https:\/\/api.w.org\/{rel}","templated":true}]}}