{"id":28,"date":"2019-04-17T14:54:41","date_gmt":"2019-04-17T17:54:41","guid":{"rendered":"https:\/\/wp.ufpel.edu.br\/leagef\/?page_id=28"},"modified":"2024-08-17T09:44:30","modified_gmt":"2024-08-17T12:44:30","slug":"extensao","status":"publish","type":"page","link":"https:\/\/wp.ufpel.edu.br\/leagef\/projetos\/extensao\/","title":{"rendered":"Extens\u00e3o"},"content":{"rendered":"<p><strong>Vigentes:<\/strong><\/p>\n<p><a href=\"https:\/\/institucional.ufpel.edu.br\/projetos\/id\/u6720\">Projeto Geoparque Paisagem das \u00c1guas<\/a> (Financiamento UFPEL &#8211; PROEXT-PG\/2024)<\/p>\n<p><a href=\"https:\/\/institucional.ufpel.edu.br\/projetos\/id\/u7376\">Reposit\u00f3rio de Dados Geoespaciais do LEAGEF\/UFPEL<\/a>.<\/p>\n<p><a href=\"https:\/\/institucional.ufpel.edu.br\/projetos\/id\/u7805\">Levantamento, cadastro e atualiza\u00e7\u00e3o das \u00e1reas verdes do per\u00edmetro urbano do munic\u00edpio de Pelotas\/RS: Subs\u00eddio ao planejamento ambiental.<\/a> (Financiamento FAPERGS &#8211; Edital ARD\/ARC\/2024)<\/p>\n<p style=\"text-align: justify;\"><strong>Anteriores:<\/strong><\/p>\n<p style=\"text-align: justify;\"><a href=\"https:\/\/institucional.ufpel.edu.br\/projetos\/id\/u464\">Descobrindo a Geomorfologia e Hidrogeografia do munic\u00edpio de Pelotas\/ RS: conhecer, sensibilizar, preservar<\/a><\/p>\n<p style=\"text-align: justify;\"><a href=\"https:\/\/institucional.ufpel.edu.br\/projetos\/id\/u110\">Entre \u00c1guas e Rochas: Diagn\u00f3stico Ambiental das quedas de \u00e1gua do munic\u00edpio de Pelotas (RS) com \u00eanfase na Geoconserva\u00e7\u00e3o<\/a><\/p>\n<p style=\"text-align: justify;\"><a href=\"https:\/\/institucional.ufpel.edu.br\/projetos\/id\/u1536\">Mapeamento de Solos e Diagn\u00f3stico Ambiental do alto curso do Arroio Quilombo: conex\u00e3o entre a academia e o produtor rural para a ado\u00e7\u00e3o de boas pr\u00e1ticas de uso e manejo das terras<\/a><\/p>\n","protected":false},"excerpt":{"rendered":"<p>Vigentes: Projeto Geoparque Paisagem das \u00c1guas (Financiamento UFPEL &#8211; PROEXT-PG\/2024) Reposit\u00f3rio de Dados Geoespaciais do LEAGEF\/UFPEL. Levantamento, cadastro e atualiza\u00e7\u00e3o das \u00e1reas verdes do per\u00edmetro urbano do munic\u00edpio de Pelotas\/RS: Subs\u00eddio ao planejamento ambiental. (Financiamento FAPERGS &#8211; Edital ARD\/ARC\/2024) Anteriores: Descobrindo a Geomorfologia e Hidrogeografia do munic\u00edpio de Pelotas\/ RS: conhecer, sensibilizar, preservar Entre \u00c1guas &hellip; <\/p>\n<p><a class=\"more-link btn\" href=\"https:\/\/wp.ufpel.edu.br\/leagef\/projetos\/extensao\/\">Continue lendo<\/a><\/p>\n","protected":false},"author":492,"featured_media":0,"parent":14,"menu_order":3,"comment_status":"closed","ping_status":"closed","template":"","meta":{"footnotes":""},"class_list":["post-28","page","type-page","status-publish","hentry","nodate","item-wrap"],"_links":{"self":[{"href":"https:\/\/wp.ufpel.edu.br\/leagef\/wp-json\/wp\/v2\/pages\/28","targetHints":{"allow":["GET"]}}],"collection":[{"href":"https:\/\/wp.ufpel.edu.br\/leagef\/wp-json\/wp\/v2\/pages"}],"about":[{"href":"https:\/\/wp.ufpel.edu.br\/leagef\/wp-json\/wp\/v2\/types\/page"}],"author":[{"embeddable":true,"href":"https:\/\/wp.ufpel.edu.br\/leagef\/wp-json\/wp\/v2\/users\/492"}],"replies":[{"embeddable":true,"href":"https:\/\/wp.ufpel.edu.br\/leagef\/wp-json\/wp\/v2\/comments?post=28"}],"version-history":[{"count":9,"href":"https:\/\/wp.ufpel.edu.br\/leagef\/wp-json\/wp\/v2\/pages\/28\/revisions"}],"predecessor-version":[{"id":312,"href":"https:\/\/wp.ufpel.edu.br\/leagef\/wp-json\/wp\/v2\/pages\/28\/revisions\/312"}],"up":[{"embeddable":true,"href":"https:\/\/wp.ufpel.edu.br\/leagef\/wp-json\/wp\/v2\/pages\/14"}],"wp:attachment":[{"href":"https:\/\/wp.ufpel.edu.br\/leagef\/wp-json\/wp\/v2\/media?parent=28"}],"curies":[{"name":"wp","href":"https:\/\/api.w.org\/{rel}","templated":true}]}}

Extensão

<p><strong>Vigentes:</strong></p>
<p><a href="https://institucional.ufpel.edu.br/projetos/id/u6720">Projeto Geoparque Paisagem das Águas</a> (Financiamento UFPEL &#8211; PROEXT-PG/2024)</p>
<p><a href="https://institucional.ufpel.edu.br/projetos/id/u7376">Repositório de Dados Geoespaciais do LEAGEF/UFPEL</a>.</p>
<p><a href="https://institucional.ufpel.edu.br/projetos/id/u7805">Levantamento, cadastro e atualização das áreas verdes do perímetro urbano do município de Pelotas/RS: Subsídio ao planejamento ambiental.</a> (Financiamento FAPERGS &#8211; Edital ARD/ARC/2024)</p>
<p style="text-align: justify;"><strong>Anteriores:</strong></p>
<p style="text-align: justify;"><a href="https://institucional.ufpel.edu.br/projetos/id/u464">Descobrindo a Geomorfologia e Hidrogeografia do município de Pelotas/ RS: conhecer, sensibilizar, preservar</a></p>
<p style="text-align: justify;"><a href="https://institucional.ufpel.edu.br/projetos/id/u110">Entre Águas e Rochas: Diagnóstico Ambiental das quedas de água do município de Pelotas (RS) com ênfase na Geoconservação</a></p>
<p style="text-align: justify;"><a href="https://institucional.ufpel.edu.br/projetos/id/u1536">Mapeamento de Solos e Diagnóstico Ambiental do alto curso do Arroio Quilombo: conexão entre a academia e o produtor rural para a adoção de boas práticas de uso e manejo das terras</a></p>

<p>Vigentes: Projeto Geoparque Paisagem das Águas (Financiamento UFPEL &#8211; PROEXT-PG/2024) Repositório de Dados Geoespaciais do LEAGEF/UFPEL. Levantamento, cadastro e atualização das áreas verdes do perímetro urbano do município de Pelotas/RS: Subsídio ao planejamento ambiental. (Financiamento FAPERGS &#8211; Edital ARD/ARC/2024) Anteriores: Descobrindo a Geomorfologia e Hidrogeografia do município de Pelotas/ RS: conhecer, sensibilizar, preservar Entre Águas &hellip; </p>
<p><a class="more-link btn" href="https://wp.ufpel.edu.br/leagef/projetos/extensao/">Continue lendo</a></p>
