{"id":39,"date":"2020-03-26T16:13:44","date_gmt":"2020-03-26T19:13:44","guid":{"rendered":"https:\/\/wp.ufpel.edu.br\/leae\/?page_id=39"},"modified":"2020-04-02T01:08:09","modified_gmt":"2020-04-02T04:08:09","slug":"destaques","status":"publish","type":"page","link":"https:\/\/wp.ufpel.edu.br\/leae\/destaques\/","title":{"rendered":"News"},"content":{"rendered":"<p>&nbsp;<\/p>\n<p><a href=\"https:\/\/www.sciencedirect.com\/science\/article\/abs\/pii\/S0360319919332185?via%3Dihub\"><img class=\"alignnone wp-image-498\" src=\"https:\/\/wp.ufpel.edu.br\/leae\/files\/2020\/03\/Screen-Shot-2020-03-28-at-17.59.48-400x237.png\" alt=\"\" width=\"508\" height=\"301\" srcset=\"https:\/\/wp.ufpel.edu.br\/leae\/files\/2020\/03\/Screen-Shot-2020-03-28-at-17.59.48-400x237.png 400w, https:\/\/wp.ufpel.edu.br\/leae\/files\/2020\/03\/Screen-Shot-2020-03-28-at-17.59.48-1024x608.png 1024w, https:\/\/wp.ufpel.edu.br\/leae\/files\/2020\/03\/Screen-Shot-2020-03-28-at-17.59.48-768x456.png 768w, https:\/\/wp.ufpel.edu.br\/leae\/files\/2020\/03\/Screen-Shot-2020-03-28-at-17.59.48.png 1382w\" sizes=\"(max-width: 508px) 100vw, 508px\" \/><\/a><\/p>\n<blockquote class=\"wp-embedded-content\" data-secret=\"bFIb5DIsYe\"><p><a href=\"https:\/\/wp.ufpel.edu.br\/ppgcamb\/2020\/03\/24\/professor-do-ppgcamb-tem-invencao-patenteada-e-registrada-no-instituto-nacional-de-propriedade-industrial\/\">Professor do PPGCAmb tem inven\u00e7\u00e3o patenteada e registrada no Instituto Nacional de Propriedade Industrial<\/a><\/p><\/blockquote>\n<p><iframe class=\"wp-embedded-content\" sandbox=\"allow-scripts\" security=\"restricted\" style=\"position: absolute; clip: rect(1px, 1px, 1px, 1px);\" title=\"&#8220;Professor do PPGCAmb tem inven\u00e7\u00e3o patenteada e registrada no Instituto Nacional de Propriedade Industrial&#8221; &#8212; PPGCAmb\" src=\"https:\/\/wp.ufpel.edu.br\/ppgcamb\/2020\/03\/24\/professor-do-ppgcamb-tem-invencao-patenteada-e-registrada-no-instituto-nacional-de-propriedade-industrial\/embed\/#?secret=mRWIrlBJt7#?secret=bFIb5DIsYe\" data-secret=\"bFIb5DIsYe\" width=\"500\" height=\"282\" frameborder=\"0\" marginwidth=\"0\" marginheight=\"0\" scrolling=\"no\"><\/iframe><\/p>\n<blockquote class=\"wp-embedded-content\" data-secret=\"42BzGQ0eg6\"><p><a href=\"https:\/\/wp.ufpel.edu.br\/ppgcamb\/2019\/11\/08\/participacao-no-1o-encontro-operadores-de-gestao-de-risco-e-desastre-da-regiao-sul\/\">PARTICIPA\u00c7\u00c3O NO 1\u00ba ENCONTRO OPERADORES DE GEST\u00c3O DE RISCO E DESASTRE DA REGI\u00c3O SUL:<\/a><\/p><\/blockquote>\n<p><iframe class=\"wp-embedded-content\" sandbox=\"allow-scripts\" security=\"restricted\" style=\"position: absolute; clip: rect(1px, 1px, 1px, 1px);\" title=\"&#8220;PARTICIPA\u00c7\u00c3O NO 1\u00ba ENCONTRO OPERADORES DE GEST\u00c3O DE RISCO E DESASTRE DA REGI\u00c3O SUL:&#8221; &#8212; PPGCAmb\" src=\"https:\/\/wp.ufpel.edu.br\/ppgcamb\/2019\/11\/08\/participacao-no-1o-encontro-operadores-de-gestao-de-risco-e-desastre-da-regiao-sul\/embed\/#?secret=XPawAoWV0j#?secret=42BzGQ0eg6\" data-secret=\"42BzGQ0eg6\" width=\"500\" height=\"282\" frameborder=\"0\" marginwidth=\"0\" marginheight=\"0\" scrolling=\"no\"><\/iframe><\/p>\n<blockquote class=\"wp-embedded-content\" data-secret=\"peadS3Jj3K\"><p><a href=\"https:\/\/wp.ufpel.edu.br\/ceng\/professor-do-ceng-vence-edital-para-professor-visitante-na-uniao-europeia\/\">Professor do CEng vence edital para professor visitante na Uni\u00e3o Europeia<\/a><\/p><\/blockquote>\n<p><iframe class=\"wp-embedded-content\" sandbox=\"allow-scripts\" security=\"restricted\" style=\"position: absolute; clip: rect(1px, 1px, 1px, 1px);\" title=\"&#8220;Professor do CEng vence edital para professor visitante na Uni\u00e3o Europeia&#8221; &#8212; Centro de Engenharias\" src=\"https:\/\/wp.ufpel.edu.br\/ceng\/professor-do-ceng-vence-edital-para-professor-visitante-na-uniao-europeia\/embed\/#?secret=rz087OqiDH#?secret=peadS3Jj3K\" data-secret=\"peadS3Jj3K\" width=\"500\" height=\"282\" frameborder=\"0\" marginwidth=\"0\" marginheight=\"0\" scrolling=\"no\"><\/iframe><\/p>\n<blockquote class=\"wp-embedded-content\" data-secret=\"WfeTbtTrGh\"><p><a href=\"https:\/\/wp.ufpel.edu.br\/ppgcamb\/2019\/11\/08\/1343\/\">Participa\u00e7\u00e3o no VII Congresso da Rede Brasileira de Tecnologia e Inova\u00e7\u00e3o de Biodiesel<\/a><\/p><\/blockquote>\n<p><iframe class=\"wp-embedded-content\" sandbox=\"allow-scripts\" security=\"restricted\" style=\"position: absolute; clip: rect(1px, 1px, 1px, 1px);\" title=\"&#8220;Participa\u00e7\u00e3o no VII Congresso da Rede Brasileira de Tecnologia e Inova\u00e7\u00e3o de Biodiesel&#8221; &#8212; PPGCAmb\" src=\"https:\/\/wp.ufpel.edu.br\/ppgcamb\/2019\/11\/08\/1343\/embed\/#?secret=FC6F2aGYcr#?secret=WfeTbtTrGh\" data-secret=\"WfeTbtTrGh\" width=\"500\" height=\"282\" frameborder=\"0\" marginwidth=\"0\" marginheight=\"0\" scrolling=\"no\"><\/iframe><\/p>\n<blockquote class=\"wp-embedded-content\" data-secret=\"B3yHiABUZw\"><p><a href=\"https:\/\/wp.ufpel.edu.br\/ceng\/professor-do-ceng-recebe-premio-da-uniao-europeia\/\">Professor do CEng recebe pr\u00eamio da Uni\u00e3o Europeia<\/a><\/p><\/blockquote>\n<p><iframe class=\"wp-embedded-content\" sandbox=\"allow-scripts\" security=\"restricted\" style=\"position: absolute; clip: rect(1px, 1px, 1px, 1px);\" title=\"&#8220;Professor do CEng recebe pr\u00eamio da Uni\u00e3o Europeia&#8221; &#8212; Centro de Engenharias\" src=\"https:\/\/wp.ufpel.edu.br\/ceng\/professor-do-ceng-recebe-premio-da-uniao-europeia\/embed\/#?secret=golOMs6wPR#?secret=B3yHiABUZw\" data-secret=\"B3yHiABUZw\" width=\"500\" height=\"282\" frameborder=\"0\" marginwidth=\"0\" marginheight=\"0\" scrolling=\"no\"><\/iframe><\/p>\n","protected":false},"excerpt":{"rendered":"<p>&nbsp; Professor do PPGCAmb tem inven\u00e7\u00e3o patenteada e registrada no Instituto Nacional de Propriedade Industrial PARTICIPA\u00c7\u00c3O NO 1\u00ba ENCONTRO OPERADORES DE GEST\u00c3O DE RISCO E DESASTRE DA REGI\u00c3O SUL: Professor do CEng vence edital para professor visitante na Uni\u00e3o Europeia Participa\u00e7\u00e3o no VII Congresso da Rede Brasileira de Tecnologia e Inova\u00e7\u00e3o de Biodiesel Professor do [&hellip;]<\/p>\n","protected":false},"author":989,"featured_media":498,"parent":0,"menu_order":0,"comment_status":"closed","ping_status":"closed","template":"","meta":{"footnotes":""},"class_list":["post-39","page","type-page","status-publish","has-post-thumbnail","hentry"],"_links":{"self":[{"href":"https:\/\/wp.ufpel.edu.br\/leae\/wp-json\/wp\/v2\/pages\/39","targetHints":{"allow":["GET"]}}],"collection":[{"href":"https:\/\/wp.ufpel.edu.br\/leae\/wp-json\/wp\/v2\/pages"}],"about":[{"href":"https:\/\/wp.ufpel.edu.br\/leae\/wp-json\/wp\/v2\/types\/page"}],"author":[{"embeddable":true,"href":"https:\/\/wp.ufpel.edu.br\/leae\/wp-json\/wp\/v2\/users\/989"}],"replies":[{"embeddable":true,"href":"https:\/\/wp.ufpel.edu.br\/leae\/wp-json\/wp\/v2\/comments?post=39"}],"version-history":[{"count":12,"href":"https:\/\/wp.ufpel.edu.br\/leae\/wp-json\/wp\/v2\/pages\/39\/revisions"}],"predecessor-version":[{"id":768,"href":"https:\/\/wp.ufpel.edu.br\/leae\/wp-json\/wp\/v2\/pages\/39\/revisions\/768"}],"wp:featuredmedia":[{"embeddable":true,"href":"https:\/\/wp.ufpel.edu.br\/leae\/wp-json\/wp\/v2\/media\/498"}],"wp:attachment":[{"href":"https:\/\/wp.ufpel.edu.br\/leae\/wp-json\/wp\/v2\/media?parent=39"}],"curies":[{"name":"wp","href":"https:\/\/api.w.org\/{rel}","templated":true}]}}