{"id":439,"date":"2012-12-05T15:32:37","date_gmt":"2012-12-05T17:32:37","guid":{"rendered":"https:\/\/wp.ufpel.edu.br\/leaa\/?page_id=439"},"modified":"2012-12-05T15:32:37","modified_gmt":"2012-12-05T17:32:37","slug":"estrategias-de-reproducao-social-e-territorial-da-agricultura-familiar","status":"publish","type":"page","link":"https:\/\/wp.ufpel.edu.br\/leaa\/projetos\/ensino\/estrategias-de-reproducao-social-e-territorial-da-agricultura-familiar\/","title":{"rendered":"Estrat\u00e9gias de Reprodu\u00e7\u00e3o Social e Territorial da Agricultura Familiar"},"content":{"rendered":"<p style=\"text-align: center\" lang=\"en-US\" align=\"JUSTIFY\"><strong>Estrat\u00e9gias de Reprodu\u00e7\u00e3o Social e Territorial da Agricultura Familiar<\/strong><\/p>\n<p style=\"text-align: right\" lang=\"en-US\" align=\"JUSTIFY\">Per\u00edodo de Realiza\u00e7\u00e3o: Em andamento<\/p>\n<p lang=\"en-US\" align=\"JUSTIFY\"><span style=\"font-family: Arial, serif\">A proposta deste projeto de ensino encontra-se voltada para a discuss\u00e3o dos eixos tem\u00e1ticos <\/span><span style=\"font-family: Arial, serif\">agricultura familiar e territ\u00f3rio,<strong> <\/strong><\/span><span style=\"font-family: Arial, serif\">como uma possibilidade de reflex\u00e3o acad\u00eamico-cient\u00edfico, proporcionando aos alunos participantes consolidar sua forma\u00e7\u00e3o extracurricular.\u00a0<\/span><span style=\"font-family: Arial, serif\">Com este prop\u00f3sito o LEAA promove curso extracurricular para discutir a funcionalidade do espa\u00e7o agr\u00e1rio local, com \u00eanfase no segmento da agricultura familiar, o qual \u00e9 o l\u00f3cus de transforma\u00e7\u00f5es nas rela\u00e7\u00f5es sociais de trabalho observadas, atualmente, nas \u00e1reas rurais. Ainda, a participa\u00e7\u00e3o em atividades de campo, possibilita aos participantes desenvolver uma vis\u00e3o ampla e integrada sobre o territ\u00f3rio, sua organiza\u00e7\u00e3o e gest\u00e3o, sob a perspectiva da sustentabilidade social, econ\u00f4mica e ambiental. Por outro lado, esta atividade justifica-se pela necessidade de oferecer um aporte te\u00f3rico-metodol\u00f3gico para realiza\u00e7\u00e3o das monografias de conclus\u00e3o de curso, realizadas sobre a tem\u00e1tica em foco, enriquecendo as discuss\u00f5es sobre a rela\u00e7\u00e3o ensino\/pesquisa\/extens\u00e3o.<\/span><\/p>\n","protected":false},"excerpt":{"rendered":"<p>Estrat\u00e9gias de Reprodu\u00e7\u00e3o Social e Territorial da Agricultura Familiar Per\u00edodo de Realiza\u00e7\u00e3o: Em andamento A proposta deste projeto de ensino encontra-se voltada para a discuss\u00e3o dos eixos tem\u00e1ticos agricultura familiar e territ\u00f3rio, como uma possibilidade de reflex\u00e3o acad\u00eamico-cient\u00edfico, proporcionando aos alunos participantes consolidar sua forma\u00e7\u00e3o extracurricular.\u00a0Com este prop\u00f3sito o LEAA promove curso extracurricular para discutir &hellip; <\/p>\n<p><a class=\"more-link btn\" href=\"https:\/\/wp.ufpel.edu.br\/leaa\/projetos\/ensino\/estrategias-de-reproducao-social-e-territorial-da-agricultura-familiar\/\">Continue lendo<\/a><\/p>\n","protected":false},"author":206,"featured_media":0,"parent":76,"menu_order":3,"comment_status":"closed","ping_status":"closed","template":"","meta":{"jetpack_post_was_ever_published":false,"footnotes":""},"class_list":["post-439","page","type-page","status-publish","hentry","nodate","item-wrap"],"jetpack_sharing_enabled":true,"_links":{"self":[{"href":"https:\/\/wp.ufpel.edu.br\/leaa\/wp-json\/wp\/v2\/pages\/439","targetHints":{"allow":["GET"]}}],"collection":[{"href":"https:\/\/wp.ufpel.edu.br\/leaa\/wp-json\/wp\/v2\/pages"}],"about":[{"href":"https:\/\/wp.ufpel.edu.br\/leaa\/wp-json\/wp\/v2\/types\/page"}],"author":[{"embeddable":true,"href":"https:\/\/wp.ufpel.edu.br\/leaa\/wp-json\/wp\/v2\/users\/206"}],"replies":[{"embeddable":true,"href":"https:\/\/wp.ufpel.edu.br\/leaa\/wp-json\/wp\/v2\/comments?post=439"}],"version-history":[{"count":2,"href":"https:\/\/wp.ufpel.edu.br\/leaa\/wp-json\/wp\/v2\/pages\/439\/revisions"}],"predecessor-version":[{"id":441,"href":"https:\/\/wp.ufpel.edu.br\/leaa\/wp-json\/wp\/v2\/pages\/439\/revisions\/441"}],"up":[{"embeddable":true,"href":"https:\/\/wp.ufpel.edu.br\/leaa\/wp-json\/wp\/v2\/pages\/76"}],"wp:attachment":[{"href":"https:\/\/wp.ufpel.edu.br\/leaa\/wp-json\/wp\/v2\/media?parent=439"}],"curies":[{"name":"wp","href":"https:\/\/api.w.org\/{rel}","templated":true}]}}