{"id":295,"date":"2012-09-18T10:06:45","date_gmt":"2012-09-18T13:06:45","guid":{"rendered":"https:\/\/wp.ufpel.edu.br\/leaa\/?page_id=295"},"modified":"2012-09-18T10:06:45","modified_gmt":"2012-09-18T13:06:45","slug":"curso-de-educacao-ambiental","status":"publish","type":"page","link":"https:\/\/wp.ufpel.edu.br\/leaa\/projetos\/extensao\/curso-de-educacao-ambiental\/","title":{"rendered":"Curso de Educa\u00e7\u00e3o Ambiental"},"content":{"rendered":"<p style=\"text-align: center\" align=\"justify\"><strong>Curso de Educa\u00e7\u00e3o Ambiental e a Gest\u00e3o do Lixo no Espa\u00e7o Rural<\/strong><\/p>\n<p align=\"right\">Per\u00edodo de Realiza\u00e7\u00e3o: 08\/08 \u00e0 12\/11\/2005<\/p>\n<p align=\"justify\">Com a finalidade de desenvolver atividades de extens\u00e3o relacionadas \u00e0 quest\u00e3o ambiental, toma-se como ponto de partida a instala\u00e7\u00e3o do Museu Etnogr\u00e1fico na Col\u00f4nia Maciel \u2013 Pelotas e suas propostas de atua\u00e7\u00e3o junto \u00e0 comunidade, o qual est\u00e1 integrado a um conceito mais amplo de territorialidade que incluem a preserva\u00e7\u00e3o tanto do patrim\u00f4nio cultural , quanto dos recursos naturais. Para tanto, promover a educa\u00e7\u00e3o ambiental junto \u00e0 Col\u00f4nia Maciel, significa compreender o quadro global que cerca um problema espec\u00edfico, como \u00e9 o caso da destina\u00e7\u00e3o do lixo produzido por esta comunidade. Cabe ressaltar, que para o desenvolvimento das atividades de extens\u00e3o tornou-se necess\u00e1rio a organiza\u00e7\u00e3o de um grupo de estudos sobre a tem\u00e1tica proposta. Nesta etapa, foi realizado um amplo levantamento bibliogr\u00e1fico e posteriormente, a defini\u00e7\u00e3o do referencial te\u00f3rico a ser utilizado. As atividades desenvolvidas pelo grupo passaram pelo levantamento bibliogr\u00e1fico at\u00e9 a produ\u00e7\u00e3o de banners sobre a quest\u00e3o do lixo que foi organizado em forma de exposi\u00e7\u00e3o.<\/p>\n","protected":false},"excerpt":{"rendered":"<p>Curso de Educa\u00e7\u00e3o Ambiental e a Gest\u00e3o do Lixo no Espa\u00e7o Rural Per\u00edodo de Realiza\u00e7\u00e3o: 08\/08 \u00e0 12\/11\/2005 Com a finalidade de desenvolver atividades de extens\u00e3o relacionadas \u00e0 quest\u00e3o ambiental, toma-se como ponto de partida a instala\u00e7\u00e3o do Museu Etnogr\u00e1fico na Col\u00f4nia Maciel \u2013 Pelotas e suas propostas de atua\u00e7\u00e3o junto \u00e0 comunidade, o qual &hellip; <\/p>\n<p><a class=\"more-link btn\" href=\"https:\/\/wp.ufpel.edu.br\/leaa\/projetos\/extensao\/curso-de-educacao-ambiental\/\">Continue lendo<\/a><\/p>\n","protected":false},"author":206,"featured_media":0,"parent":46,"menu_order":3,"comment_status":"closed","ping_status":"closed","template":"","meta":{"jetpack_post_was_ever_published":false,"footnotes":""},"class_list":["post-295","page","type-page","status-publish","hentry","nodate","item-wrap"],"jetpack_sharing_enabled":true,"_links":{"self":[{"href":"https:\/\/wp.ufpel.edu.br\/leaa\/wp-json\/wp\/v2\/pages\/295","targetHints":{"allow":["GET"]}}],"collection":[{"href":"https:\/\/wp.ufpel.edu.br\/leaa\/wp-json\/wp\/v2\/pages"}],"about":[{"href":"https:\/\/wp.ufpel.edu.br\/leaa\/wp-json\/wp\/v2\/types\/page"}],"author":[{"embeddable":true,"href":"https:\/\/wp.ufpel.edu.br\/leaa\/wp-json\/wp\/v2\/users\/206"}],"replies":[{"embeddable":true,"href":"https:\/\/wp.ufpel.edu.br\/leaa\/wp-json\/wp\/v2\/comments?post=295"}],"version-history":[{"count":1,"href":"https:\/\/wp.ufpel.edu.br\/leaa\/wp-json\/wp\/v2\/pages\/295\/revisions"}],"predecessor-version":[{"id":296,"href":"https:\/\/wp.ufpel.edu.br\/leaa\/wp-json\/wp\/v2\/pages\/295\/revisions\/296"}],"up":[{"embeddable":true,"href":"https:\/\/wp.ufpel.edu.br\/leaa\/wp-json\/wp\/v2\/pages\/46"}],"wp:attachment":[{"href":"https:\/\/wp.ufpel.edu.br\/leaa\/wp-json\/wp\/v2\/media?parent=295"}],"curies":[{"name":"wp","href":"https:\/\/api.w.org\/{rel}","templated":true}]}}