{"id":2827,"date":"2021-06-24T14:16:58","date_gmt":"2021-06-24T17:16:58","guid":{"rendered":"https:\/\/wp.ufpel.edu.br\/leaa\/?page_id=2827"},"modified":"2021-06-24T14:35:37","modified_gmt":"2021-06-24T17:35:37","slug":"acao-de-ensino-3","status":"publish","type":"page","link":"https:\/\/wp.ufpel.edu.br\/leaa\/conversas-com-o-leaa\/acao-de-ensino-3\/","title":{"rendered":"A\u00e7\u00e3o de Ensino 3"},"content":{"rendered":"<p>Esta terceira edi\u00e7\u00e3o do \u201cConversas com o LEAA\u201d apresenta as reflex\u00f5es propostas<br \/>\nno \u00e2mbito da A\u00e7\u00e3o de Ensino: \u201cAs Tessituras Territoriais: rela\u00e7\u00f5es entre sociedade,<br \/>\nagricultura e desenvolvimento rural\u201d. Esta<br \/>\nproposta se articula \u00e0 disciplina Agricultura, sociedade e territ\u00f3rio ministrada no<br \/>\nPrograma de P\u00f3s-gradua\u00e7\u00e3o em Geografia da UFPel, oportunizando aos alunos e<br \/>\ndemais participantes ampliar o<br \/>\ndebate sobre a organiza\u00e7\u00e3o territorial em pequenos munic\u00edpios, discutindo sobre os<br \/>\ncaminhos e desafios para o desenvolvimento territorial rural.<br \/>\nConvidamos todas e todos os interessados nos estudos relacionados ao rural e, mais<br \/>\nespecificamente, ao campo da agricultura familiar a assistirem os v\u00eddeos<br \/>\ndisponibilizados abaixo:<\/p>\n<p>&#8220;A organiza\u00e7\u00e3o territorial em pequenos munic\u00edpios&#8221;<br \/>\nProf\u00aa. Dr\u00aa. Sibeli Fernandes- UENP\/PR<\/p>\n<div class=\"embed-container\"><iframe loading=\"lazy\" title=\"A\u00e7\u00e3o de Ensino LEAA, As Tessituras Territoriais: rela\u00e7\u00f5es entre sociedade, agricultura...\" width=\"750\" height=\"422\" src=\"https:\/\/www.youtube.com\/embed\/Db_DOeP3vsc?feature=oembed\" frameborder=\"0\" allow=\"accelerometer; autoplay; clipboard-write; encrypted-media; gyroscope; picture-in-picture\" allowfullscreen><\/iframe><\/div>\n<p>&#8220;Caminhos e desafios para o desenvolvimento territorial&#8221;<br \/>\nProf\u00aa. Dr\u00aa. Maiara Tavares Sodr\u00e9 &#8211; IFC-Campus S\u00e3o Bento do Sul\/SC<\/p>\n<div class=\"embed-container\"><iframe loading=\"lazy\" title=\"A\u00e7\u00e3o de Ensino LEAA, As Tessituras Territoriais: rela\u00e7\u00f5es entre sociedade, agricultura...\" width=\"750\" height=\"422\" src=\"https:\/\/www.youtube.com\/embed\/C6SXOVDHQLg?feature=oembed\" frameborder=\"0\" allow=\"accelerometer; autoplay; clipboard-write; encrypted-media; gyroscope; picture-in-picture\" allowfullscreen><\/iframe><\/div>\n","protected":false},"excerpt":{"rendered":"<p>Esta terceira edi\u00e7\u00e3o do \u201cConversas com o LEAA\u201d apresenta as reflex\u00f5es propostas no \u00e2mbito da A\u00e7\u00e3o de Ensino: \u201cAs Tessituras Territoriais: rela\u00e7\u00f5es entre sociedade, agricultura e desenvolvimento rural\u201d. Esta proposta se articula \u00e0 disciplina Agricultura, sociedade e territ\u00f3rio ministrada no Programa de P\u00f3s-gradua\u00e7\u00e3o em Geografia da UFPel, oportunizando aos alunos e demais participantes ampliar o &hellip; <\/p>\n<p><a class=\"more-link btn\" href=\"https:\/\/wp.ufpel.edu.br\/leaa\/conversas-com-o-leaa\/acao-de-ensino-3\/\">Continue lendo<\/a><\/p>\n","protected":false},"author":206,"featured_media":0,"parent":2453,"menu_order":3,"comment_status":"closed","ping_status":"closed","template":"","meta":{"jetpack_post_was_ever_published":false,"footnotes":""},"class_list":["post-2827","page","type-page","status-publish","hentry","nodate","item-wrap"],"jetpack_sharing_enabled":true,"_links":{"self":[{"href":"https:\/\/wp.ufpel.edu.br\/leaa\/wp-json\/wp\/v2\/pages\/2827","targetHints":{"allow":["GET"]}}],"collection":[{"href":"https:\/\/wp.ufpel.edu.br\/leaa\/wp-json\/wp\/v2\/pages"}],"about":[{"href":"https:\/\/wp.ufpel.edu.br\/leaa\/wp-json\/wp\/v2\/types\/page"}],"author":[{"embeddable":true,"href":"https:\/\/wp.ufpel.edu.br\/leaa\/wp-json\/wp\/v2\/users\/206"}],"replies":[{"embeddable":true,"href":"https:\/\/wp.ufpel.edu.br\/leaa\/wp-json\/wp\/v2\/comments?post=2827"}],"version-history":[{"count":1,"href":"https:\/\/wp.ufpel.edu.br\/leaa\/wp-json\/wp\/v2\/pages\/2827\/revisions"}],"predecessor-version":[{"id":2830,"href":"https:\/\/wp.ufpel.edu.br\/leaa\/wp-json\/wp\/v2\/pages\/2827\/revisions\/2830"}],"up":[{"embeddable":true,"href":"https:\/\/wp.ufpel.edu.br\/leaa\/wp-json\/wp\/v2\/pages\/2453"}],"wp:attachment":[{"href":"https:\/\/wp.ufpel.edu.br\/leaa\/wp-json\/wp\/v2\/media?parent=2827"}],"curies":[{"name":"wp","href":"https:\/\/api.w.org\/{rel}","templated":true}]}}