{"id":279,"date":"2012-09-18T10:00:45","date_gmt":"2012-09-18T13:00:45","guid":{"rendered":"https:\/\/wp.ufpel.edu.br\/leaa\/?page_id=279"},"modified":"2012-09-18T10:16:33","modified_gmt":"2012-09-18T13:16:33","slug":"tipificacao-dos-produtores-de-base-agroecologica-do-municipio-de-pelotasrs","status":"publish","type":"page","link":"https:\/\/wp.ufpel.edu.br\/leaa\/projetos\/pesquisa\/tipificacao-dos-produtores-de-base-agroecologica-do-municipio-de-pelotasrs\/","title":{"rendered":"Tipifica\u00e7\u00e3o dos Produtores de Base Agroecol\u00f3gica"},"content":{"rendered":"<p style=\"text-align: center\"><strong>Tipifica\u00e7\u00e3o dos Produtores de Base Agroecol\u00f3gica do Munic\u00edpio de Pelotas\/RS<\/strong><\/p>\n<p align=\"right\">Per\u00edodo de Realiza\u00e7\u00e3o: Janeiro de 2007 a Agosto de 2010<\/p>\n<p align=\"justify\">O conceito de agroecologia quer sistematizar todos os esfor\u00e7os em produzir um modelo tecnol\u00f3gico abrangente, que seja socialmente justo, economicamente vi\u00e1vel e ecologicamente sustent\u00e1vel. A rigor, pode-se dizer que a agroecologia \u00e9 a base cient\u00edfico-tecnol\u00f3gica para um projeto de desenvolvimento sustent\u00e1vel. Dessa forma, atrav\u00e9s do projeto de pesquisa busca-se analisar as possibilidades e restri\u00e7\u00f5es para o desenvolvimento da agricultura familiar sustent\u00e1vel no munic\u00edpio de Pelotas-RS, de maneira mais espec\u00edfica pretende-se caracterizar os produtores familiares de base agroecol\u00f3gica, segundo indicadores sociais, de produ\u00e7\u00e3o, econ\u00f4micos e t\u00e9cnicos por meio da proposta de Lamarche; Estabelecer compara\u00e7\u00f5es entre as unidades produtivas familiares, mediante an\u00e1lise emp\u00edrica de elementos diferenciadores presentes na agricultura; Identificar as alternativas de desenvolvimento para a agricultura familiar, baseadas nos princ\u00edpios da sustentabilidade e finalmente elaborar um estudo-diagn\u00f3stico sobre a realidade da produ\u00e7\u00e3o de base agroecol\u00f3gica no munic\u00edpio de Pelotas-RS, com fins de disponibilizar material bibliogr\u00e1fico para posteriores pesquisas sobre o tema.<\/p>\n","protected":false},"excerpt":{"rendered":"<p>Tipifica\u00e7\u00e3o dos Produtores de Base Agroecol\u00f3gica do Munic\u00edpio de Pelotas\/RS Per\u00edodo de Realiza\u00e7\u00e3o: Janeiro de 2007 a Agosto de 2010 O conceito de agroecologia quer sistematizar todos os esfor\u00e7os em produzir um modelo tecnol\u00f3gico abrangente, que seja socialmente justo, economicamente vi\u00e1vel e ecologicamente sustent\u00e1vel. A rigor, pode-se dizer que a agroecologia \u00e9 a base cient\u00edfico-tecnol\u00f3gica &hellip; <\/p>\n<p><a class=\"more-link btn\" href=\"https:\/\/wp.ufpel.edu.br\/leaa\/projetos\/pesquisa\/tipificacao-dos-produtores-de-base-agroecologica-do-municipio-de-pelotasrs\/\">Continue lendo<\/a><\/p>\n","protected":false},"author":206,"featured_media":0,"parent":41,"menu_order":1,"comment_status":"closed","ping_status":"closed","template":"","meta":{"jetpack_post_was_ever_published":false,"footnotes":""},"class_list":["post-279","page","type-page","status-publish","hentry","nodate","item-wrap"],"jetpack_sharing_enabled":true,"_links":{"self":[{"href":"https:\/\/wp.ufpel.edu.br\/leaa\/wp-json\/wp\/v2\/pages\/279","targetHints":{"allow":["GET"]}}],"collection":[{"href":"https:\/\/wp.ufpel.edu.br\/leaa\/wp-json\/wp\/v2\/pages"}],"about":[{"href":"https:\/\/wp.ufpel.edu.br\/leaa\/wp-json\/wp\/v2\/types\/page"}],"author":[{"embeddable":true,"href":"https:\/\/wp.ufpel.edu.br\/leaa\/wp-json\/wp\/v2\/users\/206"}],"replies":[{"embeddable":true,"href":"https:\/\/wp.ufpel.edu.br\/leaa\/wp-json\/wp\/v2\/comments?post=279"}],"version-history":[{"count":3,"href":"https:\/\/wp.ufpel.edu.br\/leaa\/wp-json\/wp\/v2\/pages\/279\/revisions"}],"predecessor-version":[{"id":324,"href":"https:\/\/wp.ufpel.edu.br\/leaa\/wp-json\/wp\/v2\/pages\/279\/revisions\/324"}],"up":[{"embeddable":true,"href":"https:\/\/wp.ufpel.edu.br\/leaa\/wp-json\/wp\/v2\/pages\/41"}],"wp:attachment":[{"href":"https:\/\/wp.ufpel.edu.br\/leaa\/wp-json\/wp\/v2\/media?parent=279"}],"curies":[{"name":"wp","href":"https:\/\/api.w.org\/{rel}","templated":true}]}}