{"id":277,"date":"2012-09-18T09:59:56","date_gmt":"2012-09-18T12:59:56","guid":{"rendered":"https:\/\/wp.ufpel.edu.br\/leaa\/?page_id=277"},"modified":"2012-09-18T10:15:34","modified_gmt":"2012-09-18T13:15:34","slug":"a-sustentabilidade-dos-recursos-hidricos-na-colonia-maciel","status":"publish","type":"page","link":"https:\/\/wp.ufpel.edu.br\/leaa\/projetos\/pesquisa\/a-sustentabilidade-dos-recursos-hidricos-na-colonia-maciel\/","title":{"rendered":"A Sustentabilidade dos Recursos H\u00eddricos"},"content":{"rendered":"<p style=\"text-align: center\"><strong>A sustentabilidade dos recursos h\u00eddricos na Col\u00f4nia Maciel &#8211; Distrito de Rinc\u00e3o da Cruz &#8211; Pelotas &#8211; RS: turismo rural, educa\u00e7\u00e3o e gest\u00e3o ambiental<\/strong><\/p>\n<p align=\"right\">Per\u00edodo de Realiza\u00e7\u00e3o: Janeiro de 2007 a Agosto de 2011<\/p>\n<p align=\"justify\">Nos \u00faltimos anos, tem-se intensificado o debate pela sustentabilidade, novas tem\u00e1ticas passaram a ocupar as preocupa\u00e7\u00f5es dos cientistas sociais, tais como os impactos ambientais dos processos produtivos agr\u00edcolas e a sustentabilidade dos recursos naturais e, especificamente, no que tange ao uso dos recursos h\u00eddricos. Dessa forma, analisar os impactos econ\u00f4micos, sociais e ambientais nas \u00e1reas dos recursos h\u00eddricos tribut\u00e1rios da bacia hidrogr\u00e1fica do Arroio Pelotas \u00e9 que se justifica a realiza\u00e7\u00e3o deste projeto. Ainda, faz-se necess\u00e1rio desenvolver projetos que diagnostiquem os limites e potenciais destes recursos, principalmente dos recursos h\u00eddricos, de maneira a se tra\u00e7ar um perfil s\u00f3cio-econ\u00f4mico e ambiental para, numa etapa posterior, promover um conjunto de a\u00e7\u00f5es na perspectiva da gest\u00e3o territorial de bacias, aliadas ao turismo rural e a educa\u00e7\u00e3o ambiental. A partir de um conceito amplo de territorialidade que engloba tanto o patrim\u00f4nio natural (paisagens), quanto o patrim\u00f4nio cultural (mem\u00f3ria) da comunidade.<\/p>\n","protected":false},"excerpt":{"rendered":"<p>A sustentabilidade dos recursos h\u00eddricos na Col\u00f4nia Maciel &#8211; Distrito de Rinc\u00e3o da Cruz &#8211; Pelotas &#8211; RS: turismo rural, educa\u00e7\u00e3o e gest\u00e3o ambiental Per\u00edodo de Realiza\u00e7\u00e3o: Janeiro de 2007 a Agosto de 2011 Nos \u00faltimos anos, tem-se intensificado o debate pela sustentabilidade, novas tem\u00e1ticas passaram a ocupar as preocupa\u00e7\u00f5es dos cientistas sociais, tais como &hellip; <\/p>\n<p><a class=\"more-link btn\" href=\"https:\/\/wp.ufpel.edu.br\/leaa\/projetos\/pesquisa\/a-sustentabilidade-dos-recursos-hidricos-na-colonia-maciel\/\">Continue lendo<\/a><\/p>\n","protected":false},"author":206,"featured_media":0,"parent":41,"menu_order":0,"comment_status":"closed","ping_status":"closed","template":"","meta":{"jetpack_post_was_ever_published":false,"footnotes":""},"class_list":["post-277","page","type-page","status-publish","hentry","nodate","item-wrap"],"jetpack_sharing_enabled":true,"_links":{"self":[{"href":"https:\/\/wp.ufpel.edu.br\/leaa\/wp-json\/wp\/v2\/pages\/277","targetHints":{"allow":["GET"]}}],"collection":[{"href":"https:\/\/wp.ufpel.edu.br\/leaa\/wp-json\/wp\/v2\/pages"}],"about":[{"href":"https:\/\/wp.ufpel.edu.br\/leaa\/wp-json\/wp\/v2\/types\/page"}],"author":[{"embeddable":true,"href":"https:\/\/wp.ufpel.edu.br\/leaa\/wp-json\/wp\/v2\/users\/206"}],"replies":[{"embeddable":true,"href":"https:\/\/wp.ufpel.edu.br\/leaa\/wp-json\/wp\/v2\/comments?post=277"}],"version-history":[{"count":5,"href":"https:\/\/wp.ufpel.edu.br\/leaa\/wp-json\/wp\/v2\/pages\/277\/revisions"}],"predecessor-version":[{"id":322,"href":"https:\/\/wp.ufpel.edu.br\/leaa\/wp-json\/wp\/v2\/pages\/277\/revisions\/322"}],"up":[{"embeddable":true,"href":"https:\/\/wp.ufpel.edu.br\/leaa\/wp-json\/wp\/v2\/pages\/41"}],"wp:attachment":[{"href":"https:\/\/wp.ufpel.edu.br\/leaa\/wp-json\/wp\/v2\/media?parent=277"}],"curies":[{"name":"wp","href":"https:\/\/api.w.org\/{rel}","templated":true}]}}

A Sustentabilidade dos Recursos Hídricos

<p style="text-align: center"><strong>A sustentabilidade dos recursos hídricos na Colônia Maciel &#8211; Distrito de Rincão da Cruz &#8211; Pelotas &#8211; RS: turismo rural, educação e gestão ambiental</strong></p>
<p align="right">Período de Realização: Janeiro de 2007 a Agosto de 2011</p>
<p align="justify">Nos últimos anos, tem-se intensificado o debate pela sustentabilidade, novas temáticas passaram a ocupar as preocupações dos cientistas sociais, tais como os impactos ambientais dos processos produtivos agrícolas e a sustentabilidade dos recursos naturais e, especificamente, no que tange ao uso dos recursos hídricos. Dessa forma, analisar os impactos econômicos, sociais e ambientais nas áreas dos recursos hídricos tributários da bacia hidrográfica do Arroio Pelotas é que se justifica a realização deste projeto. Ainda, faz-se necessário desenvolver projetos que diagnostiquem os limites e potenciais destes recursos, principalmente dos recursos hídricos, de maneira a se traçar um perfil sócio-econômico e ambiental para, numa etapa posterior, promover um conjunto de ações na perspectiva da gestão territorial de bacias, aliadas ao turismo rural e a educação ambiental. A partir de um conceito amplo de territorialidade que engloba tanto o patrimônio natural (paisagens), quanto o patrimônio cultural (memória) da comunidade.</p>

<p>A sustentabilidade dos recursos hídricos na Colônia Maciel &#8211; Distrito de Rincão da Cruz &#8211; Pelotas &#8211; RS: turismo rural, educação e gestão ambiental Período de Realização: Janeiro de 2007 a Agosto de 2011 Nos últimos anos, tem-se intensificado o debate pela sustentabilidade, novas temáticas passaram a ocupar as preocupações dos cientistas sociais, tais como &hellip; </p>
<p><a class="more-link btn" href="https://wp.ufpel.edu.br/leaa/projetos/pesquisa/a-sustentabilidade-dos-recursos-hidricos-na-colonia-maciel/">Continue lendo</a></p>
