{"id":2703,"date":"2021-05-11T14:56:02","date_gmt":"2021-05-11T17:56:02","guid":{"rendered":"https:\/\/wp.ufpel.edu.br\/leaa\/?page_id=2703"},"modified":"2021-05-26T09:49:13","modified_gmt":"2021-05-26T12:49:13","slug":"acao-de-ensino-2","status":"publish","type":"page","link":"https:\/\/wp.ufpel.edu.br\/leaa\/conversas-com-o-leaa\/acao-de-ensino-2\/","title":{"rendered":"A\u00e7\u00e3o de Ensino 2"},"content":{"rendered":"<p>Esta segunda edi\u00e7\u00e3o do \u201cConversas com o LEAA\u201d apresenta as reflex\u00f5es propostas<br \/>\nno \u00e2mbito da A\u00e7\u00e3o de Ensino: \u201cPensar o Rural: processos, din\u00e2micas e rela\u00e7\u00f5es\u201d. Esta<br \/>\nproposta se articula \u00e0 disciplina de Geografia Rural do curso de Bacharelado em<br \/>\nGeografia da UFPel, oportunizando aos alunos e demais participantes ampliar o<br \/>\ndebate sobre as diversas abordagens para entender o rural e as ruralidades.<br \/>\nConvidamos todas e todos os interessados nos estudos relacionados ao rural e, mais<br \/>\nespecificamente, ao campo da agricultura familiar a assistirem os v\u00eddeos<br \/>\ndisponibilizados abaixo:<\/p>\n<p>1# Conversas com o LEAA: Pensar o Rural: processos, din\u00e2micas e rela\u00e7\u00f5es.<\/p>\n<p>&#8220;O rural normativo\/anal\u00edtico e suas interfaces com o urbano&#8221;<\/p>\n<p>Palestrante: Juliana Cristina Franz &#8211; Doutora em Geografia-UFSM Professora do ICHI-FURG<\/p>\n<div class=\"embed-container\"><iframe loading=\"lazy\" title=\"A\u00e7\u00e3o de Ensino LEAA, Pensar o Rural: processos, din\u00e2micas e rela\u00e7\u00f5es ~ Juliana Cristina Franz\" width=\"750\" height=\"563\" src=\"https:\/\/www.youtube.com\/embed\/15BQ-XCpwPg?feature=oembed\" frameborder=\"0\" allow=\"accelerometer; autoplay; clipboard-write; encrypted-media; gyroscope; picture-in-picture\" allowfullscreen><\/iframe><\/div>\n<p>2# Conversas com o LEAA: Pensar o Rural: processos, din\u00e2micas e rela\u00e7\u00f5es.<\/p>\n<p>&#8220;Ruralidades e cultura: um olhar a partir da alimenta\u00e7\u00e3o&#8221;<\/p>\n<p>Palestrante Carmen Jana\u00edna Machado &#8211; Doutora em Desenvolvimento Rural-PGDR\/UFRGS Educadora na Associa\u00e7\u00e3o Comunit\u00e1ria Escola Fam\u00edlia Agr\u00edcola da Regi\u00e3o Sul \u2013 AEFASUL<\/p>\n<div class=\"embed-container\"><iframe loading=\"lazy\" title=\"A\u00e7\u00e3o de Ensino LEAA, Pensar o Rural: processos, din\u00e2micas e rela\u00e7\u00f5es ~ Carmen Janaina Machado\" width=\"750\" height=\"422\" src=\"https:\/\/www.youtube.com\/embed\/ADwSy3FUFqQ?feature=oembed\" frameborder=\"0\" allow=\"accelerometer; autoplay; clipboard-write; encrypted-media; gyroscope; picture-in-picture\" allowfullscreen><\/iframe><\/div>\n<p>3# Conversas com o LEAA: Pensar o Rural: processos, din\u00e2micas e rela\u00e7\u00f5es.<\/p>\n<p>&#8220;O rural multifuncional e o papel do turismo rural&#8221;<\/p>\n<p>Palestrante Rodrigo Seefeldt &#8211; Condutor Local do Caminho Pomerano- S\u00e3o Louren\u00e7o do Sul Acad\u00eamico em Desenvolvimento Rural -UFRGS<\/p>\n<div class=\"embed-container\"><iframe loading=\"lazy\" title=\"A\u00e7\u00e3o de Ensino LEAA, Pensar o Rural: processos, din\u00e2micas e rela\u00e7\u00f5es ~ Rodrigo Seefeldt\" width=\"750\" height=\"422\" src=\"https:\/\/www.youtube.com\/embed\/NxsTfa9txUc?feature=oembed\" frameborder=\"0\" allow=\"accelerometer; autoplay; clipboard-write; encrypted-media; gyroscope; picture-in-picture\" allowfullscreen><\/iframe><\/div>\n","protected":false},"excerpt":{"rendered":"<p>Esta segunda edi\u00e7\u00e3o do \u201cConversas com o LEAA\u201d apresenta as reflex\u00f5es propostas no \u00e2mbito da A\u00e7\u00e3o de Ensino: \u201cPensar o Rural: processos, din\u00e2micas e rela\u00e7\u00f5es\u201d. Esta proposta se articula \u00e0 disciplina de Geografia Rural do curso de Bacharelado em Geografia da UFPel, oportunizando aos alunos e demais participantes ampliar o debate sobre as diversas abordagens &hellip; <\/p>\n<p><a class=\"more-link btn\" href=\"https:\/\/wp.ufpel.edu.br\/leaa\/conversas-com-o-leaa\/acao-de-ensino-2\/\">Continue lendo<\/a><\/p>\n","protected":false},"author":206,"featured_media":0,"parent":2453,"menu_order":2,"comment_status":"closed","ping_status":"closed","template":"","meta":{"jetpack_post_was_ever_published":false,"footnotes":""},"class_list":["post-2703","page","type-page","status-publish","hentry","nodate","item-wrap"],"jetpack_sharing_enabled":true,"_links":{"self":[{"href":"https:\/\/wp.ufpel.edu.br\/leaa\/wp-json\/wp\/v2\/pages\/2703","targetHints":{"allow":["GET"]}}],"collection":[{"href":"https:\/\/wp.ufpel.edu.br\/leaa\/wp-json\/wp\/v2\/pages"}],"about":[{"href":"https:\/\/wp.ufpel.edu.br\/leaa\/wp-json\/wp\/v2\/types\/page"}],"author":[{"embeddable":true,"href":"https:\/\/wp.ufpel.edu.br\/leaa\/wp-json\/wp\/v2\/users\/206"}],"replies":[{"embeddable":true,"href":"https:\/\/wp.ufpel.edu.br\/leaa\/wp-json\/wp\/v2\/comments?post=2703"}],"version-history":[{"count":3,"href":"https:\/\/wp.ufpel.edu.br\/leaa\/wp-json\/wp\/v2\/pages\/2703\/revisions"}],"predecessor-version":[{"id":2808,"href":"https:\/\/wp.ufpel.edu.br\/leaa\/wp-json\/wp\/v2\/pages\/2703\/revisions\/2808"}],"up":[{"embeddable":true,"href":"https:\/\/wp.ufpel.edu.br\/leaa\/wp-json\/wp\/v2\/pages\/2453"}],"wp:attachment":[{"href":"https:\/\/wp.ufpel.edu.br\/leaa\/wp-json\/wp\/v2\/media?parent=2703"}],"curies":[{"name":"wp","href":"https:\/\/api.w.org\/{rel}","templated":true}]}}