{"id":2461,"date":"2020-07-18T15:11:00","date_gmt":"2020-07-18T18:11:00","guid":{"rendered":"https:\/\/wp.ufpel.edu.br\/leaa\/?page_id=2461"},"modified":"2021-05-11T14:54:41","modified_gmt":"2021-05-11T17:54:41","slug":"acao-de-ensino-1","status":"publish","type":"page","link":"https:\/\/wp.ufpel.edu.br\/leaa\/conversas-com-o-leaa\/acao-de-ensino-1\/","title":{"rendered":"A\u00e7\u00e3o de Ensino 1"},"content":{"rendered":"<p>Esta primeira edi\u00e7\u00e3o do \u201cConversas com o LEAA\u201d apresenta as reflex\u00f5es propostas no \u00e2mbito da A\u00e7\u00e3o de Ensino: \u201cPensar o Rural: agricultura familiar, pol\u00edticas p\u00fablicas e desenvolvimento rural \u2013 a import\u00e2ncia da produ\u00e7\u00e3o de alimentos no enfrentamento da pandemia de COVID 19\u201d. Participam das Rodas de Conversas acad\u00eamicas\/os egressas\/os do LEAA e que, atualmente, encontram-se em outras Institui\u00e7\u00f5es de Ensino Superior desenvolvendo suas teses de doutorado ou em atividades de doc\u00eancia em distintos n\u00edveis de atua\u00e7\u00e3o. Convidamos todas e todos os interessados nos temas relacionados ao rural e, mais especificamente, ao campo da agricultura familiar a assistirem os v\u00eddeos disponibilizados abaixo:<\/p>\n<p>Roda de Conversa 1:<\/p>\n<p><b>\u201cO territ\u00f3rio como esfera de reprodu\u00e7\u00e3o social: reflex\u00f5es a partir das comunidades quilombolas e da constru\u00e7\u00e3o de projetos de desenvolvimento\u201d<\/b><\/p>\n<p><b>Gabriela Rodrigues Gois- <\/b>Mestre em Desenvolvimento Rural-UFRGS<b>&#8211; <\/b>Doutoranda em Geografia<b>&#8211; <\/b>Pontif\u00edcia Universidade Cat\u00f3lica do Chile- Santiago.<\/p>\n<p><b>Maiara Tavares Sodr\u00e9 \u2013 <\/b>Mestre em Geografia- FURG- Doutoranda em Geografia- UNESP-Presidente Prudente-SP.<\/p>\n<p><b>Mediadora: Ana Carolina Bilhalva Drehmer &#8211; Mestranda<\/b>\u00a0<strong>em Geografia -PPGEO-UFPel- integrante do LEAA.<\/strong><\/p>\n<div class=\"embed-container\"><iframe loading=\"lazy\" title=\"A\u00e7\u00e3o de Ensino LEAA, Roda de Conversa 1\" width=\"750\" height=\"422\" src=\"https:\/\/www.youtube.com\/embed\/0QvyYUzy39c?feature=oembed\" frameborder=\"0\" allow=\"accelerometer; autoplay; encrypted-media; gyroscope; picture-in-picture\" allowfullscreen><\/iframe><\/div>\n<p>&nbsp;<\/p>\n<p>Roda de conversa 2:<\/p>\n<p><b>\u201c<\/b><b>Desafios da agricultura familiar em meio a pandemia do covid-19: previd\u00eancia social rural e sa\u00fade do trabalhador\u201d<\/b><b><\/b><\/p>\n<p><b>Sibeli Fernandes-\u00a0<\/b>Mestre em Geografia-UFPel\/ Doutora em Geografia-UNESP- Rio Claro<\/p>\n<p><b>Mediador: Luiz Felipe Wassmansdorf\u00a0&#8211; Acad\u00eamico do Curso de Geografia- Bolsista PBIP-AF\/UFPel<\/b><\/p>\n<div>\n<div class=\"embed-container\"><iframe loading=\"lazy\" title=\"A\u00e7\u00e3o de Ensino LEAA, Roda de Conversa 2\" width=\"750\" height=\"422\" src=\"https:\/\/www.youtube.com\/embed\/tEpoUesfUyk?feature=oembed\" frameborder=\"0\" allow=\"accelerometer; autoplay; encrypted-media; gyroscope; picture-in-picture\" allowfullscreen><\/iframe><\/div>\n<p>Roda de conversa 3:<\/p>\n<p><strong>&#8220;Multifuncionalidade dos espa\u00e7os agr\u00e1rios familiares: alternativas de reprodu\u00e7\u00e3o social e econ\u00f4mica frente \u00e0 pandemia de COVID-19&#8221;<\/strong><\/p>\n<p><strong>Juliana Cristina Franz<\/strong>&#8211; Mestre em Geografia-UFPel\/ Doutora em GeografiaUFSM- Santa Maria<\/p>\n<p><strong>Mediador: Mateus Silva da Rosa &#8211; Acad\u00eamico do Curso de Geografia- Bolsista PROBIC\/FAPERGS<\/strong><\/p>\n<div class=\"embed-container\"><iframe loading=\"lazy\" title=\"A\u00e7\u00e3o de Ensino LEAA, Roda de Conversa 3\" width=\"750\" height=\"422\" src=\"https:\/\/www.youtube.com\/embed\/h3nbxv3xjfQ?feature=oembed\" frameborder=\"0\" allow=\"accelerometer; autoplay; encrypted-media; gyroscope; picture-in-picture\" allowfullscreen><\/iframe><\/div>\n<\/div>\n","protected":false},"excerpt":{"rendered":"<p>Esta primeira edi\u00e7\u00e3o do \u201cConversas com o LEAA\u201d apresenta as reflex\u00f5es propostas no \u00e2mbito da A\u00e7\u00e3o de Ensino: \u201cPensar o Rural: agricultura familiar, pol\u00edticas p\u00fablicas e desenvolvimento rural \u2013 a import\u00e2ncia da produ\u00e7\u00e3o de alimentos no enfrentamento da pandemia de COVID 19\u201d. Participam das Rodas de Conversas acad\u00eamicas\/os egressas\/os do LEAA e que, atualmente, encontram-se &hellip; <\/p>\n<p><a class=\"more-link btn\" href=\"https:\/\/wp.ufpel.edu.br\/leaa\/conversas-com-o-leaa\/acao-de-ensino-1\/\">Continue lendo<\/a><\/p>\n","protected":false},"author":206,"featured_media":0,"parent":2453,"menu_order":1,"comment_status":"closed","ping_status":"closed","template":"","meta":{"jetpack_post_was_ever_published":false,"footnotes":""},"class_list":["post-2461","page","type-page","status-publish","hentry","nodate","item-wrap"],"jetpack_sharing_enabled":true,"_links":{"self":[{"href":"https:\/\/wp.ufpel.edu.br\/leaa\/wp-json\/wp\/v2\/pages\/2461","targetHints":{"allow":["GET"]}}],"collection":[{"href":"https:\/\/wp.ufpel.edu.br\/leaa\/wp-json\/wp\/v2\/pages"}],"about":[{"href":"https:\/\/wp.ufpel.edu.br\/leaa\/wp-json\/wp\/v2\/types\/page"}],"author":[{"embeddable":true,"href":"https:\/\/wp.ufpel.edu.br\/leaa\/wp-json\/wp\/v2\/users\/206"}],"replies":[{"embeddable":true,"href":"https:\/\/wp.ufpel.edu.br\/leaa\/wp-json\/wp\/v2\/comments?post=2461"}],"version-history":[{"count":12,"href":"https:\/\/wp.ufpel.edu.br\/leaa\/wp-json\/wp\/v2\/pages\/2461\/revisions"}],"predecessor-version":[{"id":2700,"href":"https:\/\/wp.ufpel.edu.br\/leaa\/wp-json\/wp\/v2\/pages\/2461\/revisions\/2700"}],"up":[{"embeddable":true,"href":"https:\/\/wp.ufpel.edu.br\/leaa\/wp-json\/wp\/v2\/pages\/2453"}],"wp:attachment":[{"href":"https:\/\/wp.ufpel.edu.br\/leaa\/wp-json\/wp\/v2\/media?parent=2461"}],"curies":[{"name":"wp","href":"https:\/\/api.w.org\/{rel}","templated":true}]}}