{"id":1728,"date":"2018-05-14T14:28:16","date_gmt":"2018-05-14T17:28:16","guid":{"rendered":"https:\/\/wp.ufpel.edu.br\/leaa\/?page_id=1728"},"modified":"2022-03-16T22:49:16","modified_gmt":"2022-03-17T01:49:16","slug":"egressas-os","status":"publish","type":"page","link":"https:\/\/wp.ufpel.edu.br\/leaa\/equipe\/egressas-os\/","title":{"rendered":"Egressas\/os"},"content":{"rendered":"<p><a href=\"http:\/\/buscatextual.cnpq.br\/buscatextual\/visualizacv.do?id=K8048766U9\">Arlene Fehrenbach<\/a><\/p>\n<p><a href=\"http:\/\/lattes.cnpq.br\/0775347438377159\">Bruna Gabriela Rodrigues Zirbes Bueno<\/a><\/p>\n<p><a href=\"http:\/\/lattes.cnpq.br\/2729508515687577\">Camila Mendon\u00e7a Limons<\/a><\/p>\n<p><a href=\"http:\/\/buscatextual.cnpq.br\/buscatextual\/visualizacv.do?metodo=apresentar&amp;id=K4464667E2\" target=\"_blank\" rel=\"noopener noreferrer\">Carlos Vin\u00edcius da Silva Pinto<\/a><\/p>\n<p><a href=\"http:\/\/lattes.cnpq.br\/1321093390199642\" target=\"_blank\" rel=\"noopener noreferrer\">Fabiano Douglas de Souza<\/a><\/p>\n<p><a href=\"http:\/\/lattes.cnpq.br\/2651263982359043\">Flor Wienke Tavares<\/a><\/p>\n<p><a href=\"http:\/\/lattes.cnpq.br\/9796912378967164\" target=\"_blank\" rel=\"noopener noreferrer\">Gabrielly Campos da Rosa<\/a><\/p>\n<p><a href=\"http:\/\/buscatextual.cnpq.br\/buscatextual\/visualizacv.do?id=K4316928Z0\" target=\"_blank\" rel=\"noopener noreferrer\">Henrique M\u00fcller Priebbernow<\/a><\/p>\n<p><a href=\"http:\/\/buscatextual.cnpq.br\/buscatextual\/visualizacv.do?id=K4680898E7\" target=\"_blank\" rel=\"noopener noreferrer\">Juliana Lima Fagundes<\/a><\/p>\n<p><a href=\"http:\/\/buscatextual.cnpq.br\/buscatextual\/visualizacv.do?id=K8010145A7\">Paula Daiana Albrecht Pribe<\/a><\/p>\n<p><a href=\"http:\/\/lattes.cnpq.br\/5479824489876151\">Rafaela Pagliarini Alves<\/a><\/p>\n<p><a href=\"http:\/\/lattes.cnpq.br\/0672876606936897\" target=\"_blank\" rel=\"noopener noreferrer\">Tieissa Fonseca da Silva<\/a><\/p>\n<p>&nbsp;<\/p>\n<p>&nbsp;<\/p>\n<p>&nbsp;<\/p>\n<p>&nbsp;<\/p>\n","protected":false},"excerpt":{"rendered":"<p>Arlene Fehrenbach Bruna Gabriela Rodrigues Zirbes Bueno Camila Mendon\u00e7a Limons Carlos Vin\u00edcius da Silva Pinto Fabiano Douglas de Souza Flor Wienke Tavares Gabrielly Campos da Rosa Henrique M\u00fcller Priebbernow Juliana Lima Fagundes Paula Daiana Albrecht Pribe Rafaela Pagliarini Alves Tieissa Fonseca da Silva &nbsp; &nbsp; &nbsp; &nbsp;<\/p>\n","protected":false},"author":206,"featured_media":0,"parent":18,"menu_order":0,"comment_status":"closed","ping_status":"closed","template":"","meta":{"jetpack_post_was_ever_published":false,"footnotes":""},"class_list":["post-1728","page","type-page","status-publish","hentry","nodate","item-wrap"],"jetpack_sharing_enabled":true,"_links":{"self":[{"href":"https:\/\/wp.ufpel.edu.br\/leaa\/wp-json\/wp\/v2\/pages\/1728","targetHints":{"allow":["GET"]}}],"collection":[{"href":"https:\/\/wp.ufpel.edu.br\/leaa\/wp-json\/wp\/v2\/pages"}],"about":[{"href":"https:\/\/wp.ufpel.edu.br\/leaa\/wp-json\/wp\/v2\/types\/page"}],"author":[{"embeddable":true,"href":"https:\/\/wp.ufpel.edu.br\/leaa\/wp-json\/wp\/v2\/users\/206"}],"replies":[{"embeddable":true,"href":"https:\/\/wp.ufpel.edu.br\/leaa\/wp-json\/wp\/v2\/comments?post=1728"}],"version-history":[{"count":21,"href":"https:\/\/wp.ufpel.edu.br\/leaa\/wp-json\/wp\/v2\/pages\/1728\/revisions"}],"predecessor-version":[{"id":2983,"href":"https:\/\/wp.ufpel.edu.br\/leaa\/wp-json\/wp\/v2\/pages\/1728\/revisions\/2983"}],"up":[{"embeddable":true,"href":"https:\/\/wp.ufpel.edu.br\/leaa\/wp-json\/wp\/v2\/pages\/18"}],"wp:attachment":[{"href":"https:\/\/wp.ufpel.edu.br\/leaa\/wp-json\/wp\/v2\/media?parent=1728"}],"curies":[{"name":"wp","href":"https:\/\/api.w.org\/{rel}","templated":true}]}}