{"id":1251,"date":"2016-03-21T14:55:24","date_gmt":"2016-03-21T17:55:24","guid":{"rendered":"https:\/\/wp.ufpel.edu.br\/leaa\/?page_id=1251"},"modified":"2016-05-05T17:43:43","modified_gmt":"2016-05-05T20:43:43","slug":"pdf","status":"publish","type":"page","link":"https:\/\/wp.ufpel.edu.br\/leaa\/rede-de-estudos-agrarios\/textos\/pdf\/","title":{"rendered":"Pequenos Munic\u00edpios"},"content":{"rendered":"<p>Textos para Discuss\u00e3o:<\/p>\n<p>Texto 1: Urbaniza\u00e7\u00e3o e ruralidade: Rela\u00e7\u00f5es entre a pequena cidade e o mundo rural e estudo preliminar sobre os pequenos munic\u00edpios em Pernambuco\u00a0&#8211;\u00a0Maria Nazareth Baudel Wanderley <a href=\"https:\/\/wp.ufpel.edu.br\/leaa\/files\/2016\/03\/Pequenos-Munic\u00edpios_Nazareth-1.pdf\">[PDF]<\/a><\/p>\n<p>Texto 2:\u00a0As pequenas cidades na conflu\u00eancia do urbano e do rural &#8211;\u00a0Roberto Lobato Corr\u00eaa\u00a0<a href=\"https:\/\/wp.ufpel.edu.br\/leaa\/files\/2016\/03\/CORREA-Pequenas-cidades-1.pdf\">[PDF]<\/a><\/p>\n<p>Texto 3:\u00a0Impactos socioecon\u00f4micos dos benef\u00edcios previdenci\u00e1rios em\u00a0pequenas cidades do Estado de Minas Gerais, Brasil &#8211; Marly Nogueira\u00a0<a href=\"https:\/\/wp.ufpel.edu.br\/leaa\/files\/2016\/03\/NOGUEIRA-Pequenas-cidades-1.pdf\">[PDF]<\/a><\/p>\n<p>Texto 4: Globaliza\u00e7\u00e3o, Agricultura e Urbaniza\u00e7\u00e3o no Brasil &#8211; Denise Elias\u00a0<a href=\"https:\/\/wp.ufpel.edu.br\/leaa\/files\/2016\/03\/ELIAS-Globaliza\u00e7\u00e3o-Agricultura-e-Urbaniza\u00e7\u00e3o-1.pdf\">[PDF]<\/a><\/p>\n<p>Texto 5: As M\u00faltiplas Leituras do Espa\u00e7o Rural &#8211;\u00a0Erika Vanessa Moreira Santos;\u00a0Rosangela Aparecida de Medeiros Hespanhol &#8211;\u00a0<a href=\"https:\/\/wp.ufpel.edu.br\/leaa\/files\/2016\/03\/SANTOS-e-HESPANHOL-As-multiplas-leituras-do-espa\u00e7o-rural-1.pdf\">[PDF]<\/a><\/p>\n<p>Texto 6: Novas Redes Urbanas: Cidades M\u00e9dias e Pequenas no Processo de Globaliza\u00e7\u00e3o &#8211; Maria Encarna\u00e7\u00e3o Beltr\u00e3o Sposito &#8211;\u00a0<a href=\"https:\/\/wp.ufpel.edu.br\/leaa\/files\/2016\/03\/SPOSITO-Novas-Redes-Urbanas-1.pdf\">[PDF]<\/a><\/p>\n","protected":false},"excerpt":{"rendered":"<p>Textos para Discuss\u00e3o: Texto 1: Urbaniza\u00e7\u00e3o e ruralidade: Rela\u00e7\u00f5es entre a pequena cidade e o mundo rural e estudo preliminar sobre os pequenos munic\u00edpios em Pernambuco\u00a0&#8211;\u00a0Maria Nazareth Baudel Wanderley [PDF] Texto 2:\u00a0As pequenas cidades na conflu\u00eancia do urbano e do rural &#8211;\u00a0Roberto Lobato Corr\u00eaa\u00a0[PDF] Texto 3:\u00a0Impactos socioecon\u00f4micos dos benef\u00edcios previdenci\u00e1rios em\u00a0pequenas cidades do Estado de &hellip; <\/p>\n<p><a class=\"more-link btn\" href=\"https:\/\/wp.ufpel.edu.br\/leaa\/rede-de-estudos-agrarios\/textos\/pdf\/\">Continue lendo<\/a><\/p>\n","protected":false},"author":206,"featured_media":0,"parent":854,"menu_order":0,"comment_status":"closed","ping_status":"closed","template":"","meta":{"jetpack_post_was_ever_published":false,"footnotes":""},"class_list":["post-1251","page","type-page","status-publish","hentry","nodate","item-wrap"],"jetpack_sharing_enabled":true,"_links":{"self":[{"href":"https:\/\/wp.ufpel.edu.br\/leaa\/wp-json\/wp\/v2\/pages\/1251","targetHints":{"allow":["GET"]}}],"collection":[{"href":"https:\/\/wp.ufpel.edu.br\/leaa\/wp-json\/wp\/v2\/pages"}],"about":[{"href":"https:\/\/wp.ufpel.edu.br\/leaa\/wp-json\/wp\/v2\/types\/page"}],"author":[{"embeddable":true,"href":"https:\/\/wp.ufpel.edu.br\/leaa\/wp-json\/wp\/v2\/users\/206"}],"replies":[{"embeddable":true,"href":"https:\/\/wp.ufpel.edu.br\/leaa\/wp-json\/wp\/v2\/comments?post=1251"}],"version-history":[{"count":19,"href":"https:\/\/wp.ufpel.edu.br\/leaa\/wp-json\/wp\/v2\/pages\/1251\/revisions"}],"predecessor-version":[{"id":1302,"href":"https:\/\/wp.ufpel.edu.br\/leaa\/wp-json\/wp\/v2\/pages\/1251\/revisions\/1302"}],"up":[{"embeddable":true,"href":"https:\/\/wp.ufpel.edu.br\/leaa\/wp-json\/wp\/v2\/pages\/854"}],"wp:attachment":[{"href":"https:\/\/wp.ufpel.edu.br\/leaa\/wp-json\/wp\/v2\/media?parent=1251"}],"curies":[{"name":"wp","href":"https:\/\/api.w.org\/{rel}","templated":true}]}}