{"id":1071,"date":"2014-12-16T15:17:29","date_gmt":"2014-12-16T17:17:29","guid":{"rendered":"https:\/\/wp.ufpel.edu.br\/leaa\/?page_id=1071"},"modified":"2014-12-16T15:33:13","modified_gmt":"2014-12-16T17:33:13","slug":"videos","status":"publish","type":"page","link":"https:\/\/wp.ufpel.edu.br\/leaa\/galeria\/videos\/","title":{"rendered":"V\u00eddeos"},"content":{"rendered":"<div class=\"post-title\">\n<h2>Saberes e Sabores da Col\u00f4nia \u2013 Festa na Col\u00f4nia, Festa de Sant`Ana<\/h2>\n<h5>Fonte: http:\/\/sementeia.org\/2014\/12\/saberes-e-sabores-da-colonia-festa-na-colonia-festa-de-santana\/<\/h5>\n<h5 style=\"text-align: justify\">Este v\u00eddeo apresenta alguns dos resultados da agenda de pesquisa Saberes e Sabores da Col\u00f4nia, conduzida pelo Grupo de Estudos e Pesquisas em Alimenta\u00e7\u00e3o e Cultura (GEPAC), em parceria com o Laborat\u00f3rio de Ensino, Pesquisa e Produ\u00e7\u00e3o em Antropologia da Imagem e do Som (LEPPAIS) e o Laborat\u00f3rio de Estudos Agr\u00e1rios e Ambientais (LEAA), com apoio do CNPq e da Fapergs. O trabalho, realizado entre 2011 e 2013, buscou conhecer, especialmente a partir das pr\u00e1ticas alimentares, a cultura compartilhada por camponeses de distintas origens \u00e9tnicas presentes na Serra dos Tapes, Rio Grande do Sul. O v\u00eddeo apresenta a festa realizada em homenagem a Sant\u2019Ana, padroeira da comunidade cat\u00f3lica da Col\u00f4nia Maciel, no munic\u00edpio de Pelotas, sendo organizada pelas fam\u00edlias que ali residem. A festa acontece anualmente, no m\u00eas de fevereiro, sempre em um domingo. O v\u00eddeo foi concebido como forma de restitui\u00e7\u00e3o da pesquisa para a comunidade. As filmagens foram realizadas em 2011 e 2012, tendo sido apresentado \u00e0s fam\u00edlias em 2013.<\/h5>\n<\/div>\n<div class=\"post-title\">\n<p><a href=\"http:\/\/player.vimeo.com\/video\/108127792\"><img loading=\"lazy\" decoding=\"async\" class=\"aligncenter wp-image-1075 size-medium\" src=\"https:\/\/wp.ufpel.edu.br\/leaa\/files\/2014\/12\/saberes-e-sabores-424x239.png\" alt=\"saberes e sabores\" width=\"424\" height=\"239\" srcset=\"https:\/\/wp.ufpel.edu.br\/leaa\/files\/2014\/12\/saberes-e-sabores-424x239.png 424w, https:\/\/wp.ufpel.edu.br\/leaa\/files\/2014\/12\/saberes-e-sabores-212x119.png 212w, https:\/\/wp.ufpel.edu.br\/leaa\/files\/2014\/12\/saberes-e-sabores.png 606w\" sizes=\"auto, (max-width: 424px) 100vw, 424px\" \/><\/a><\/p>\n<p>&nbsp;<\/p>\n<\/div>\n","protected":false},"excerpt":{"rendered":"<p>Saberes e Sabores da Col\u00f4nia \u2013 Festa na Col\u00f4nia, Festa de Sant`Ana Fonte: http:\/\/sementeia.org\/2014\/12\/saberes-e-sabores-da-colonia-festa-na-colonia-festa-de-santana\/ Este v\u00eddeo apresenta alguns dos resultados da agenda de pesquisa Saberes e Sabores da Col\u00f4nia, conduzida pelo Grupo de Estudos e Pesquisas em Alimenta\u00e7\u00e3o e Cultura (GEPAC), em parceria com o Laborat\u00f3rio de Ensino, Pesquisa e Produ\u00e7\u00e3o em Antropologia da Imagem &hellip; <\/p>\n<p><a class=\"more-link btn\" href=\"https:\/\/wp.ufpel.edu.br\/leaa\/galeria\/videos\/\">Continue lendo<\/a><\/p>\n","protected":false},"author":206,"featured_media":0,"parent":97,"menu_order":0,"comment_status":"closed","ping_status":"closed","template":"","meta":{"jetpack_post_was_ever_published":false,"footnotes":""},"class_list":["post-1071","page","type-page","status-publish","hentry","nodate","item-wrap"],"jetpack_sharing_enabled":true,"_links":{"self":[{"href":"https:\/\/wp.ufpel.edu.br\/leaa\/wp-json\/wp\/v2\/pages\/1071","targetHints":{"allow":["GET"]}}],"collection":[{"href":"https:\/\/wp.ufpel.edu.br\/leaa\/wp-json\/wp\/v2\/pages"}],"about":[{"href":"https:\/\/wp.ufpel.edu.br\/leaa\/wp-json\/wp\/v2\/types\/page"}],"author":[{"embeddable":true,"href":"https:\/\/wp.ufpel.edu.br\/leaa\/wp-json\/wp\/v2\/users\/206"}],"replies":[{"embeddable":true,"href":"https:\/\/wp.ufpel.edu.br\/leaa\/wp-json\/wp\/v2\/comments?post=1071"}],"version-history":[{"count":15,"href":"https:\/\/wp.ufpel.edu.br\/leaa\/wp-json\/wp\/v2\/pages\/1071\/revisions"}],"predecessor-version":[{"id":1087,"href":"https:\/\/wp.ufpel.edu.br\/leaa\/wp-json\/wp\/v2\/pages\/1071\/revisions\/1087"}],"up":[{"embeddable":true,"href":"https:\/\/wp.ufpel.edu.br\/leaa\/wp-json\/wp\/v2\/pages\/97"}],"wp:attachment":[{"href":"https:\/\/wp.ufpel.edu.br\/leaa\/wp-json\/wp\/v2\/media?parent=1071"}],"curies":[{"name":"wp","href":"https:\/\/api.w.org\/{rel}","templated":true}]}}