{"id":1010,"date":"2014-10-01T15:01:09","date_gmt":"2014-10-01T18:01:09","guid":{"rendered":"https:\/\/wp.ufpel.edu.br\/leaa\/?page_id=1010"},"modified":"2014-10-01T15:02:58","modified_gmt":"2014-10-01T18:02:58","slug":"agriculturas-familiares-estrategias-de-reproducao-social-e-territorial","status":"publish","type":"page","link":"https:\/\/wp.ufpel.edu.br\/leaa\/projetos\/ensino\/agriculturas-familiares-estrategias-de-reproducao-social-e-territorial\/","title":{"rendered":"Agriculturas Familiares: estrat\u00e9gias de reprodu\u00e7\u00e3o social e territorial"},"content":{"rendered":"<p style=\"text-align: justify\">Justifica-se a proposta de um projeto de ensino voltado para a discuss\u00e3o dos eixos tem\u00e1ticos agricultura familiar e suas estrat\u00e9gias de reprodu\u00e7\u00e3o social e territorial como uma possibilidade de reflex\u00e3o acad\u00eamico-cient\u00edfico, proporcionando aos alunos participantes consolidar sua forma\u00e7\u00e3o extracurricular. Nesse sentido, o Laborat\u00f3rio de Estudos Agr\u00e1rios e Ambientais \u2013 LEAA &#8211; ICH apresenta-se como espa\u00e7o para realiza\u00e7\u00e3o de atividades desta natureza, al\u00e9m dos projetos de pesquisa e extens\u00e3o desenvolvidos pelo referido Laborat\u00f3rio.<\/p>\n<p style=\"text-align: justify\">Com este prop\u00f3sito o LEAA promove a realiza\u00e7\u00e3o de um grupo de estudos para discutir a multifuncionalidade do espa\u00e7o agr\u00e1rio, com \u00eanfase no segmento da agricultura familiar, o qual \u00e9 o l\u00f3cus de transforma\u00e7\u00f5es nas rela\u00e7\u00f5es sociais de trabalho observadas, atualmente, nas \u00e1reas rurais. Esta atividade justifica-se pela necessidade de oferecer um aporte te\u00f3rico-metodol\u00f3gico para realiza\u00e7\u00e3o das monografias de conclus\u00e3o de curso e disserta\u00e7\u00f5es realizadas sobre a tem\u00e1tica em foco, enriquecendo as discuss\u00f5es sobre a rela\u00e7\u00e3o ensino\/pesquisa\/extens\u00e3o.<\/p>\n","protected":false},"excerpt":{"rendered":"<p>Justifica-se a proposta de um projeto de ensino voltado para a discuss\u00e3o dos eixos tem\u00e1ticos agricultura familiar e suas estrat\u00e9gias de reprodu\u00e7\u00e3o social e territorial como uma possibilidade de reflex\u00e3o acad\u00eamico-cient\u00edfico, proporcionando aos alunos participantes consolidar sua forma\u00e7\u00e3o extracurricular. Nesse sentido, o Laborat\u00f3rio de Estudos Agr\u00e1rios e Ambientais \u2013 LEAA &#8211; ICH apresenta-se como espa\u00e7o &hellip; <\/p>\n<p><a class=\"more-link btn\" href=\"https:\/\/wp.ufpel.edu.br\/leaa\/projetos\/ensino\/agriculturas-familiares-estrategias-de-reproducao-social-e-territorial\/\">Continue lendo<\/a><\/p>\n","protected":false},"author":206,"featured_media":0,"parent":76,"menu_order":0,"comment_status":"closed","ping_status":"closed","template":"","meta":{"jetpack_post_was_ever_published":false,"footnotes":""},"class_list":["post-1010","page","type-page","status-publish","hentry","nodate","item-wrap"],"jetpack_sharing_enabled":true,"_links":{"self":[{"href":"https:\/\/wp.ufpel.edu.br\/leaa\/wp-json\/wp\/v2\/pages\/1010","targetHints":{"allow":["GET"]}}],"collection":[{"href":"https:\/\/wp.ufpel.edu.br\/leaa\/wp-json\/wp\/v2\/pages"}],"about":[{"href":"https:\/\/wp.ufpel.edu.br\/leaa\/wp-json\/wp\/v2\/types\/page"}],"author":[{"embeddable":true,"href":"https:\/\/wp.ufpel.edu.br\/leaa\/wp-json\/wp\/v2\/users\/206"}],"replies":[{"embeddable":true,"href":"https:\/\/wp.ufpel.edu.br\/leaa\/wp-json\/wp\/v2\/comments?post=1010"}],"version-history":[{"count":1,"href":"https:\/\/wp.ufpel.edu.br\/leaa\/wp-json\/wp\/v2\/pages\/1010\/revisions"}],"predecessor-version":[{"id":1011,"href":"https:\/\/wp.ufpel.edu.br\/leaa\/wp-json\/wp\/v2\/pages\/1010\/revisions\/1011"}],"up":[{"embeddable":true,"href":"https:\/\/wp.ufpel.edu.br\/leaa\/wp-json\/wp\/v2\/pages\/76"}],"wp:attachment":[{"href":"https:\/\/wp.ufpel.edu.br\/leaa\/wp-json\/wp\/v2\/media?parent=1010"}],"curies":[{"name":"wp","href":"https:\/\/api.w.org\/{rel}","templated":true}]}}