{"id":1126,"date":"2024-06-19T14:27:41","date_gmt":"2024-06-19T17:27:41","guid":{"rendered":"https:\/\/wp.ufpel.edu.br\/lccbio\/?page_id=1126"},"modified":"2026-02-27T10:53:06","modified_gmt":"2026-02-27T13:53:06","slug":"ex-integrantes","status":"publish","type":"page","link":"https:\/\/wp.ufpel.edu.br\/lccbio\/quem-somos\/ex-integrantes\/","title":{"rendered":"Ex-integrantes"},"content":{"rendered":"<p><strong>&gt; P\u00f3s-gradua\u00e7\u00e3o e P\u00f3s-doutorado<\/strong><\/p>\n<p><a href=\"http:\/\/lattes.cnpq.br\/9951426000171133\">Jenifer Heller Cerqueira\u00a0<\/a><\/p>\n<p><a href=\"http:\/\/lattes.cnpq.br\/7832859407188725\">\u00c1lisson Aline da Silva<\/a><\/p>\n<p><a href=\"http:\/\/lattes.cnpq.br\/2947381284621317\">Gilberto da Silva Coelho Junior<\/a><\/p>\n<p><a href=\"http:\/\/lattes.cnpq.br\/2271536005202373\">Julia Eisenhardt de Mello<\/a><\/p>\n<p><a href=\"http:\/\/lattes.cnpq.br\/1518155446953234\">Diogo La Rosa Novo<\/a><\/p>\n<p><a href=\"http:\/\/lattes.cnpq.br\/8408633367843610\">Isis Gon\u00e7alves Toralles<\/a><\/p>\n<p><a href=\"http:\/\/lattes.cnpq.br\/7846941056471594\">Marcelo Guerreiro Crizel<\/a><\/p>\n<p><a href=\"http:\/\/lattes.cnpq.br\/9631418605839524\">Natanael Rodrigo Xavier Pires<\/a><\/p>\n<p><a href=\"http:\/\/lattes.cnpq.br\/2749143362302361\">Rodrigo Mendes Pereira<\/a><\/p>\n<p><a href=\"http:\/\/lattes.cnpq.br\/0714688014937602\">Liz\u00e2ngela Rosa Ferreira<\/a><\/p>\n<p><a href=\"http:\/\/lattes.cnpq.br\/0896935572244851\">Vanize Caldeira da Costa<\/a><\/p>\n<p><a href=\"http:\/\/lattes.cnpq.br\/5091954990182055\">Carla de Andrade Hartwig<\/a><\/p>\n<p><a href=\"http:\/\/lattes.cnpq.br\/4131449701310051\">Andressa Cunha Lemos<\/a><\/p>\n<p><a href=\"http:\/\/lattes.cnpq.br\/6539033058330101\">Priscila Tessmer Scaglioni<\/a><\/p>\n<p><a href=\"http:\/\/lattes.cnpq.br\/0664263129025879\"><span class=\"OYPEnA text-decoration-none text-strikethrough-none\">Prof. Dr.<\/span> <span class=\"OYPEnA text-decoration-none text-strikethrough-none\">Filipe Soares Rondan<\/span><\/a><\/p>\n<p><a href=\"http:\/\/lattes.cnpq.br\/1260204237221536\"><span class=\"OYPEnA text-decoration-none text-strikethrough-none\">Fernanda Pitt Balbinot<\/span><\/a><\/p>\n<p><a href=\"http:\/\/lattes.cnpq.br\/4637087403504041\"><span class=\"OYPEnA text-decoration-none text-strikethrough-none\">Thauana Heberle<\/span><\/a><\/p>\n<p><strong><span style=\"color: var(--cor-texto); font-family: var(--fonte-corpo);\">&gt; Inicia\u00e7\u00e3o cient\u00edfica<\/span><\/strong><\/p>\n<p><a href=\"http:\/\/lattes.cnpq.br\/5680186757792261\"><span class=\"OYPEnA text-decoration-none text-strikethrough-none\">Helena Gon\u00e7alves Domingues<\/span><\/a><\/p>\n<p><a href=\"http:\/\/lattes.cnpq.br\/3700983395036516\">Mariana Reichow Ramos<\/a><\/p>\n<p><a href=\"http:\/\/lattes.cnpq.br\/5755712928921944\">Catarina Ferreira Santos Moraes<\/a><\/p>\n<p><a href=\"http:\/\/lattes.cnpq.br\/1223024371743898\">Marina Seyffert Xavier<\/a><\/p>\n<p><a href=\"http:\/\/lattes.cnpq.br\/9970299608414293\">Tamires da Concei\u00e7\u00e3o Ramires<\/a><\/p>\n<p>Gabriela de Oliveira<\/p>\n<p><a href=\"http:\/\/lattes.cnpq.br\/1433983289575647\">Cl\u00e1udio Alves Lima Junior<\/a><\/p>\n<p><a href=\"http:\/\/lattes.cnpq.br\/6682444135964194\">Romina Patricia Fonseca Moreira<\/a><\/p>\n<p>Cleiton Jesus Andrades Pereira<\/p>\n<p><a href=\"http:\/\/lattes.cnpq.br\/4607670248895604\">Fernanda dos Santos Vinci<\/a><\/p>\n<p><a href=\"http:\/\/lattes.cnpq.br\/8119953916776060\">Bruna Holz Xavier<\/a><\/p>\n<p><a href=\"http:\/\/lattes.cnpq.br\/8245640395302883\">Nat\u00e1lia Jorge Bielemann<\/a><\/p>\n<p><a href=\"http:\/\/lattes.cnpq.br\/7148057435684877\">Jana\u00edna do Ros\u00e1rio Brum<\/a><\/p>\n<p>Emily Fiuza Rodrigues<\/p>\n<p><a href=\"http:\/\/lattes.cnpq.br\/5740443463862185\">Dirce Tain\u00e1 Teixeira<\/a><\/p>\n<p><a href=\"http:\/\/lattes.cnpq.br\/4006814275736562\">Thais Mazzetti<\/a><\/p>\n<p><a href=\"http:\/\/lattes.cnpq.br\/6908486471502109\">Alessandra Cortes Teotonio<\/a><\/p>\n<p><a href=\"http:\/\/lattes.cnpq.br\/2552577806175093\">Ang\u00e9lica Schiavom dos Reis<\/a><\/p>\n<p><a href=\"http:\/\/lattes.cnpq.br\/6792819895023539\">Thais Quevedo Raubach<\/a><\/p>\n<p><a href=\"http:\/\/lattes.cnpq.br\/7553305624871958\">Giovana Tavares Silva<\/a><\/p>\n<p><a href=\"http:\/\/lattes.cnpq.br\/3544632292761477\">Marta Michele Plada da Silva<\/a><\/p>\n<p>Jana\u00edna Borges Cardoso Schimidt<\/p>\n<p><a href=\"http:\/\/lattes.cnpq.br\/7520652070486253\">Fernanda Berndt Borba Schiavon<\/a><\/p>\n<p><a href=\"http:\/\/lattes.cnpq.br\/9589913408831297\">Renata Azevedo Balaguez<\/a><\/p>\n<p><a href=\"http:\/\/lattes.cnpq.br\/6730820163842868\">Alexander Ossanes de Souza<\/a><\/p>\n<p><a href=\"http:\/\/lattes.cnpq.br\/0429156764265344\">Josiane K\u00f6nzgen Schneid<\/a><\/p>\n<p><a href=\"http:\/\/lattes.cnpq.br\/4655315441079273\">Juliana Villela Maciel<\/a><\/p>\n<p><a href=\"http:\/\/lattes.cnpq.br\/2034281700441190\">Maicon Areze Roxo<\/a><\/p>\n<p><a href=\"http:\/\/lattes.cnpq.br\/2344858426628101\">\u00c9dipo Saraiva<\/a><\/p>\n<p><a href=\"http:\/\/lattes.cnpq.br\/3526508718534694\">Vanda Artifon Pereira<\/a><\/p>\n<p>Andressa de Lima Sivievers<\/p>\n<p>Cristiano K. Giesbrecht<\/p>\n<p><a href=\"http:\/\/lattes.cnpq.br\/0049437853777503\">Gabriel da Silva Machado<\/a><\/p>\n<p><a href=\"http:\/\/lattes.cnpq.br\/3089530990891732\">Luiza Ramires Soares<\/a><\/p>\n<p><a href=\"http:\/\/lattes.cnpq.br\/4449705585506291\"><span class=\"OYPEnA text-decoration-none text-strikethrough-none\">Daniela da Silva de Garcia<\/span><\/a><\/p>\n<p><a href=\"http:\/\/lattes.cnpq.br\/4656355338420657\">Leticia da Silva Pedroso<\/a><\/p>\n<p><a href=\"http:\/\/lattes.cnpq.br\/0527786739125383\"><span class=\"OYPEnA text-decoration-none text-strikethrough-none\">Maria Eduarda Braga Kr\u00fcger<\/span><\/a><\/p>\n<p><a href=\"http:\/\/lattes.cnpq.br\/9314097714938500\">Mariele Louis Ghysio<\/a><\/p>\n","protected":false},"excerpt":{"rendered":"<p>&gt; P\u00f3s-gradua\u00e7\u00e3o e P\u00f3s-doutorado Jenifer Heller Cerqueira\u00a0 \u00c1lisson Aline da Silva Gilberto da Silva Coelho Junior Julia Eisenhardt de Mello Diogo La Rosa Novo Isis Gon\u00e7alves Toralles Marcelo Guerreiro Crizel Natanael Rodrigo Xavier Pires Rodrigo Mendes Pereira Liz\u00e2ngela Rosa Ferreira Vanize Caldeira da Costa Carla de Andrade Hartwig Andressa Cunha Lemos Priscila Tessmer Scaglioni Prof. [&hellip;]<\/p>\n","protected":false},"author":862,"featured_media":0,"parent":29,"menu_order":2,"comment_status":"closed","ping_status":"closed","template":"","meta":{"footnotes":""},"class_list":["post-1126","page","type-page","status-publish","hentry"],"jetpack_sharing_enabled":true,"_links":{"self":[{"href":"https:\/\/wp.ufpel.edu.br\/lccbio\/wp-json\/wp\/v2\/pages\/1126","targetHints":{"allow":["GET"]}}],"collection":[{"href":"https:\/\/wp.ufpel.edu.br\/lccbio\/wp-json\/wp\/v2\/pages"}],"about":[{"href":"https:\/\/wp.ufpel.edu.br\/lccbio\/wp-json\/wp\/v2\/types\/page"}],"author":[{"embeddable":true,"href":"https:\/\/wp.ufpel.edu.br\/lccbio\/wp-json\/wp\/v2\/users\/862"}],"replies":[{"embeddable":true,"href":"https:\/\/wp.ufpel.edu.br\/lccbio\/wp-json\/wp\/v2\/comments?post=1126"}],"version-history":[{"count":4,"href":"https:\/\/wp.ufpel.edu.br\/lccbio\/wp-json\/wp\/v2\/pages\/1126\/revisions"}],"predecessor-version":[{"id":1406,"href":"https:\/\/wp.ufpel.edu.br\/lccbio\/wp-json\/wp\/v2\/pages\/1126\/revisions\/1406"}],"up":[{"embeddable":true,"href":"https:\/\/wp.ufpel.edu.br\/lccbio\/wp-json\/wp\/v2\/pages\/29"}],"wp:attachment":[{"href":"https:\/\/wp.ufpel.edu.br\/lccbio\/wp-json\/wp\/v2\/media?parent=1126"}],"curies":[{"name":"wp","href":"https:\/\/api.w.org\/{rel}","templated":true}]}}