{"id":76,"date":"2011-06-11T19:59:39","date_gmt":"2011-06-11T22:59:39","guid":{"rendered":"https:\/\/wp.ufpel.edu.br\/lasol\/"},"modified":"2016-12-13T10:37:01","modified_gmt":"2016-12-13T12:37:01","slug":"pos-graduacao","status":"publish","type":"page","link":"https:\/\/wp.ufpel.edu.br\/lasol\/alunos\/pos-graduacao\/","title":{"rendered":"P\u00f3s-Gradua\u00e7\u00e3o"},"content":{"rendered":"<p><span style=\"color: #000000\">_____________________________________________________________________\u00a0<\/span><a href=\"https:\/\/wp.ufpel.edu.br\/lasol\/files\/2011\/06\/2-Angelita.jpg\"><img class=\"alignleft size-medium wp-image-945\" src=\"https:\/\/wp.ufpel.edu.br\/lasol\/files\/2011\/06\/2-Angelita-208x300.jpg\" alt=\"\" width=\"208\" height=\"300\" srcset=\"https:\/\/wp.ufpel.edu.br\/lasol\/files\/2011\/06\/2-Angelita-208x300.jpg 208w, https:\/\/wp.ufpel.edu.br\/lasol\/files\/2011\/06\/2-Angelita.jpg 310w\" sizes=\"(max-width: 208px) 100vw, 208px\" \/><\/a><\/p>\n<p style=\"text-align: center\"><em><strong>Angelita Manke Barcellos<br \/>\n<\/strong><\/em><\/p>\n<p style=\"text-align: left\">Forma\u00e7\u00e3o: Qu\u00edmica Bacharelado<\/p>\n<p style=\"text-align: left\">Curso: Doutorado em Qu\u00edmica<\/p>\n<p style=\"text-align: left\">Orientador:\u00a0 Eder Jo\u00e3o Lenard\u00e3o<\/p>\n<p style=\"text-align: left\">Ingresso no Lab.:\u00a0abril de 2008<\/p>\n<p style=\"text-align: left\"><a href=\"http:\/\/lattes.cnpq.br\/3362240071203001\">Curr\u00edculo Lattes<\/a><\/p>\n<p>______________________________________________________________________<strong><em><a href=\"https:\/\/wp.ufpel.edu.br\/lasol\/files\/2011\/06\/3-Beatriz-Muller-vieira2.jpg\"><img class=\"alignleft\" src=\"https:\/\/wp.ufpel.edu.br\/lasol\/files\/2011\/06\/3-Beatriz-Muller-vieira2-207x300.jpg\" alt=\"\" width=\"207\" height=\"300\" \/><\/a><\/em><\/strong><\/p>\n<p style=\"text-align: center\"><strong><em><br \/>\nBeatriz Muller Vieira<\/em><\/strong><\/p>\n<p style=\"text-align: left\">Forma\u00e7\u00e3o: Qu\u00edmica Industrial<\/p>\n<p style=\"text-align: left\">Curso: Doutorado<\/p>\n<p style=\"text-align: left\">Orientador: Eder Jo\u00e3o Lenard\u00e3o<\/p>\n<p style=\"text-align: left\">Ingressou no Lab.: junho de 2010<\/p>\n<p style=\"text-align: left\"><a href=\"http:\/\/lattes.cnpq.br\/7971506885058825\">Curr\u00edculo Lattes<\/a><\/p>\n<p>\u00a0______________________________________________________________________<a href=\"https:\/\/wp.ufpel.edu.br\/lasol\/files\/2011\/06\/3-Bruna-de-Souza-Goldani2.jpg\"><img class=\"alignleft\" src=\"https:\/\/wp.ufpel.edu.br\/lasol\/files\/2011\/06\/3-Bruna-de-Souza-Goldani2-205x300.jpg\" alt=\"\" width=\"205\" height=\"300\" \/><\/a><\/p>\n<p style=\"text-align: center\"><strong><em><br \/>\nBruna de Souza Goldani<\/em><\/strong><\/p>\n<p style=\"text-align: left\">Forma\u00e7\u00e3o: Qu\u00edmica Industrial<\/p>\n<p style=\"text-align: left\">Curso: Doutorado<\/p>\n<p style=\"text-align: left\">Orientador: Diego da Silva Alves<\/p>\n<p style=\"text-align: left\">Ingressou no Lab.: junho de 2010<\/p>\n<p style=\"text-align: left\"><a href=\"http:\/\/lattes.cnpq.br\/3382412477408043\">Curr\u00edculo Lattes<\/a><\/p>\n<p>______________________________________________________________________<\/p>\n<p style=\"text-align: center\"><a href=\"https:\/\/wp.ufpel.edu.br\/lasol\/files\/2011\/06\/2-Daniela.jpg\"><img class=\"alignleft size-medium wp-image-114\" src=\"https:\/\/wp.ufpel.edu.br\/lasol\/files\/2011\/06\/2-Daniela-211x300.jpg\" alt=\"\" width=\"211\" height=\"300\" srcset=\"https:\/\/wp.ufpel.edu.br\/lasol\/files\/2011\/06\/2-Daniela-211x300.jpg 211w, https:\/\/wp.ufpel.edu.br\/lasol\/files\/2011\/06\/2-Daniela.jpg 328w\" sizes=\"(max-width: 211px) 100vw, 211px\" \/><\/a> <strong><em>Daniela Hartwig de Oliveira<\/em><\/strong><\/p>\n<p style=\"text-align: left\">Forma\u00e7\u00e3o: Licenciatura em Qu\u00edmica<\/p>\n<p style=\"text-align: left\">Curso: Doutorado<\/p>\n<p style=\"text-align: left\">Orientador: Raquel Guimar\u00e3es Jacob<\/p>\n<p style=\"text-align: left\">Ingresso no Lab.: mar\u00e7o de 2011<\/p>\n<p style=\"text-align: left\"><a href=\"http:\/\/lattes.cnpq.br\/9690755495607646\" target=\"_blank\">Curr\u00edculo Lattes <\/a><\/p>\n<p style=\"text-align: center\">_____________________________________________________________________<a href=\"https:\/\/wp.ufpel.edu.br\/lasol\/files\/2011\/06\/2-Debora.jpg\"><img class=\"alignleft size-medium wp-image-115\" src=\"https:\/\/wp.ufpel.edu.br\/lasol\/files\/2011\/06\/2-Debora-194x300.jpg\" alt=\"\" width=\"194\" height=\"300\" srcset=\"https:\/\/wp.ufpel.edu.br\/lasol\/files\/2011\/06\/2-Debora-194x300.jpg 194w, https:\/\/wp.ufpel.edu.br\/lasol\/files\/2011\/06\/2-Debora.jpg 295w\" sizes=\"(max-width: 194px) 100vw, 194px\" \/><\/a><\/p>\n<p style=\"text-align: center\"><em><strong>D\u00e9bora Martins Martinez<\/strong><\/em><\/p>\n<p>Forma\u00e7\u00e3o: Qu\u00edmica de Alimentos<\/p>\n<p>Curso: Doutorado (PPGCTA)<\/p>\n<p>Orientador: Eder Jo\u00e3o Lenard\u00e3o \/ Lucielli Savegnago<\/p>\n<p>Ingresso no Lab.: Mar\u00e7o de 2009<\/p>\n<p><a href=\"http:\/\/lattes.cnpq.br\/7630172253635736\" target=\"_blank\">Curr\u00edculo Lattes <\/a><\/p>\n<p style=\"text-align: left\">_____________________________________________________________________ <a href=\"https:\/\/wp.ufpel.edu.br\/lasol\/files\/2011\/06\/2-Edimilson1.jpg\"><img class=\"alignleft size-medium wp-image-117\" src=\"https:\/\/wp.ufpel.edu.br\/lasol\/files\/2011\/06\/2-Edimilson1-202x300.jpg\" alt=\"\" width=\"202\" height=\"300\" srcset=\"https:\/\/wp.ufpel.edu.br\/lasol\/files\/2011\/06\/2-Edimilson1-202x300.jpg 202w, https:\/\/wp.ufpel.edu.br\/lasol\/files\/2011\/06\/2-Edimilson1.jpg 310w\" sizes=\"(max-width: 202px) 100vw, 202px\" \/><\/a><\/p>\n<p style=\"text-align: center\"><strong><em>Jos\u00e9 Edmilson Ribeiro do Nascimento<\/em><\/strong><\/p>\n<p style=\"text-align: left\">Forma\u00e7\u00e3o: Ci\u00eancias Licenciatura Habilita\u00e7\u00e3o em Qu\u00edmica<\/p>\n<p style=\"text-align: left\">Curso: Doutorado<\/p>\n<p style=\"text-align: left\">Orientador: Raquel Guimar\u00e3es Jacob<\/p>\n<p style=\"text-align: left\">Ingresso no Lab.: mar\u00e7o de 2009<\/p>\n<p style=\"text-align: left\"><a href=\"http:\/\/lattes.cnpq.br\/2330001697474534\" target=\"_blank\">Curr\u00edculo Lattes <\/a><\/p>\n<p style=\"text-align: center\">_____________________________________________________________________<a href=\"https:\/\/wp.ufpel.edu.br\/lasol\/files\/2011\/06\/2-Elton-de-Lima-Borges1.jpg\"><img class=\"alignleft size-medium wp-image-374\" src=\"https:\/\/wp.ufpel.edu.br\/lasol\/files\/2011\/06\/2-Elton-de-Lima-Borges1-211x300.jpg\" alt=\"\" width=\"211\" height=\"300\" srcset=\"https:\/\/wp.ufpel.edu.br\/lasol\/files\/2011\/06\/2-Elton-de-Lima-Borges1-211x300.jpg 211w, https:\/\/wp.ufpel.edu.br\/lasol\/files\/2011\/06\/2-Elton-de-Lima-Borges1.jpg 337w\" sizes=\"(max-width: 211px) 100vw, 211px\" \/><\/a><\/p>\n<p style=\"text-align: center\"><strong><em>Elton de Lima Borges<\/em><\/strong><\/p>\n<p style=\"text-align: left\">Forma\u00e7\u00e3o: Bacharel em Qu\u00edmica<\/p>\n<p style=\"text-align: left\">Curso: Doutorado em Qu\u00edmica<\/p>\n<p style=\"text-align: left\">Orientador: Gelson Perin<\/p>\n<p style=\"text-align: left\">Ingresso no Lab.: Mar\u00e7o de 2007<\/p>\n<p style=\"text-align: left\"><a href=\"http:\/\/lattes.cnpq.br\/3440224130137251\" target=\"_blank\">Curr\u00edculo Lattes <\/a><\/p>\n<p style=\"text-align: center\">___________________________________________________________________<br \/>\n<a href=\"https:\/\/wp.ufpel.edu.br\/lasol\/files\/2011\/06\/2-Katiucia.jpg\"><img class=\"alignleft size-medium wp-image-123\" src=\"https:\/\/wp.ufpel.edu.br\/lasol\/files\/2011\/06\/2-Katiucia-208x300.jpg\" alt=\"\" width=\"208\" height=\"300\" srcset=\"https:\/\/wp.ufpel.edu.br\/lasol\/files\/2011\/06\/2-Katiucia-208x300.jpg 208w, https:\/\/wp.ufpel.edu.br\/lasol\/files\/2011\/06\/2-Katiucia.jpg 317w\" sizes=\"(max-width: 208px) 100vw, 208px\" \/><\/a><\/p>\n<p style=\"text-align: center\"><em><strong>Kati\u00facia Daiane Mesquita<\/strong><\/em><\/p>\n<p style=\"text-align: left\">Forma\u00e7\u00e3o: Qu\u00edmica Licenciatura<\/p>\n<p style=\"text-align: left\">Curso: Doutorado<\/p>\n<p style=\"text-align: left\">Orientador: \u00a0Raquel Guimar\u00e3es Jacob<\/p>\n<p style=\"text-align: left\">Ingresso no Lab.: mar\u00e7o de 2010<\/p>\n<p style=\"text-align: left\"><a href=\"http:\/\/lattes.cnpq.br\/4720374238329291\" target=\"_blank\">Curr\u00edculo Lattes<\/a><\/p>\n<p style=\"text-align: center\">____________________________________________________________________<br \/>\n<a href=\"https:\/\/wp.ufpel.edu.br\/lasol\/files\/2011\/06\/2-L\u00f3ren2.jpg\"><img class=\"alignleft size-medium wp-image-416\" src=\"https:\/\/wp.ufpel.edu.br\/lasol\/files\/2011\/06\/2-L\u00f3ren2-217x300.jpg\" alt=\"\" width=\"217\" height=\"300\" srcset=\"https:\/\/wp.ufpel.edu.br\/lasol\/files\/2011\/06\/2-L\u00f3ren2-217x300.jpg 217w, https:\/\/wp.ufpel.edu.br\/lasol\/files\/2011\/06\/2-L\u00f3ren2.jpg 325w\" sizes=\"(max-width: 217px) 100vw, 217px\" \/><\/a><\/p>\n<p style=\"text-align: center\"><em><strong>Loren Caroline Czermainski Gon\u00e7alves<\/strong><\/em><\/p>\n<p style=\"text-align: left\">Forma\u00e7\u00e3o: Qu\u00edmica ambiental<\/p>\n<p style=\"text-align: left\">Curso: Doutorado<\/p>\n<p style=\"text-align: left\">Orientador: Eder Jo\u00e3o Lenard\u00e3o<\/p>\n<p style=\"text-align: left\">Ingresso no Lab.: abril de 2011<\/p>\n<p style=\"text-align: left\"><a href=\"http:\/\/lattes.cnpq.br\/3152810293598787\" target=\"_blank\">Curr\u00edculo Lattes<\/a><\/p>\n<p style=\"text-align: center\">____________________________________________________________________<\/p>\n<p style=\"text-align: center\"><em><strong><a href=\"https:\/\/wp.ufpel.edu.br\/lasol\/files\/2011\/06\/3-Luis-Fernando-Barbosa-Duarte1.jpg\"><img class=\"alignleft size-medium wp-image-372\" src=\"https:\/\/wp.ufpel.edu.br\/lasol\/files\/2011\/06\/3-Luis-Fernando-Barbosa-Duarte1-214x300.jpg\" alt=\"3-Luis Fernando Barbosa Duarte\" width=\"214\" height=\"300\" srcset=\"https:\/\/wp.ufpel.edu.br\/lasol\/files\/2011\/06\/3-Luis-Fernando-Barbosa-Duarte1-214x300.jpg 214w, https:\/\/wp.ufpel.edu.br\/lasol\/files\/2011\/06\/3-Luis-Fernando-Barbosa-Duarte1.jpg 318w\" sizes=\"(max-width: 214px) 100vw, 214px\" \/><\/a>Luis Fernando Barbosa Duarte<\/strong><\/em><\/p>\n<p style=\"text-align: left\">Forma\u00e7\u00e3o: Qu\u00edmica Industrial<\/p>\n<p style=\"text-align: left\">Curso: Doutorado em Qu\u00edmica<\/p>\n<p style=\"text-align: left\">Orientador: Diego Alves<\/p>\n<p style=\"text-align: left\">Ingresso no Lab.: julho de 2010<\/p>\n<p style=\"text-align: left\"><a href=\"http:\/\/lattes.cnpq.br\/0817595091106844\">Curr\u00edculo Lattes<\/a><\/p>\n<p style=\"text-align: center\">____________________________________________________________________<a href=\"https:\/\/wp.ufpel.edu.br\/lasol\/files\/2011\/06\/2-Maiara1.jpg\"><img class=\"alignleft size-medium wp-image-951\" src=\"https:\/\/wp.ufpel.edu.br\/lasol\/files\/2011\/06\/2-Maiara1-222x300.jpg\" alt=\"\" width=\"222\" height=\"300\" srcset=\"https:\/\/wp.ufpel.edu.br\/lasol\/files\/2011\/06\/2-Maiara1-222x300.jpg 222w, https:\/\/wp.ufpel.edu.br\/lasol\/files\/2011\/06\/2-Maiara1.jpg 306w\" sizes=\"(max-width: 222px) 100vw, 222px\" \/><\/a><em><strong><br \/>\nMaiara Torchelsen Saraiva<\/strong><\/em><\/p>\n<p style=\"text-align: left\">Forma\u00e7\u00e3o: Qu\u00edmica Bacharelado<\/p>\n<p style=\"text-align: left\">Curso: Doutorado em Qu\u00edmica<\/p>\n<p style=\"text-align: left\">Orientador: \u00a0Diego Alves<\/p>\n<p style=\"text-align: left\">Ingresso no Lab.:\u00a0junho de 2007<\/p>\n<p style=\"text-align: left\"><a href=\"http:\/\/lattes.cnpq.br\/0779396663734578\" target=\"_blank\">Curr\u00edculo Lattes<\/a><a href=\"https:\/\/wp.ufpel.edu.br\/lasol\/files\/2011\/06\/2-Maiara.jpg\"><br \/>\n<\/a><\/p>\n<p style=\"text-align: center\">____________________________________________________________________<\/p>\n<p style=\"text-align: center\"><a href=\"https:\/\/wp.ufpel.edu.br\/lasol\/files\/2011\/06\/2-Natalia1.jpg\"><img class=\"alignleft size-medium wp-image-950\" src=\"https:\/\/wp.ufpel.edu.br\/lasol\/files\/2011\/06\/2-Natalia1-204x300.jpg\" alt=\"\" width=\"204\" height=\"300\" srcset=\"https:\/\/wp.ufpel.edu.br\/lasol\/files\/2011\/06\/2-Natalia1-204x300.jpg 204w, https:\/\/wp.ufpel.edu.br\/lasol\/files\/2011\/06\/2-Natalia1.jpg 313w\" sizes=\"(max-width: 204px) 100vw, 204px\" \/><\/a><em><strong>Natalia Seus<\/strong><\/em><\/p>\n<p style=\"text-align: left\">Forma\u00e7\u00e3o: Qu\u00edmica Licenciatura<\/p>\n<p style=\"text-align: left\">Curso: Doutorado<\/p>\n<p style=\"text-align: left\">Orientador:\u00a0Lucielli Savegnago<\/p>\n<p style=\"text-align: left\">Ingresso no Lab.: \u00a0janeiro de 2010<\/p>\n<p style=\"text-align: left\"><a href=\"http:\/\/lattes.cnpq.br\/0897693019387569\">Curr\u00edculo Lattes<\/a><\/p>\n<p style=\"text-align: left\">____________________________________________________________________<\/p>\n<p style=\"text-align: center\"><strong><em><a href=\"https:\/\/wp.ufpel.edu.br\/lasol\/files\/2011\/06\/3-Renata-Balaguez.jpg\"><img class=\"alignleft size-medium wp-image-977\" src=\"https:\/\/wp.ufpel.edu.br\/lasol\/files\/2011\/06\/3-Renata-Balaguez-187x300.jpg\" alt=\"3-Renata Balaguez\" width=\"187\" height=\"300\" \/><\/a>Renata Azevedo Balaguez <\/em><\/strong><\/p>\n<p style=\"text-align: left\">Forma\u00e7\u00e3o: Qu\u00edmica Industrial<\/p>\n<p style=\"text-align: left\">Curso: Doutorado<\/p>\n<p style=\"text-align: left\">Orientador: Diego da Silva Alves<\/p>\n<p style=\"text-align: left\">Ingresso no Lab.: mar\u00e7o de 2012<\/p>\n<p style=\"text-align: left\"><a href=\"http:\/\/lattes.cnpq.br\/9589913408831297\">Curr\u00edculo Lattes<\/a><\/p>\n<p style=\"text-align: left\">____________________________________________________________________<br \/>\n<a href=\"https:\/\/wp.ufpel.edu.br\/lasol\/files\/2011\/06\/2-Renata.jpg\"><img class=\"alignleft size-medium wp-image-128\" src=\"https:\/\/wp.ufpel.edu.br\/lasol\/files\/2011\/06\/2-Renata-205x300.jpg\" alt=\"\" width=\"205\" height=\"300\" srcset=\"https:\/\/wp.ufpel.edu.br\/lasol\/files\/2011\/06\/2-Renata-205x300.jpg 205w, https:\/\/wp.ufpel.edu.br\/lasol\/files\/2011\/06\/2-Renata.jpg 316w\" sizes=\"(max-width: 205px) 100vw, 205px\" \/><\/a><\/p>\n<p style=\"text-align: center\"><em><strong>Renata Gon\u00e7alves Lara<\/strong><\/em><\/p>\n<p style=\"text-align: left\">Forma\u00e7\u00e3o: Bacharel em Qu\u00edmica<\/p>\n<p style=\"text-align: left\">Curso: Doutorado<\/p>\n<p style=\"text-align: left\">Orientador: Gelson Perin<\/p>\n<p style=\"text-align: left\">Ingresso no Lab.: novembro de 2006<\/p>\n<p style=\"text-align: left\"><a href=\"http:\/\/lattes.cnpq.br\/7724318434414563\" target=\"_blank\">Curr\u00edculo Lattes<\/a><\/p>\n<p style=\"text-align: center\">____________________________________________________________________<a href=\"https:\/\/wp.ufpel.edu.br\/lasol\/files\/2011\/06\/2-Samuel2.jpg\"><img class=\"alignleft size-medium wp-image-955\" src=\"https:\/\/wp.ufpel.edu.br\/lasol\/files\/2011\/06\/2-Samuel2-211x300.jpg\" alt=\"\" width=\"211\" height=\"300\" srcset=\"https:\/\/wp.ufpel.edu.br\/lasol\/files\/2011\/06\/2-Samuel2-211x300.jpg 211w, https:\/\/wp.ufpel.edu.br\/lasol\/files\/2011\/06\/2-Samuel2.jpg 296w\" sizes=\"(max-width: 211px) 100vw, 211px\" \/><\/a><\/p>\n<p style=\"text-align: center\"><em><strong>Samuel Thurow<br \/>\n<\/strong><\/em><\/p>\n<p style=\"text-align: left\">Forma\u00e7\u00e3o: Qu\u00edmica Bacharelado<\/p>\n<p style=\"text-align: left\">Curso: Doutorado em Qu\u00edmica<\/p>\n<p style=\"text-align: left\">Orientador:\u00a0 Eder Jo\u00e3o Lenard\u00e3o<\/p>\n<p style=\"text-align: left\">Ingresso no Lab.:\u00a0abril de 2008<\/p>\n<p style=\"text-align: left\"><a href=\"http:\/\/lattes.cnpq.br\/4561778127595207\" target=\"_blank\">Curr\u00edculo Lattes<\/a><\/p>\n<p style=\"text-align: left\">____________________________________________________________________<a href=\"https:\/\/wp.ufpel.edu.br\/lasol\/files\/2011\/06\/2-Sergio-Fonseca-C\u00f3pia1.jpg\"><img class=\"alignleft size-medium wp-image-957\" src=\"https:\/\/wp.ufpel.edu.br\/lasol\/files\/2011\/06\/2-Sergio-Fonseca-C\u00f3pia1-200x300.jpg\" alt=\"\" width=\"200\" height=\"300\" srcset=\"https:\/\/wp.ufpel.edu.br\/lasol\/files\/2011\/06\/2-Sergio-Fonseca-C\u00f3pia1-200x300.jpg 200w, https:\/\/wp.ufpel.edu.br\/lasol\/files\/2011\/06\/2-Sergio-Fonseca-C\u00f3pia1.jpg 283w\" sizes=\"(max-width: 200px) 100vw, 200px\" \/><\/a><\/p>\n<p style=\"text-align: center\"><em><strong> Sergio Ferraz Fonseca<br \/>\n<\/strong><\/em><\/p>\n<p style=\"text-align: left\">Forma\u00e7\u00e3o:\u00a0 Bacharelado em\u00a0 Qu\u00edmica de Alimentos<\/p>\n<p style=\"text-align: left\">Curso: Doutorado em Ci\u00eancia e Tecnologia de Alimentos<\/p>\n<p style=\"text-align: left\">Orientador:\u00a0 Eder Jo\u00e3o Lenard\u00e3o<\/p>\n<p style=\"text-align: left\">Ingresso no Lab.: abril de 2012<\/p>\n<p style=\"text-align: left\"><a href=\"http:\/\/lattes.cnpq.br\/6917039382551056\" target=\"_blank\">Curr\u00edculo Lattes<\/a><\/p>\n<p style=\"text-align: center\">\u00a0____________________________________________________________________<br \/>\n<a href=\"https:\/\/wp.ufpel.edu.br\/lasol\/files\/2011\/06\/2-Vanessa1.jpg\"><img class=\"alignleft size-medium wp-image-376\" src=\"https:\/\/wp.ufpel.edu.br\/lasol\/files\/2011\/06\/2-Vanessa1-200x300.jpg\" alt=\"\" width=\"200\" height=\"300\" srcset=\"https:\/\/wp.ufpel.edu.br\/lasol\/files\/2011\/06\/2-Vanessa1-200x300.jpg 200w, https:\/\/wp.ufpel.edu.br\/lasol\/files\/2011\/06\/2-Vanessa1.jpg 321w\" sizes=\"(max-width: 200px) 100vw, 200px\" \/><\/a><em><strong>Vanessa Gentil Ricordi<\/strong><\/em><\/p>\n<p style=\"text-align: left\">Forma\u00e7\u00e3o: Qu\u00edmica Ambiental<\/p>\n<p style=\"text-align: left\">Curso: Doutorado<\/p>\n<p style=\"text-align: left\">Orientador: Diego da Silva Alves<\/p>\n<p style=\"text-align: left\">Ingresso no Lab.: janeiro de 2010<\/p>\n<p style=\"text-align: left\"><a href=\"http:\/\/lattes.cnpq.br\/2556885976919833\" target=\"_blank\">Curr\u00edculo Lattes <\/a><\/p>\n<p style=\"text-align: center\">______________________________________________________________________<\/p>\n","protected":false},"excerpt":{"rendered":"<p>_____________________________________________________________________\u00a0 Angelita Manke Barcellos Forma\u00e7\u00e3o: Qu\u00edmica Bacharelado Curso: Doutorado em Qu\u00edmica Orientador:\u00a0 Eder Jo\u00e3o Lenard\u00e3o Ingresso no Lab.:\u00a0abril de 2008 Curr\u00edculo Lattes ______________________________________________________________________ Beatriz Muller Vieira Forma\u00e7\u00e3o: Qu\u00edmica Industrial Curso: Doutorado Orientador: Eder Jo\u00e3o Lenard\u00e3o Ingressou no Lab.: junho de 2010 Curr\u00edculo Lattes \u00a0______________________________________________________________________ Bruna de Souza Goldani Forma\u00e7\u00e3o: Qu\u00edmica Industrial Curso: Doutorado Orientador: Diego [&hellip;]<\/p>\n","protected":false},"author":117,"featured_media":0,"parent":60,"menu_order":0,"comment_status":"closed","ping_status":"closed","template":"","meta":{"footnotes":""},"class_list":["post-76","page","type-page","status-publish","hentry"],"jetpack_sharing_enabled":true,"_links":{"self":[{"href":"https:\/\/wp.ufpel.edu.br\/lasol\/wp-json\/wp\/v2\/pages\/76","targetHints":{"allow":["GET"]}}],"collection":[{"href":"https:\/\/wp.ufpel.edu.br\/lasol\/wp-json\/wp\/v2\/pages"}],"about":[{"href":"https:\/\/wp.ufpel.edu.br\/lasol\/wp-json\/wp\/v2\/types\/page"}],"author":[{"embeddable":true,"href":"https:\/\/wp.ufpel.edu.br\/lasol\/wp-json\/wp\/v2\/users\/117"}],"replies":[{"embeddable":true,"href":"https:\/\/wp.ufpel.edu.br\/lasol\/wp-json\/wp\/v2\/comments?post=76"}],"version-history":[{"count":46,"href":"https:\/\/wp.ufpel.edu.br\/lasol\/wp-json\/wp\/v2\/pages\/76\/revisions"}],"predecessor-version":[{"id":1174,"href":"https:\/\/wp.ufpel.edu.br\/lasol\/wp-json\/wp\/v2\/pages\/76\/revisions\/1174"}],"up":[{"embeddable":true,"href":"https:\/\/wp.ufpel.edu.br\/lasol\/wp-json\/wp\/v2\/pages\/60"}],"wp:attachment":[{"href":"https:\/\/wp.ufpel.edu.br\/lasol\/wp-json\/wp\/v2\/media?parent=76"}],"curies":[{"name":"wp","href":"https:\/\/api.w.org\/{rel}","templated":true}]}}