{"id":29,"date":"2011-06-12T17:34:55","date_gmt":"2011-06-12T20:34:55","guid":{"rendered":"https:\/\/wp.ufpel.edu.br\/lasol\/"},"modified":"2013-09-19T14:29:44","modified_gmt":"2013-09-19T17:29:44","slug":"professores","status":"publish","type":"page","link":"https:\/\/wp.ufpel.edu.br\/lasol\/professores\/","title":{"rendered":"Professores"},"content":{"rendered":"<p><a href=\"https:\/\/wp.ufpel.edu.br\/lasol\/professores\/cristiane-luchese\/\">Cristiane Luchese<\/a><\/p>\n<p><a href=\"https:\/\/wp.ufpel.edu.br\/lasol\/professores\/diego-da-silva-alves\/\">Diego da Silva Alves<\/a><\/p>\n<p><a href=\"https:\/\/wp.ufpel.edu.br\/lasol\/professores\/eder-lenardao\/\">Eder Jo\u00e3o Lenard\u00e3o<\/a><\/p>\n<p><a href=\"https:\/\/wp.ufpel.edu.br\/lasol\/professores\/francine-novack-vitoria\/\">Francine Novack Vitoria<\/a><\/p>\n<p><a href=\"https:\/\/wp.ufpel.edu.br\/lasol\/professores\/gelson-perin\/\">Gelson Perin<\/a><\/p>\n<p><a href=\"https:\/\/wp.ufpel.edu.br\/lasol\/professores\/lucielli-savegnago\/\">Lucielli Savegnago<\/a><\/p>\n<p><a href=\"https:\/\/wp.ufpel.edu.br\/lasol\/professores\/raquel-jacob\/\">Raquel Guimar\u00e3es Jacob<\/a><\/p>\n<p><a href=\"https:\/\/wp.ufpel.edu.br\/lasol\/professores\/ricardo-f-schumacher\/\">Ricardo Frederico Schumacher<\/a><\/p>\n","protected":false},"excerpt":{"rendered":"<p>Cristiane Luchese Diego da Silva Alves Eder Jo\u00e3o Lenard\u00e3o Francine Novack Vitoria Gelson Perin Lucielli Savegnago Raquel Guimar\u00e3es Jacob Ricardo Frederico Schumacher<\/p>\n","protected":false},"author":117,"featured_media":0,"parent":0,"menu_order":0,"comment_status":"closed","ping_status":"open","template":"","meta":{"footnotes":""},"class_list":["post-29","page","type-page","status-publish","hentry"],"jetpack_sharing_enabled":true,"_links":{"self":[{"href":"https:\/\/wp.ufpel.edu.br\/lasol\/wp-json\/wp\/v2\/pages\/29","targetHints":{"allow":["GET"]}}],"collection":[{"href":"https:\/\/wp.ufpel.edu.br\/lasol\/wp-json\/wp\/v2\/pages"}],"about":[{"href":"https:\/\/wp.ufpel.edu.br\/lasol\/wp-json\/wp\/v2\/types\/page"}],"author":[{"embeddable":true,"href":"https:\/\/wp.ufpel.edu.br\/lasol\/wp-json\/wp\/v2\/users\/117"}],"replies":[{"embeddable":true,"href":"https:\/\/wp.ufpel.edu.br\/lasol\/wp-json\/wp\/v2\/comments?post=29"}],"version-history":[{"count":16,"href":"https:\/\/wp.ufpel.edu.br\/lasol\/wp-json\/wp\/v2\/pages\/29\/revisions"}],"predecessor-version":[{"id":164,"href":"https:\/\/wp.ufpel.edu.br\/lasol\/wp-json\/wp\/v2\/pages\/29\/revisions\/164"}],"wp:attachment":[{"href":"https:\/\/wp.ufpel.edu.br\/lasol\/wp-json\/wp\/v2\/media?parent=29"}],"curies":[{"name":"wp","href":"https:\/\/api.w.org\/{rel}","templated":true}]}}