{"id":238,"date":"2011-06-13T19:51:54","date_gmt":"2011-06-13T22:51:54","guid":{"rendered":"https:\/\/wp.ufpel.edu.br\/lasol\/"},"modified":"2011-08-01T22:17:31","modified_gmt":"2011-08-02T01:17:31","slug":"quimica-industrial","status":"publish","type":"page","link":"https:\/\/wp.ufpel.edu.br\/lasol\/disciplinas\/graduacao\/quimica-industrial\/","title":{"rendered":"Qu\u00edmica Industrial"},"content":{"rendered":"<p>M\u00e9todos F\u00edsicos de An\u00e1lise I<\/p>\n<p>Ementa da disciplina:<\/p>\n<p><a href=\"https:\/\/wp.ufpel.edu.br\/lasol\/files\/2011\/06\/M\u00e9todos-F\u00edsicos-de-An\u00e1lise-I.pdf\">M\u00e9todos F\u00edsicos de An\u00e1lise I<\/a><\/p>\n<p>________________________________________<\/p>\n<p>Qu\u00edmica Org\u00e2nica I<\/p>\n<p>Ementa da disciplina:<\/p>\n<p><a href=\"https:\/\/wp.ufpel.edu.br\/lasol\/files\/2011\/06\/Q.-Org\u00e2nica-I.pdf\">Q. Org\u00e2nica I<\/a><\/p>\n<p>________________________________________<\/p>\n<p>Qu\u00edmica Org\u00e2nica II<\/p>\n<p>Ementa da disciplina:<\/p>\n<p><a href=\"https:\/\/wp.ufpel.edu.br\/lasol\/files\/2011\/06\/Q.-Org\u00e2nica-II.pdf\">Q. Org\u00e2nica II<\/a><\/p>\n<p>________________________________________<\/p>\n<p>Qu\u00edmica Org\u00e2nica Experimental<\/p>\n<p>Ementa da disciplina:<\/p>\n<p><a href=\"https:\/\/wp.ufpel.edu.br\/lasol\/files\/2011\/06\/Q.-Org\u00e2nica-Experimental.pdf\">Q. Org\u00e2nica Experimental<\/a><\/p>\n<p>________________________________________<\/p>\n<p>Qu\u00edmica Geral e Experimental<\/p>\n<p>Ementa da disciplina:<\/p>\n<p><a href=\"https:\/\/wp.ufpel.edu.br\/lasol\/files\/2011\/06\/Qu\u00edmica-Geral-e-Experimental.pdf\">Qu\u00edmica Geral e Experimental<\/a><\/p>\n<p>________________________________________<\/p>\n<p>Materiais Polim\u00e9ricos<\/p>\n<p>Ementa da disciplina:<\/p>\n<p><a href=\"https:\/\/wp.ufpel.edu.br\/lasol\/files\/2011\/06\/Mat.-Polim.1500722.pdf\">Mat.-Polim.150072<\/a><\/p>\n<p>________________________________________<\/p>\n<p>Qu\u00edmica Verde<\/p>\n<p>Ementa da disciplina:<\/p>\n<p><a href=\"https:\/\/wp.ufpel.edu.br\/lasol\/files\/2011\/06\/Q.-Verde3.pdf\">Q. Verde<\/a><\/p>\n<p>________________________________________<\/p>\n","protected":false},"excerpt":{"rendered":"<p>M\u00e9todos F\u00edsicos de An\u00e1lise I Ementa da disciplina: M\u00e9todos F\u00edsicos de An\u00e1lise I ________________________________________ Qu\u00edmica Org\u00e2nica I Ementa da disciplina: Q. Org\u00e2nica I ________________________________________ Qu\u00edmica Org\u00e2nica II Ementa da disciplina: Q. Org\u00e2nica II ________________________________________ Qu\u00edmica Org\u00e2nica Experimental Ementa da disciplina: Q. Org\u00e2nica Experimental ________________________________________ Qu\u00edmica Geral e Experimental Ementa da disciplina: Qu\u00edmica Geral e Experimental [&hellip;]<\/p>\n","protected":false},"author":117,"featured_media":0,"parent":331,"menu_order":0,"comment_status":"closed","ping_status":"open","template":"","meta":{"footnotes":""},"class_list":["post-238","page","type-page","status-publish","hentry"],"jetpack_sharing_enabled":true,"_links":{"self":[{"href":"https:\/\/wp.ufpel.edu.br\/lasol\/wp-json\/wp\/v2\/pages\/238","targetHints":{"allow":["GET"]}}],"collection":[{"href":"https:\/\/wp.ufpel.edu.br\/lasol\/wp-json\/wp\/v2\/pages"}],"about":[{"href":"https:\/\/wp.ufpel.edu.br\/lasol\/wp-json\/wp\/v2\/types\/page"}],"author":[{"embeddable":true,"href":"https:\/\/wp.ufpel.edu.br\/lasol\/wp-json\/wp\/v2\/users\/117"}],"replies":[{"embeddable":true,"href":"https:\/\/wp.ufpel.edu.br\/lasol\/wp-json\/wp\/v2\/comments?post=238"}],"version-history":[{"count":9,"href":"https:\/\/wp.ufpel.edu.br\/lasol\/wp-json\/wp\/v2\/pages\/238\/revisions"}],"predecessor-version":[{"id":716,"href":"https:\/\/wp.ufpel.edu.br\/lasol\/wp-json\/wp\/v2\/pages\/238\/revisions\/716"}],"up":[{"embeddable":true,"href":"https:\/\/wp.ufpel.edu.br\/lasol\/wp-json\/wp\/v2\/pages\/331"}],"wp:attachment":[{"href":"https:\/\/wp.ufpel.edu.br\/lasol\/wp-json\/wp\/v2\/media?parent=238"}],"curies":[{"name":"wp","href":"https:\/\/api.w.org\/{rel}","templated":true}]}}