{"id":236,"date":"2011-06-13T19:51:26","date_gmt":"2011-06-13T22:51:26","guid":{"rendered":"https:\/\/wp.ufpel.edu.br\/lasol\/"},"modified":"2011-08-01T22:17:31","modified_gmt":"2011-08-02T01:17:31","slug":"quimica-licenciatura","status":"publish","type":"page","link":"https:\/\/wp.ufpel.edu.br\/lasol\/disciplinas\/graduacao\/quimica-licenciatura\/","title":{"rendered":"Qu\u00edmica Licenciatura"},"content":{"rendered":"<p>Qu\u00edmica Geral e Experimental<\/p>\n<p>Ementa da disciplina:<\/p>\n<p><a href=\"https:\/\/wp.ufpel.edu.br\/lasol\/files\/2011\/06\/QGExperimental150085.pdf\">QGExperimental150085<\/a><\/p>\n<p>________________________________________<\/p>\n<p>An\u00e1lise Org\u00e2nica<\/p>\n<p>Ementa da disciplina:<\/p>\n<p><a href=\"https:\/\/wp.ufpel.edu.br\/lasol\/files\/2011\/06\/An\u00e1lise-Org\u00e2nica17004411.pdf\">An\u00e1lise-Org\u00e2nica1700441<\/a><\/p>\n<p>________________________________________<\/p>\n<p>Qu\u00edmica Org\u00e2nica I<\/p>\n<p>Ementa da disciplina:<\/p>\n<p><a href=\"https:\/\/wp.ufpel.edu.br\/lasol\/files\/2011\/06\/Qu\u00edmica-Org\u00e2nica-I170056.pdf\">Qu\u00edmica-Org\u00e2nica-I170056<\/a><\/p>\n<p>________________________________________<\/p>\n<p>Materiais Polim\u00e9ricos<\/p>\n<p>Ementa da disciplina:<\/p>\n<p><a href=\"https:\/\/wp.ufpel.edu.br\/lasol\/files\/2011\/06\/Mat.-Polim.1500721.pdf\">Mat.-Polim.150072<\/a><\/p>\n<p><a href=\"https:\/\/wp.ufpel.edu.br\/lasol\/files\/2011\/06\/Mat.-Polim.1500721.pdf\"><\/a>________________________________________<\/p>\n<p>Qu\u00edmica Verde<\/p>\n<p>Ementa da disciplina:<\/p>\n<p><a href=\"https:\/\/wp.ufpel.edu.br\/lasol\/files\/2011\/06\/Q.-Verde2.pdf\">Q. Verde<\/a><\/p>\n<p>________________________________________<\/p>\n","protected":false},"excerpt":{"rendered":"<p>Qu\u00edmica Geral e Experimental Ementa da disciplina: QGExperimental150085 ________________________________________ An\u00e1lise Org\u00e2nica Ementa da disciplina: An\u00e1lise-Org\u00e2nica1700441 ________________________________________ Qu\u00edmica Org\u00e2nica I Ementa da disciplina: Qu\u00edmica-Org\u00e2nica-I170056 ________________________________________ Materiais Polim\u00e9ricos Ementa da disciplina: Mat.-Polim.150072 ________________________________________ Qu\u00edmica Verde Ementa da disciplina: Q. Verde ________________________________________<\/p>\n","protected":false},"author":117,"featured_media":0,"parent":331,"menu_order":0,"comment_status":"closed","ping_status":"open","template":"","meta":{"footnotes":""},"class_list":["post-236","page","type-page","status-publish","hentry"],"jetpack_sharing_enabled":true,"_links":{"self":[{"href":"https:\/\/wp.ufpel.edu.br\/lasol\/wp-json\/wp\/v2\/pages\/236","targetHints":{"allow":["GET"]}}],"collection":[{"href":"https:\/\/wp.ufpel.edu.br\/lasol\/wp-json\/wp\/v2\/pages"}],"about":[{"href":"https:\/\/wp.ufpel.edu.br\/lasol\/wp-json\/wp\/v2\/types\/page"}],"author":[{"embeddable":true,"href":"https:\/\/wp.ufpel.edu.br\/lasol\/wp-json\/wp\/v2\/users\/117"}],"replies":[{"embeddable":true,"href":"https:\/\/wp.ufpel.edu.br\/lasol\/wp-json\/wp\/v2\/comments?post=236"}],"version-history":[{"count":9,"href":"https:\/\/wp.ufpel.edu.br\/lasol\/wp-json\/wp\/v2\/pages\/236\/revisions"}],"predecessor-version":[{"id":717,"href":"https:\/\/wp.ufpel.edu.br\/lasol\/wp-json\/wp\/v2\/pages\/236\/revisions\/717"}],"up":[{"embeddable":true,"href":"https:\/\/wp.ufpel.edu.br\/lasol\/wp-json\/wp\/v2\/pages\/331"}],"wp:attachment":[{"href":"https:\/\/wp.ufpel.edu.br\/lasol\/wp-json\/wp\/v2\/media?parent=236"}],"curies":[{"name":"wp","href":"https:\/\/api.w.org\/{rel}","templated":true}]}}