{"id":184,"date":"2011-06-13T10:17:17","date_gmt":"2011-06-13T13:17:17","guid":{"rendered":"https:\/\/wp.ufpel.edu.br\/lasol\/"},"modified":"2011-08-01T22:17:43","modified_gmt":"2011-08-02T01:17:43","slug":"raquel-jacob","status":"publish","type":"page","link":"https:\/\/wp.ufpel.edu.br\/lasol\/professores\/raquel-jacob\/","title":{"rendered":"Raquel Guimar\u00e3es Jacob"},"content":{"rendered":"<p><a href=\"https:\/\/wp.ufpel.edu.br\/lasol\/files\/2011\/06\/raquel.png\"><img class=\"alignnone size-thumbnail wp-image-316\" src=\"https:\/\/wp.ufpel.edu.br\/lasol\/files\/2011\/06\/raquel-150x150.png\" alt=\"\" width=\"150\" height=\"150\" \/><\/a><\/p>\n<p><a href=\"http:\/\/lattes.cnpq.br\/0978329001891199\" target=\"_blank\">Curr\u00edculo Lattes<\/a><\/p>\n<p style=\"text-align: justify\">Possui gradua\u00e7\u00e3o em Qu\u00edmica com Atribui\u00e7\u00f5es Tecnol\u00f3gicas (1989), gradua\u00e7\u00e3o em Qu\u00edmica\/Licenciatura (1994) e mestrado em Ci\u00eancias\/Qu\u00edmica Org\u00e2nica pela Universidade Federal do Rio de Janeiro (1994), doutorado em Ci\u00eancias\/Qu\u00edmica Org\u00e2nica pela FFCL\/USP-Ribeir\u00e3o Preto (1998) e p\u00f3s-doutorado em Qu\u00edmica pela Universidade Federal de Santa Maria (2005) com supervis\u00e3o do Prof. Dr. Ant\u00f4nio Luiz Braga. Atualmente \u00e9 professora adjunta 3\/DE da Universidade Federal de Pelotas, Pesquisadora 2 do CNPq e Vice-Diretora da Divis\u00e3o de Qu\u00edmica Org\u00e2nica da Sociedade Brasileira de Qu\u00edmica (2010-2012). Tem experi\u00eancia na \u00e1rea de Qu\u00edmica, com \u00eanfase em Qu\u00edmica Org\u00e2nica, atuando principalmente no desenvolvimento de novas metodologias sint\u00e9ticas limpas utilizando suportes s\u00f3lidos recicl\u00e1veis e microondas para a modifica\u00e7\u00e3o qu\u00edmica de subst\u00e2ncias presentes em fontes renov\u00e1veis como \u00f3leos essenciais e vegetais, visando a obten\u00e7\u00e3o de novas subst\u00e2ncias com poss\u00edveis atividades biol\u00f3gicas.<\/p>\n","protected":false},"excerpt":{"rendered":"<p>Curr\u00edculo Lattes Possui gradua\u00e7\u00e3o em Qu\u00edmica com Atribui\u00e7\u00f5es Tecnol\u00f3gicas (1989), gradua\u00e7\u00e3o em Qu\u00edmica\/Licenciatura (1994) e mestrado em Ci\u00eancias\/Qu\u00edmica Org\u00e2nica pela Universidade Federal do Rio de Janeiro (1994), doutorado em Ci\u00eancias\/Qu\u00edmica Org\u00e2nica pela FFCL\/USP-Ribeir\u00e3o Preto (1998) e p\u00f3s-doutorado em Qu\u00edmica pela Universidade Federal de Santa Maria (2005) com supervis\u00e3o do Prof. Dr. Ant\u00f4nio Luiz Braga. Atualmente [&hellip;]<\/p>\n","protected":false},"author":117,"featured_media":0,"parent":29,"menu_order":0,"comment_status":"closed","ping_status":"open","template":"","meta":{"footnotes":""},"class_list":["post-184","page","type-page","status-publish","hentry"],"jetpack_sharing_enabled":true,"_links":{"self":[{"href":"https:\/\/wp.ufpel.edu.br\/lasol\/wp-json\/wp\/v2\/pages\/184","targetHints":{"allow":["GET"]}}],"collection":[{"href":"https:\/\/wp.ufpel.edu.br\/lasol\/wp-json\/wp\/v2\/pages"}],"about":[{"href":"https:\/\/wp.ufpel.edu.br\/lasol\/wp-json\/wp\/v2\/types\/page"}],"author":[{"embeddable":true,"href":"https:\/\/wp.ufpel.edu.br\/lasol\/wp-json\/wp\/v2\/users\/117"}],"replies":[{"embeddable":true,"href":"https:\/\/wp.ufpel.edu.br\/lasol\/wp-json\/wp\/v2\/comments?post=184"}],"version-history":[{"count":13,"href":"https:\/\/wp.ufpel.edu.br\/lasol\/wp-json\/wp\/v2\/pages\/184\/revisions"}],"predecessor-version":[{"id":727,"href":"https:\/\/wp.ufpel.edu.br\/lasol\/wp-json\/wp\/v2\/pages\/184\/revisions\/727"}],"up":[{"embeddable":true,"href":"https:\/\/wp.ufpel.edu.br\/lasol\/wp-json\/wp\/v2\/pages\/29"}],"wp:attachment":[{"href":"https:\/\/wp.ufpel.edu.br\/lasol\/wp-json\/wp\/v2\/media?parent=184"}],"curies":[{"name":"wp","href":"https:\/\/api.w.org\/{rel}","templated":true}]}}