{"id":182,"date":"2011-06-13T10:17:02","date_gmt":"2011-06-13T13:17:02","guid":{"rendered":"https:\/\/wp.ufpel.edu.br\/lasol\/"},"modified":"2012-04-29T16:12:56","modified_gmt":"2012-04-29T16:12:56","slug":"diego-da-silva-alves","status":"publish","type":"page","link":"https:\/\/wp.ufpel.edu.br\/lasol\/professores\/diego-da-silva-alves\/","title":{"rendered":"Diego da Silva Alves"},"content":{"rendered":"<p>&nbsp;<\/p>\n<p><a href=\"https:\/\/wp.ufpel.edu.br\/lasol\/files\/2011\/06\/dsds.png\"><img class=\"alignnone size-thumbnail wp-image-988\" src=\"https:\/\/wp.ufpel.edu.br\/lasol\/files\/2011\/06\/dsds-150x150.png\" alt=\"\" width=\"150\" height=\"150\" \/><\/a><\/p>\n<p><a href=\"http:\/\/lattes.cnpq.br\/1256729611139254\" target=\"_blank\">Curr\u00edculo Lattes<\/a><\/p>\n<p style=\"text-align: justify\">Possui gradua\u00e7\u00e3o em Quimica Industrial pela Universidade Federal de Santa Maria (2002), mestrado e doutorado em Qu\u00edmica Org\u00e2nica pela Universidade Federal de Santa Maria (2004 e 2008) e P\u00f3s-Doutorado na Universidade de S\u00e3o Paulo na Faculdade de Ci\u00eancias Farmac\u00eauticas (2008). Atualmente desenvolve atividades de Docente e Pesquisador na Universidade Federal de Pelotas-UFPel (Pelotas-RS). Tem experi\u00eancia na \u00e1rea de Qu\u00edmica, com \u00eanfase em S\u00edntese Org\u00e2nica, atuando principalmente nos seguintes temas: rea\u00e7\u00f5es de acoplamento catalisadas por metais de transi\u00e7\u00e3o, rea\u00e7\u00f5es com organocalcog\u00eanios (S, Se e Te), rea\u00e7\u00f5es com reagentes org\u00e2nicos de boro, s\u00edntese e avalia\u00e7\u00e3o biol\u00f3gica de heterociclos funcionalizados com calcog\u00eanios.<\/p>\n","protected":false},"excerpt":{"rendered":"<p>&nbsp; Curr\u00edculo Lattes Possui gradua\u00e7\u00e3o em Quimica Industrial pela Universidade Federal de Santa Maria (2002), mestrado e doutorado em Qu\u00edmica Org\u00e2nica pela Universidade Federal de Santa Maria (2004 e 2008) e P\u00f3s-Doutorado na Universidade de S\u00e3o Paulo na Faculdade de Ci\u00eancias Farmac\u00eauticas (2008). Atualmente desenvolve atividades de Docente e Pesquisador na Universidade Federal de Pelotas-UFPel [&hellip;]<\/p>\n","protected":false},"author":117,"featured_media":0,"parent":29,"menu_order":0,"comment_status":"closed","ping_status":"open","template":"","meta":{"footnotes":""},"class_list":["post-182","page","type-page","status-publish","hentry"],"jetpack_sharing_enabled":true,"_links":{"self":[{"href":"https:\/\/wp.ufpel.edu.br\/lasol\/wp-json\/wp\/v2\/pages\/182","targetHints":{"allow":["GET"]}}],"collection":[{"href":"https:\/\/wp.ufpel.edu.br\/lasol\/wp-json\/wp\/v2\/pages"}],"about":[{"href":"https:\/\/wp.ufpel.edu.br\/lasol\/wp-json\/wp\/v2\/types\/page"}],"author":[{"embeddable":true,"href":"https:\/\/wp.ufpel.edu.br\/lasol\/wp-json\/wp\/v2\/users\/117"}],"replies":[{"embeddable":true,"href":"https:\/\/wp.ufpel.edu.br\/lasol\/wp-json\/wp\/v2\/comments?post=182"}],"version-history":[{"count":17,"href":"https:\/\/wp.ufpel.edu.br\/lasol\/wp-json\/wp\/v2\/pages\/182\/revisions"}],"predecessor-version":[{"id":199,"href":"https:\/\/wp.ufpel.edu.br\/lasol\/wp-json\/wp\/v2\/pages\/182\/revisions\/199"}],"up":[{"embeddable":true,"href":"https:\/\/wp.ufpel.edu.br\/lasol\/wp-json\/wp\/v2\/pages\/29"}],"wp:attachment":[{"href":"https:\/\/wp.ufpel.edu.br\/lasol\/wp-json\/wp\/v2\/media?parent=182"}],"curies":[{"name":"wp","href":"https:\/\/api.w.org\/{rel}","templated":true}]}}