{"id":172,"date":"2011-06-13T10:13:47","date_gmt":"2011-06-13T13:13:47","guid":{"rendered":"https:\/\/wp.ufpel.edu.br\/lasol\/"},"modified":"2012-04-29T16:07:25","modified_gmt":"2012-04-29T16:07:25","slug":"eder-lenardao","status":"publish","type":"page","link":"https:\/\/wp.ufpel.edu.br\/lasol\/professores\/eder-lenardao\/","title":{"rendered":"Eder Jo\u00e3o Lenard\u00e3o"},"content":{"rendered":"<p style=\"text-align: justify\">\n<p style=\"text-align: justify\"><a href=\"https:\/\/wp.ufpel.edu.br\/lasol\/files\/2011\/06\/asdsd1.png\"><img class=\"alignnone size-thumbnail wp-image-986\" src=\"https:\/\/wp.ufpel.edu.br\/lasol\/files\/2011\/06\/asdsd1-150x150.png\" alt=\"\" width=\"150\" height=\"150\" \/><\/a><\/p>\n<p style=\"text-align: justify\"><a href=\"http:\/\/lattes.cnpq.br\/9974684005171829\" target=\"_blank\">Curr\u00edculo Lattes<\/a><\/p>\n<p style=\"text-align: justify\">\u00c9 graduado em Qu\u00edmica &#8211; Bacharelado pela Universidade Estadual de Londrina (1991), mestre em Qu\u00edmica (S\u00edntese Org\u00e2nica) pela Universidade Federal de Santa Maria (1994) e doutor em Ci\u00eancias &#8211; Qu\u00edmica Org\u00e2nica pela USP de Ribeir\u00e3o Preto (1997). Atualmente \u00e9 professor associado da Universidade Federal de Pelotas e leciona as disciplinas de Qu\u00edmica Geral, Introdu\u00e7\u00e3o \u00e0 Qu\u00edmica Verde e Qu\u00edmica Org\u00e2nica Experimental para os cursos de Qu\u00edmica. Foi coordenador do Programa de P\u00f3s-Gradua\u00e7\u00e3o em Qu\u00edmica entre mar\u00e7o de 2007 e agosto de 2011 e membro do Comit\u00ea Assessor de Qu\u00edmica da FAPERGS entre agosto de 2006 e julho de 2009. Tem experi\u00eancia na \u00e1rea de Qu\u00edmica, com \u00eanfase em S\u00edntese Org\u00e2nica, atuando principalmente em qu\u00edmica verde e s\u00edntese de compostos organocalcog\u00eanios.<\/p>\n","protected":false},"excerpt":{"rendered":"<p>Curr\u00edculo Lattes \u00c9 graduado em Qu\u00edmica &#8211; Bacharelado pela Universidade Estadual de Londrina (1991), mestre em Qu\u00edmica (S\u00edntese Org\u00e2nica) pela Universidade Federal de Santa Maria (1994) e doutor em Ci\u00eancias &#8211; Qu\u00edmica Org\u00e2nica pela USP de Ribeir\u00e3o Preto (1997). Atualmente \u00e9 professor associado da Universidade Federal de Pelotas e leciona as disciplinas de Qu\u00edmica Geral, [&hellip;]<\/p>\n","protected":false},"author":117,"featured_media":0,"parent":29,"menu_order":0,"comment_status":"closed","ping_status":"open","template":"","meta":{"footnotes":""},"class_list":["post-172","page","type-page","status-publish","hentry"],"jetpack_sharing_enabled":true,"_links":{"self":[{"href":"https:\/\/wp.ufpel.edu.br\/lasol\/wp-json\/wp\/v2\/pages\/172","targetHints":{"allow":["GET"]}}],"collection":[{"href":"https:\/\/wp.ufpel.edu.br\/lasol\/wp-json\/wp\/v2\/pages"}],"about":[{"href":"https:\/\/wp.ufpel.edu.br\/lasol\/wp-json\/wp\/v2\/types\/page"}],"author":[{"embeddable":true,"href":"https:\/\/wp.ufpel.edu.br\/lasol\/wp-json\/wp\/v2\/users\/117"}],"replies":[{"embeddable":true,"href":"https:\/\/wp.ufpel.edu.br\/lasol\/wp-json\/wp\/v2\/comments?post=172"}],"version-history":[{"count":15,"href":"https:\/\/wp.ufpel.edu.br\/lasol\/wp-json\/wp\/v2\/pages\/172\/revisions"}],"predecessor-version":[{"id":197,"href":"https:\/\/wp.ufpel.edu.br\/lasol\/wp-json\/wp\/v2\/pages\/172\/revisions\/197"}],"up":[{"embeddable":true,"href":"https:\/\/wp.ufpel.edu.br\/lasol\/wp-json\/wp\/v2\/pages\/29"}],"wp:attachment":[{"href":"https:\/\/wp.ufpel.edu.br\/lasol\/wp-json\/wp\/v2\/media?parent=172"}],"curies":[{"name":"wp","href":"https:\/\/api.w.org\/{rel}","templated":true}]}}

Eder João Lenardão

<p style="text-align: justify">
<p style="text-align: justify"><a href="https://wp.ufpel.edu.br/lasol/files/2011/06/asdsd1.png"><img class="alignnone size-thumbnail wp-image-986" src="https://wp.ufpel.edu.br/lasol/files/2011/06/asdsd1-150x150.png" alt="" width="150" height="150" /></a></p>
<p style="text-align: justify"><a href="http://lattes.cnpq.br/9974684005171829" target="_blank">Currículo Lattes</a></p>
<p style="text-align: justify">É graduado em Química &#8211; Bacharelado pela Universidade Estadual de Londrina (1991), mestre em Química (Síntese Orgânica) pela Universidade Federal de Santa Maria (1994) e doutor em Ciências &#8211; Química Orgânica pela USP de Ribeirão Preto (1997). Atualmente é professor associado da Universidade Federal de Pelotas e leciona as disciplinas de Química Geral, Introdução à Química Verde e Química Orgânica Experimental para os cursos de Química. Foi coordenador do Programa de Pós-Graduação em Química entre março de 2007 e agosto de 2011 e membro do Comitê Assessor de Química da FAPERGS entre agosto de 2006 e julho de 2009. Tem experiência na área de Química, com ênfase em Síntese Orgânica, atuando principalmente em química verde e síntese de compostos organocalcogênios.</p>

<p>Currículo Lattes É graduado em Química &#8211; Bacharelado pela Universidade Estadual de Londrina (1991), mestre em Química (Síntese Orgânica) pela Universidade Federal de Santa Maria (1994) e doutor em Ciências &#8211; Química Orgânica pela USP de Ribeirão Preto (1997). Atualmente é professor associado da Universidade Federal de Pelotas e leciona as disciplinas de Química Geral, [&hellip;]</p>
