{"id":1047,"date":"2013-09-12T12:56:37","date_gmt":"2013-09-12T15:56:37","guid":{"rendered":"https:\/\/wp.ufpel.edu.br\/lasol\/?page_id=1047"},"modified":"2013-09-16T12:17:11","modified_gmt":"2013-09-16T15:17:11","slug":"ricardo-f-schumacher","status":"publish","type":"page","link":"https:\/\/wp.ufpel.edu.br\/lasol\/professores\/ricardo-f-schumacher\/","title":{"rendered":"Ricardo Frederico Schumacher"},"content":{"rendered":"<p><a href=\"https:\/\/wp.ufpel.edu.br\/lasol\/files\/2013\/09\/Ricardo.jpg\"><img class=\"alignleft size-thumbnail wp-image-1085\" alt=\"Ricardo\" src=\"https:\/\/wp.ufpel.edu.br\/lasol\/files\/2013\/09\/Ricardo-150x150.jpg\" width=\"150\" height=\"150\" \/><\/a><\/p>\n<p>&nbsp;<\/p>\n<p>&nbsp;<\/p>\n<p>&nbsp;<\/p>\n<p><a title=\"Curr\u00edculo Lattes\" href=\"http:\/\/lattes.cnpq.br\/7856034546434135\">Curr\u00edculo Lattes<\/a><\/p>\n<p style=\"text-align: justify\">\u00a0Possui gradua\u00e7\u00e3o em Qu\u00edmica Industrial pela Universidade Federal de Santa Maria (2006), Mestrado em Qu\u00edmica pela UFSM (2008), e Doutorado em Qu\u00edmica &#8211; \u00c1rea de concentra\u00e7\u00e3o Qu\u00edmica Org\u00e2nica (2012). Atualmente \u00e9 Professor Adjunto na Universidade Federal de Pelotas (Pelotas &#8211; RS &#8211; Brasil). Atua principalmente nos seguintes temas: Rea\u00e7\u00f5es de Acoplamento catalisadas por metais de transi\u00e7\u00e3o (Sonogashira, Suzuki e Negishi); S\u00edntese e aplica\u00e7\u00e3o de teluretos vin\u00edlicos e alquin\u00edlicos; Cicliza\u00e7\u00e3o eletrof\u00edlica na s\u00edntese de halocalcogenofenos.<\/p>\n","protected":false},"excerpt":{"rendered":"<p>&nbsp; &nbsp; &nbsp; Curr\u00edculo Lattes \u00a0Possui gradua\u00e7\u00e3o em Qu\u00edmica Industrial pela Universidade Federal de Santa Maria (2006), Mestrado em Qu\u00edmica pela UFSM (2008), e Doutorado em Qu\u00edmica &#8211; \u00c1rea de concentra\u00e7\u00e3o Qu\u00edmica Org\u00e2nica (2012). Atualmente \u00e9 Professor Adjunto na Universidade Federal de Pelotas (Pelotas &#8211; RS &#8211; Brasil). Atua principalmente nos seguintes temas: Rea\u00e7\u00f5es de [&hellip;]<\/p>\n","protected":false},"author":117,"featured_media":0,"parent":29,"menu_order":0,"comment_status":"closed","ping_status":"open","template":"","meta":{"footnotes":""},"class_list":["post-1047","page","type-page","status-publish","hentry"],"jetpack_sharing_enabled":true,"_links":{"self":[{"href":"https:\/\/wp.ufpel.edu.br\/lasol\/wp-json\/wp\/v2\/pages\/1047","targetHints":{"allow":["GET"]}}],"collection":[{"href":"https:\/\/wp.ufpel.edu.br\/lasol\/wp-json\/wp\/v2\/pages"}],"about":[{"href":"https:\/\/wp.ufpel.edu.br\/lasol\/wp-json\/wp\/v2\/types\/page"}],"author":[{"embeddable":true,"href":"https:\/\/wp.ufpel.edu.br\/lasol\/wp-json\/wp\/v2\/users\/117"}],"replies":[{"embeddable":true,"href":"https:\/\/wp.ufpel.edu.br\/lasol\/wp-json\/wp\/v2\/comments?post=1047"}],"version-history":[{"count":18,"href":"https:\/\/wp.ufpel.edu.br\/lasol\/wp-json\/wp\/v2\/pages\/1047\/revisions"}],"predecessor-version":[{"id":1087,"href":"https:\/\/wp.ufpel.edu.br\/lasol\/wp-json\/wp\/v2\/pages\/1047\/revisions\/1087"}],"up":[{"embeddable":true,"href":"https:\/\/wp.ufpel.edu.br\/lasol\/wp-json\/wp\/v2\/pages\/29"}],"wp:attachment":[{"href":"https:\/\/wp.ufpel.edu.br\/lasol\/wp-json\/wp\/v2\/media?parent=1047"}],"curies":[{"name":"wp","href":"https:\/\/api.w.org\/{rel}","templated":true}]}}

<p><a href="https://wp.ufpel.edu.br/lasol/files/2013/09/Ricardo.jpg"><img class="alignleft size-thumbnail wp-image-1085" alt="Ricardo" src="https://wp.ufpel.edu.br/lasol/files/2013/09/Ricardo-150x150.jpg" width="150" height="150" /></a></p>
<p>&nbsp;</p>
<p>&nbsp;</p>
<p>&nbsp;</p>
<p><a title="Currículo Lattes" href="http://lattes.cnpq.br/7856034546434135">Currículo Lattes</a></p>
<p style="text-align: justify"> Possui graduação em Química Industrial pela Universidade Federal de Santa Maria (2006), Mestrado em Química pela UFSM (2008), e Doutorado em Química &#8211; Área de concentração Química Orgânica (2012). Atualmente é Professor Adjunto na Universidade Federal de Pelotas (Pelotas &#8211; RS &#8211; Brasil). Atua principalmente nos seguintes temas: Reações de Acoplamento catalisadas por metais de transição (Sonogashira, Suzuki e Negishi); Síntese e aplicação de teluretos vinílicos e alquinílicos; Ciclização eletrofílica na síntese de halocalcogenofenos.</p>

<p>&nbsp; &nbsp; &nbsp; Currículo Lattes  Possui graduação em Química Industrial pela Universidade Federal de Santa Maria (2006), Mestrado em Química pela UFSM (2008), e Doutorado em Química &#8211; Área de concentração Química Orgânica (2012). Atualmente é Professor Adjunto na Universidade Federal de Pelotas (Pelotas &#8211; RS &#8211; Brasil). Atua principalmente nos seguintes temas: Reações de [&hellip;]</p>
