{"id":8,"date":"2012-04-20T17:46:00","date_gmt":"2012-04-20T20:46:00","guid":{"rendered":"https:\/\/wp.ufpel.edu.br\/lasema\/?page_id=8"},"modified":"2012-12-17T15:57:34","modified_gmt":"2012-12-17T17:57:34","slug":"localizacao","status":"publish","type":"page","link":"https:\/\/wp.ufpel.edu.br\/lasema\/?page_id=8","title":{"rendered":"LOCALIZA\u00c7\u00c3O"},"content":{"rendered":"<p>LABORAT\u00d3RIO DE SECAGEM DA MADEIRA (LASEMA)<\/p>\n<p>Rua Conde de Porto Alegre, 793- Centro<br \/>\nPelotas &#8211; RS &#8211; Brasil<\/p>\n<p>CEP 96010-290<\/p>\n<p><a href=\"https:\/\/maps.google.com\/maps?q=+UFPel+-+Eng%C2%AA+Industrial+Madeireira&amp;hl=pt-BR&amp;ie=UTF8&amp;ll=-31.777641,-52.350859&amp;spn=0.001913,0.002411&amp;sll=-31.777796,-52.35039&amp;sspn=0.003698,0.004823&amp;t=h&amp;hq=UFPel+-+Eng%C2%AA+Industrial+Madeireira&amp;cid=10464560525397599614&amp;z=19&amp;layer=c&amp;cbll=-31.777641,-52.350859&amp;panoid=OVJnv3sHm2IybLG0nN1gwQ&amp;cbp=12,199.03,,0,-2.29\">Exibir mapa ampliado<\/a><\/p>\n","protected":false},"excerpt":{"rendered":"<p>LABORAT\u00d3RIO DE SECAGEM DA MADEIRA (LASEMA) Rua Conde de Porto Alegre, 793- Centro Pelotas &#8211; RS &#8211; Brasil CEP 96010-290 Exibir mapa ampliado<\/p>\n","protected":false},"author":187,"featured_media":0,"parent":0,"menu_order":0,"comment_status":"closed","ping_status":"closed","template":"","meta":{"footnotes":""},"class_list":["post-8","page","type-page","status-publish","hentry","nodate","item-wrap"],"_links":{"self":[{"href":"https:\/\/wp.ufpel.edu.br\/lasema\/index.php?rest_route=\/wp\/v2\/pages\/8","targetHints":{"allow":["GET"]}}],"collection":[{"href":"https:\/\/wp.ufpel.edu.br\/lasema\/index.php?rest_route=\/wp\/v2\/pages"}],"about":[{"href":"https:\/\/wp.ufpel.edu.br\/lasema\/index.php?rest_route=\/wp\/v2\/types\/page"}],"author":[{"embeddable":true,"href":"https:\/\/wp.ufpel.edu.br\/lasema\/index.php?rest_route=\/wp\/v2\/users\/187"}],"replies":[{"embeddable":true,"href":"https:\/\/wp.ufpel.edu.br\/lasema\/index.php?rest_route=%2Fwp%2Fv2%2Fcomments&post=8"}],"version-history":[{"count":11,"href":"https:\/\/wp.ufpel.edu.br\/lasema\/index.php?rest_route=\/wp\/v2\/pages\/8\/revisions"}],"predecessor-version":[{"id":195,"href":"https:\/\/wp.ufpel.edu.br\/lasema\/index.php?rest_route=\/wp\/v2\/pages\/8\/revisions\/195"}],"wp:attachment":[{"href":"https:\/\/wp.ufpel.edu.br\/lasema\/index.php?rest_route=%2Fwp%2Fv2%2Fmedia&parent=8"}],"curies":[{"name":"wp","href":"https:\/\/api.w.org\/{rel}","templated":true}]}}