{"id":190,"date":"2012-12-17T15:52:07","date_gmt":"2012-12-17T17:52:07","guid":{"rendered":"https:\/\/wp.ufpel.edu.br\/lasema\/?page_id=190"},"modified":"2021-05-07T20:23:07","modified_gmt":"2021-05-07T23:23:07","slug":"inicio-2","status":"publish","type":"page","link":"https:\/\/wp.ufpel.edu.br\/lasema\/","title":{"rendered":"INICIO"},"content":{"rendered":"<p style=\"text-align: left\"><span style=\"font-size: 12pt\"><strong>BEM VINDO AO SITE DO LABORAT\u00d3RIO DE SECAGEM DA MADEIRA (LASEMA)<\/strong><\/span><\/p>\n<p style=\"text-align: justify\"><span style=\"font-size: 12pt\">O LASEMA \u00e9 um laborat\u00f3rio pertencente ao Centro de Engenharias (CENG) da Universidade Federal de Pelotas (UFPel) que desenvolve atividades de ensino, pesquisa e extens\u00e3o na \u00e1rea de tecnologia da madeira, com \u00eanfase em secagem da madeira.<\/span><br \/>\n<span style=\"font-size: 12pt\"> As a\u00e7\u00f5es de ensino visam oferecer suporte did\u00e1tico e cient\u00edfico \u00e0 forma\u00e7\u00e3o de acad\u00eamicos de Cursos de Engenharia da UFPel que trabalham com madeira, particularmente, ao Curso de Engenharia Industrial Madeireira.<\/span><br \/>\n<span style=\"font-size: 12pt\"> As atividades de pesquisa e extens\u00e3o realizadas no LASEMA t\u00eam como objetivo contribuir para o desenvolvimento do setor madeireiro, considerando demandas e necessidades relacionadas com a secagem existentes na industrializa\u00e7\u00e3o da madeira.<\/span><br \/>\n<span style=\"font-size: 12pt\"> As investiga\u00e7\u00f5es cient\u00edficas det\u00e9m-se, principalmente, ao estudo do comportamento e da efici\u00eancia da secagem de madeiras oriundas de florestas plantadas (<em>Eucalyptus<\/em>, <em>Pinus<\/em>, entre outras) e madeiras tropicais utilizadas no Rio Grande do Sul.<\/span><\/p>\n","protected":false},"excerpt":{"rendered":"<p>BEM VINDO AO SITE DO LABORAT\u00d3RIO DE SECAGEM DA MADEIRA (LASEMA) O LASEMA \u00e9 um laborat\u00f3rio pertencente ao Centro de Engenharias (CENG) da Universidade Federal de Pelotas (UFPel) que desenvolve atividades de ensino, pesquisa e extens\u00e3o na \u00e1rea de tecnologia da madeira, com \u00eanfase em secagem da madeira. As a\u00e7\u00f5es de ensino visam oferecer suporte &hellip; <\/p>\n<p><a class=\"more-link btn\" href=\"https:\/\/wp.ufpel.edu.br\/lasema\/\">Continue lendo<\/a><\/p>\n","protected":false},"author":187,"featured_media":0,"parent":0,"menu_order":0,"comment_status":"closed","ping_status":"closed","template":"template-twocolumnsleft.php","meta":{"footnotes":""},"class_list":["post-190","page","type-page","status-publish","hentry","nodate","item-wrap"],"_links":{"self":[{"href":"https:\/\/wp.ufpel.edu.br\/lasema\/index.php?rest_route=\/wp\/v2\/pages\/190","targetHints":{"allow":["GET"]}}],"collection":[{"href":"https:\/\/wp.ufpel.edu.br\/lasema\/index.php?rest_route=\/wp\/v2\/pages"}],"about":[{"href":"https:\/\/wp.ufpel.edu.br\/lasema\/index.php?rest_route=\/wp\/v2\/types\/page"}],"author":[{"embeddable":true,"href":"https:\/\/wp.ufpel.edu.br\/lasema\/index.php?rest_route=\/wp\/v2\/users\/187"}],"replies":[{"embeddable":true,"href":"https:\/\/wp.ufpel.edu.br\/lasema\/index.php?rest_route=%2Fwp%2Fv2%2Fcomments&post=190"}],"version-history":[{"count":21,"href":"https:\/\/wp.ufpel.edu.br\/lasema\/index.php?rest_route=\/wp\/v2\/pages\/190\/revisions"}],"predecessor-version":[{"id":504,"href":"https:\/\/wp.ufpel.edu.br\/lasema\/index.php?rest_route=\/wp\/v2\/pages\/190\/revisions\/504"}],"wp:attachment":[{"href":"https:\/\/wp.ufpel.edu.br\/lasema\/index.php?rest_route=%2Fwp%2Fv2%2Fmedia&parent=190"}],"curies":[{"name":"wp","href":"https:\/\/api.w.org\/{rel}","templated":true}]}}