{"id":801,"date":"2023-09-29T19:50:19","date_gmt":"2023-09-29T22:50:19","guid":{"rendered":"https:\/\/wp.ufpel.edu.br\/lapso\/?page_id=801"},"modified":"2023-09-29T20:23:20","modified_gmt":"2023-09-29T23:23:20","slug":"teses-de-doutorado","status":"publish","type":"page","link":"https:\/\/wp.ufpel.edu.br\/lapso\/teses-de-doutorado\/","title":{"rendered":"Teses de Doutorado"},"content":{"rendered":"<h3><a href=\"https:\/\/wp.ufpel.edu.br\/lapso\/files\/2023\/09\/a-invencao-das-medidas-socioeducativas-Edio-Ranieri.pdf\" target=\"_blank\" rel=\"noopener\">A Inven\u00e7\u00e3o das Medidas Socioeducativas<\/a><\/h3>\n<p>SILVA, \u00c9dio Rani\u00e9ri da. <strong>A Inven\u00e7\u00e3o das Medidas Socioeducativas.\u00a0<\/strong>2014. Tese (Doutorado em Psicologia Social e Institucional). Instituto de Psicologia. Universidade Federal do Rio Grande do Sul. Porto Alegre. 2014.<\/p>\n<p>&nbsp;<\/p>\n","protected":false},"excerpt":{"rendered":"<p>A Inven\u00e7\u00e3o das Medidas Socioeducativas SILVA, \u00c9dio Rani\u00e9ri da. A Inven\u00e7\u00e3o das Medidas Socioeducativas.\u00a02014. Tese (Doutorado em Psicologia Social e Institucional). Instituto de Psicologia. Universidade Federal do Rio Grande do Sul. Porto Alegre. 2014. &nbsp;<\/p>\n","protected":false},"author":1195,"featured_media":0,"parent":0,"menu_order":0,"comment_status":"closed","ping_status":"closed","template":"","meta":{"footnotes":""},"class_list":["post-801","page","type-page","status-publish","hentry","post"],"jetpack_sharing_enabled":true,"_links":{"self":[{"href":"https:\/\/wp.ufpel.edu.br\/lapso\/wp-json\/wp\/v2\/pages\/801","targetHints":{"allow":["GET"]}}],"collection":[{"href":"https:\/\/wp.ufpel.edu.br\/lapso\/wp-json\/wp\/v2\/pages"}],"about":[{"href":"https:\/\/wp.ufpel.edu.br\/lapso\/wp-json\/wp\/v2\/types\/page"}],"author":[{"embeddable":true,"href":"https:\/\/wp.ufpel.edu.br\/lapso\/wp-json\/wp\/v2\/users\/1195"}],"replies":[{"embeddable":true,"href":"https:\/\/wp.ufpel.edu.br\/lapso\/wp-json\/wp\/v2\/comments?post=801"}],"version-history":[{"count":3,"href":"https:\/\/wp.ufpel.edu.br\/lapso\/wp-json\/wp\/v2\/pages\/801\/revisions"}],"predecessor-version":[{"id":808,"href":"https:\/\/wp.ufpel.edu.br\/lapso\/wp-json\/wp\/v2\/pages\/801\/revisions\/808"}],"wp:attachment":[{"href":"https:\/\/wp.ufpel.edu.br\/lapso\/wp-json\/wp\/v2\/media?parent=801"}],"curies":[{"name":"wp","href":"https:\/\/api.w.org\/{rel}","templated":true}]}}