{"id":691,"date":"2023-07-21T16:52:36","date_gmt":"2023-07-21T19:52:36","guid":{"rendered":"https:\/\/wp.ufpel.edu.br\/lapso\/?page_id=691"},"modified":"2023-09-05T21:06:58","modified_gmt":"2023-09-06T00:06:58","slug":"anepp-gt-92-psicologia-estetica-e-arte","status":"publish","type":"page","link":"https:\/\/wp.ufpel.edu.br\/lapso\/anepp-gt-92-psicologia-estetica-e-arte\/","title":{"rendered":"GT- Psicologia, Est\u00e9tica e Arte."},"content":{"rendered":"<div><img loading=\"lazy\" decoding=\"async\" class=\"alignnone wp-image-706 size-large\" src=\"https:\/\/wp.ufpel.edu.br\/lapso\/files\/2023\/08\/Purple-and-Yellow-Abstract-Twitter-Header_20230807_192911_0000-1024x341.png\" alt=\"\" width=\"720\" height=\"240\" srcset=\"https:\/\/wp.ufpel.edu.br\/lapso\/files\/2023\/08\/Purple-and-Yellow-Abstract-Twitter-Header_20230807_192911_0000-1024x341.png 1024w, https:\/\/wp.ufpel.edu.br\/lapso\/files\/2023\/08\/Purple-and-Yellow-Abstract-Twitter-Header_20230807_192911_0000-400x133.png 400w, https:\/\/wp.ufpel.edu.br\/lapso\/files\/2023\/08\/Purple-and-Yellow-Abstract-Twitter-Header_20230807_192911_0000-768x256.png 768w, https:\/\/wp.ufpel.edu.br\/lapso\/files\/2023\/08\/Purple-and-Yellow-Abstract-Twitter-Header_20230807_192911_0000.png 1500w\" sizes=\"auto, (max-width: 720px) 100vw, 720px\" \/><\/div>\n<div><b>Resumo de apresenta\u00e7\u00e3o<\/b><\/div>\n<div>\n<p>Este grupo de trabalho re\u00fane pesquisadores\/as vinculados\/as a diferentes institui\u00e7\u00f5es de ensino superior das cinco regi\u00f5es geogr\u00e1ficas do pa\u00eds que desenvolvem atividades de ensino, pesquisa e extens\u00e3o em di\u00e1logo com a arte e a est\u00e9tica. Trata-se de um grupo cujas principais caracter\u00edsticas s\u00e3o a diferen\u00e7a, tanto te\u00f3rica como metodol\u00f3gica, e a disponibilidade para adensar a interlocu\u00e7\u00e3o entre psicologia, arte e est\u00e9tica, contribuindo para a produ\u00e7\u00e3o de conhecimentos em uma perspectiva \u00e9tica, est\u00e9tica e pol\u00edtica.<\/p>\n<\/div>\n<div><b>Objetivos<\/b><\/div>\n<div>\n<p>&#8211; Constituir uma rede de pesquisadores\/as interessados\/as nas rela\u00e7\u00f5es entre psicologia, est\u00e9tica e arte<br \/>\n&#8211; Fomentar a produ\u00e7\u00e3o cient\u00edfica brasileira em psicologia que tenha a est\u00e9tica e\/ou a arte como foco<br \/>\n&#8211; Contribuir para a difus\u00e3o de conhecimentos na interface da psicologia com a arte desenvolvidos a partir de uma perspectiva \u00e9tica, est\u00e9tica e pol\u00edtica.<\/p>\n<p><b>Hist\u00f3rico<\/b><\/p>\n<p>Trata-se de um grupo novo que ter\u00e1 sua primeira reuni\u00e3o neste XVIII Simp\u00f3sio da Anpepp. Congrega pesquisadoras\/es com experi\u00eancia em outros GTs da ANPEPP e novos\/as pesquisadores\/as, os quais est\u00e3o em processo de inser\u00e7\u00e3o como docentes universit\u00e1rios e\/ou no sistema de p\u00f3s-gradua\u00e7\u00e3o brasileiro. Entendemos essa diversidade como importante, pois possibilita a interlocu\u00e7\u00e3o com diferentes perspectivas e vis\u00f5es de ci\u00eancia, fundamental ao desenvolvimento da pr\u00f3pria psicologia como ci\u00eancia e profiss\u00e3o.<\/p>\n<p>Apesar da condi\u00e7\u00e3o inaugural do grupo, a interlocu\u00e7\u00e3o de seus membros com as artes est\u00e1 presente em suas trajet\u00f3rias acad\u00eamicas, como \u00e9 poss\u00edvel compreender pela breve apresenta\u00e7\u00e3o que segue:<\/p>\n<p><img loading=\"lazy\" decoding=\"async\" class=\"wp-image-709 alignleft\" src=\"https:\/\/wp.ufpel.edu.br\/lapso\/files\/2023\/08\/Foto-circular-400x400.png\" alt=\"\" width=\"150\" height=\"150\" srcset=\"https:\/\/wp.ufpel.edu.br\/lapso\/files\/2023\/08\/Foto-circular-400x400.png 400w, https:\/\/wp.ufpel.edu.br\/lapso\/files\/2023\/08\/Foto-circular-1024x1024.png 1024w, https:\/\/wp.ufpel.edu.br\/lapso\/files\/2023\/08\/Foto-circular-200x200.png 200w, https:\/\/wp.ufpel.edu.br\/lapso\/files\/2023\/08\/Foto-circular-768x768.png 768w, https:\/\/wp.ufpel.edu.br\/lapso\/files\/2023\/08\/Foto-circular.png 1080w\" sizes=\"auto, (max-width: 150px) 100vw, 150px\" \/>Andr\u00e9a Vieira Zanella, proponente do GT juntamente com a professora Fabr\u00edcia Borges, \u00e9 docente do PPG em Psicologia da UFSC. Orienta e desenvolve h\u00e1 muitos anos pesquisas na interface da psicologia social com as artes e tem vasta produ\u00e7\u00e3o acad\u00eamica sobre o tema, das quais destaca-se o livro \u201cEntre Galerias e Museus: di\u00e1logos metodol\u00f3gicos no encontro da arte com a ci\u00eancia e a vida\u201d, publicado pela Editora Pedro &amp; Jo\u00e3o em 2017.<\/p>\n<p>&nbsp;<\/p>\n<p>&nbsp;<\/p>\n<p>Allan Henrique Gomes, docente da ACE e do PPG em Educa\u00e7\u00e3o da Univille, desenvolve deste 2010 pesquisas sobre cinema, dedicando-se \u00e0s rela\u00e7\u00f5es entre produ\u00e7\u00e3o audiovisual e o campo da desigualdade social.<\/p>\n<p>Asdr\u00fabal Borges Formiga Sobrinho, docente do Programa de P\u00f3s-Gradua\u00e7\u00e3o em Processos de Desenvolvimento e Educa\u00e7\u00e3o da UnB, tem como foco de interesse, em sua trajet\u00f3ria acad\u00eamica, os processos de cria\u00e7\u00e3o em diferentes contextos e condi\u00e7\u00f5es.<\/p>\n<p>Cl\u00e1udia Regina Brand\u00e3o Sampaio, docente do PPG em Psicologia da UFAM, incluiu a arte em suas atividades acad\u00eamicas em 2004 e a assume como uma das tem\u00e1ticas de interesse do Laborat\u00f3rio de Interven\u00e7\u00e3o Social e Desenvolvimento Comunit\u00e1rio (LABINS), o qual coordena.<\/p>\n<p>Deise Lucy Oliveira Montardo, docente dos PPG em Antropologia Social e Psicologia da UFAM, realiza pesquisas, desde 1995, sobre arte ind\u00edgena, mais especificamente sobre m\u00fasica e dan\u00e7a.<\/p>\n<p><img loading=\"lazy\" decoding=\"async\" class=\"wp-image-699 alignleft\" src=\"https:\/\/wp.ufpel.edu.br\/lapso\/files\/2023\/07\/Design-sem-nome1-400x400.png\" alt=\"\" width=\"150\" height=\"150\" srcset=\"https:\/\/wp.ufpel.edu.br\/lapso\/files\/2023\/07\/Design-sem-nome1-400x400.png 400w, https:\/\/wp.ufpel.edu.br\/lapso\/files\/2023\/07\/Design-sem-nome1-1024x1024.png 1024w, https:\/\/wp.ufpel.edu.br\/lapso\/files\/2023\/07\/Design-sem-nome1-200x200.png 200w, https:\/\/wp.ufpel.edu.br\/lapso\/files\/2023\/07\/Design-sem-nome1-768x768.png 768w, https:\/\/wp.ufpel.edu.br\/lapso\/files\/2023\/07\/Design-sem-nome1.png 1080w\" sizes=\"auto, (max-width: 150px) 100vw, 150px\" \/><\/p>\n<p>\u00c9dio Raniere da Silva, P\u00f3s-Doutorado em Filosofia pela Universit\u00e9 Paris-Nanterre. Doutor em Psicologia Social e Institucional pela Universidade Federal do Rio Grande do Sul. Professor Permanente do Programa de P\u00f3s-Gradua\u00e7\u00e3o em Artes Visuais \u2013 PPGAVI \u2013 e professor Adjunto do Curso de Psicologia da Universidade Federal de Pelotas \u2013 UFPel, onde coordena o Laborat\u00f3rio de Arte e Psicologia Social: LAPSO.<\/p>\n<p>&nbsp;<\/p>\n<p>&nbsp;<\/p>\n<p><img loading=\"lazy\" decoding=\"async\" class=\" wp-image-701 alignleft\" src=\"https:\/\/wp.ufpel.edu.br\/lapso\/files\/2023\/07\/Foto-circular-400x400.png\" alt=\"\" width=\"150\" height=\"150\" srcset=\"https:\/\/wp.ufpel.edu.br\/lapso\/files\/2023\/07\/Foto-circular-400x400.png 400w, https:\/\/wp.ufpel.edu.br\/lapso\/files\/2023\/07\/Foto-circular-1024x1024.png 1024w, https:\/\/wp.ufpel.edu.br\/lapso\/files\/2023\/07\/Foto-circular-200x200.png 200w, https:\/\/wp.ufpel.edu.br\/lapso\/files\/2023\/07\/Foto-circular-768x768.png 768w, https:\/\/wp.ufpel.edu.br\/lapso\/files\/2023\/07\/Foto-circular.png 1080w\" sizes=\"auto, (max-width: 150px) 100vw, 150px\" \/>Eliane Regina Pereira, docente do PPG em Psicologia da UFU, tem sua trajet\u00f3ria de pesquisa marcada pela investiga\u00e7\u00e3o das rela\u00e7\u00f5es entre variados dispositivos est\u00e9ticos e a promo\u00e7\u00e3o de sa\u00fade.<\/p>\n<p>&nbsp;<\/p>\n<p>&nbsp;<\/p>\n<p>&nbsp;<\/p>\n<p>Fabr\u00edcia Teixeira Borges, docente do PPG em Processos de Desenvolvimento e Educa\u00e7\u00e3o da UnB, tem orientado e desenvolvido pesquisas sobre experi\u00eancia est\u00e9tica, arte e media\u00e7\u00e3o est\u00e9tica na constru\u00e7\u00e3o de si desde 2012.<\/p>\n<p>Gabriel Bueno Almeida, docente do CESUSC, tem percorrido um caminho profissional e pessoal que entrela\u00e7a os campos da arte, est\u00e9tica e psicologia a partir de estudos, pesquisas e produ\u00e7\u00f5es art\u00edsticas. Em sua disserta\u00e7\u00e3o de mestrado dedicou-se a pesquisar o graffiti e, no doutorado, o cinema.<\/p>\n<p>Jardel Pelissari Machado, psic\u00f3logo da Pr\u00f3-Reitoria de Assuntos Educacionais da UFPR e pesquisador do NUPRA\/UFSC (N\u00facleo de pesquisa em pr\u00e1ticas sociais, est\u00e9tica e pol\u00edtica), desenvolveu sua tese de doutorado sobre a media\u00e7\u00e3o de oficinas est\u00e9ticas com fotografia na rela\u00e7\u00e3o de acad\u00eamicos com a universidade.<\/p>\n<p>Lilian Urnau, docente do PPG em Psicologia da UNIR, desde o mestrado assume a arte como mediadora dos processos que elege como foco de suas investiga\u00e7\u00f5es, seja em contextos educativos, seja em situa\u00e7\u00f5es n\u00e3o formais.<\/p>\n<p>L\u00edgia Carvalho Lib\u00e2neo, psic\u00f3loga na Diretoria de Aten\u00e7\u00e3o \u00e0 Sa\u00fade da Comunidade universit\u00e1ria da UNB, teve oficinas est\u00e9ticas como foco de sua tese de doutorado, realizada com servidores t\u00e9cnico-administrativos da universidade.<\/p>\n<p><img loading=\"lazy\" decoding=\"async\" class=\"wp-image-720 alignleft\" src=\"https:\/\/wp.ufpel.edu.br\/lapso\/files\/2023\/09\/Design-sem-nome-2-e1693925187927-400x389.jpg\" alt=\"\" width=\"154\" height=\"150\" srcset=\"https:\/\/wp.ufpel.edu.br\/lapso\/files\/2023\/09\/Design-sem-nome-2-e1693925187927-400x389.jpg 400w, https:\/\/wp.ufpel.edu.br\/lapso\/files\/2023\/09\/Design-sem-nome-2-e1693925187927-1024x996.jpg 1024w, https:\/\/wp.ufpel.edu.br\/lapso\/files\/2023\/09\/Design-sem-nome-2-e1693925187927-768x747.jpg 768w, https:\/\/wp.ufpel.edu.br\/lapso\/files\/2023\/09\/Design-sem-nome-2-e1693925187927.jpg 1110w\" sizes=\"auto, (max-width: 154px) 100vw, 154px\" \/>Luciana Lobo Miranda, docente do PPG em Psicologia da UFC, investiga modos de subjetiva\u00e7\u00e3o na contemporaneidade e suas rela\u00e7\u00f5es com a educa\u00e7\u00e3o. H\u00e1 algum tempo tem assumido a est\u00e9tica e a arte como eixos transversais de algumas pesquisas que coordena e orienta.<\/p>\n<p>&nbsp;<\/p>\n<p>&nbsp;<\/p>\n<p>Ma\u00edra Spanghero Ferreira, docente do PPG em Dan\u00e7a da UFBA, \u00e9 graduada em psicologia e teve toda sua forma\u00e7\u00e3o e atua\u00e7\u00e3o profissional voltada para a \u00e1rea de artes.<\/p>\n<p><img loading=\"lazy\" decoding=\"async\" class=\"alignleft wp-image-718\" src=\"https:\/\/wp.ufpel.edu.br\/lapso\/files\/2023\/08\/Design-sem-nome-1-e1692924996865-397x400.jpg\" alt=\"\" width=\"150\" height=\"150\" \/>Marcos Ribeiro de Melo \u00e9 professor associado do Departamento de Psicologia e professor permanente do Programa de P\u00f3s-gradua\u00e7\u00e3o Interdisciplinar em Psicologia (PPGCine) na Universidade Federal de Sergipe. Interessa-se por estudos e pesquisas com inf\u00e2ncia, culturas infantis, cinema e educa\u00e7\u00e3o.<\/p>\n<\/div>\n<div>\n<p>&nbsp;<\/p>\n<p>&nbsp;<\/p>\n<p>Miriam Cristiane Alves, docente da UFPEL e do PPG em Psicologia da UFRGS, tem sua trajet\u00f3ria profissional marcada pelos estudos com foco em rela\u00e7\u00f5es raciais a partir do pensamento cr\u00edtico descolonial antirracista, o qual tensiona a est\u00e9tica dominante tanto nas ci\u00eancias como nas artes.<\/p>\n<p>Neiva de Assis, docente da UFSC, desenvolve pesquisas no di\u00e1logo com a educa\u00e7\u00e3o est\u00e9tica desde seu mestrado, quando come\u00e7ou a fazer parte do NUPRA\/UFSC (N\u00facleo de pesquisa em pr\u00e1ticas sociais, est\u00e9tica e pol\u00edtica).<\/p>\n<p>Renata Magalh\u00e3es Naves, pesquisadora vinculada ao grupo de pesquisas Del\u2019Artes\/UnB (desenvolvimento, est\u00e9tica, linguagens e artes), analisou em sua tese de doutorado o modo como atividades art\u00edsticas, desenvolvidas em uma ONG que trabalha com crian\u00e7as e adolescentes em situa\u00e7\u00e3o de vulnerabilidade social, se relacionam com as variadas experi\u00eancias dos participantes e o desencadear de posicionamentos \u00e9tico.<\/p>\n<p>Tales Vilela Santeiro, docente do PPG em Psicologia da UFTM, desenvolve desde a gradua\u00e7\u00e3o estudos na interface da Psicologia com a Arte, mais especificamente a literatura e o cinema, com foco nos processos de promo\u00e7\u00e3o de sa\u00fade.<\/p>\n<\/div>\n<div>\n<p>&nbsp;<\/p>\n<\/div>\n","protected":false},"excerpt":{"rendered":"<p>Resumo de apresenta\u00e7\u00e3o Este grupo de trabalho re\u00fane pesquisadores\/as vinculados\/as a diferentes institui\u00e7\u00f5es de ensino superior das cinco regi\u00f5es geogr\u00e1ficas do pa\u00eds que desenvolvem atividades de ensino, pesquisa e extens\u00e3o em di\u00e1logo com a arte e a est\u00e9tica. Trata-se de um grupo cujas principais caracter\u00edsticas s\u00e3o a diferen\u00e7a, tanto te\u00f3rica como metodol\u00f3gica, e a disponibilidade [&hellip;]<\/p>\n","protected":false},"author":1195,"featured_media":0,"parent":0,"menu_order":0,"comment_status":"closed","ping_status":"closed","template":"","meta":{"footnotes":""},"class_list":["post-691","page","type-page","status-publish","hentry","post"],"jetpack_sharing_enabled":true,"_links":{"self":[{"href":"https:\/\/wp.ufpel.edu.br\/lapso\/wp-json\/wp\/v2\/pages\/691","targetHints":{"allow":["GET"]}}],"collection":[{"href":"https:\/\/wp.ufpel.edu.br\/lapso\/wp-json\/wp\/v2\/pages"}],"about":[{"href":"https:\/\/wp.ufpel.edu.br\/lapso\/wp-json\/wp\/v2\/types\/page"}],"author":[{"embeddable":true,"href":"https:\/\/wp.ufpel.edu.br\/lapso\/wp-json\/wp\/v2\/users\/1195"}],"replies":[{"embeddable":true,"href":"https:\/\/wp.ufpel.edu.br\/lapso\/wp-json\/wp\/v2\/comments?post=691"}],"version-history":[{"count":16,"href":"https:\/\/wp.ufpel.edu.br\/lapso\/wp-json\/wp\/v2\/pages\/691\/revisions"}],"predecessor-version":[{"id":759,"href":"https:\/\/wp.ufpel.edu.br\/lapso\/wp-json\/wp\/v2\/pages\/691\/revisions\/759"}],"wp:attachment":[{"href":"https:\/\/wp.ufpel.edu.br\/lapso\/wp-json\/wp\/v2\/media?parent=691"}],"curies":[{"name":"wp","href":"https:\/\/api.w.org\/{rel}","templated":true}]}}