{"id":657,"date":"2023-06-27T16:44:36","date_gmt":"2023-06-27T19:44:36","guid":{"rendered":"https:\/\/wp.ufpel.edu.br\/lapso\/?page_id=657"},"modified":"2023-07-21T16:24:49","modified_gmt":"2023-07-21T19:24:49","slug":"o-artista-de-rua-te-convida-a-pluriversidade","status":"publish","type":"page","link":"https:\/\/wp.ufpel.edu.br\/lapso\/o-artista-de-rua-te-convida-a-pluriversidade\/","title":{"rendered":"O artista de rua te convida a Pluriversidade"},"content":{"rendered":"<div>O artista de rua te convida ao Mundo UFPel<\/div>\n<div><\/div>\n<div>No dia 17 de Junho de 2023, a Universidade Federal de Pelotas promoveu o Evento &#8220;Mundo UFPel &#8211; De portas abertas para ti.&#8221;<\/div>\n<div><\/div>\n<div>Neste dia levamos a arte de rua para recepcionar os visitantes e convid\u00e1-los a conhecer o LAPSO. O m\u00edmico foi perfomatizado pelo bolsista Kall\u00e9u Mendes. Est\u00e1 performance tem como objetivo abrir as portas da Universidade Federal de Pelotas ao publico externo, onde o artista de rua convida e conduz os transeuntes a ingressar aos campi da UFPel e seus museus e pr\u00e9dios hist\u00f3ricos.<\/div>\n<div><\/div>\n<div><\/div>\n<div><\/div>\n<div><\/div>\n<div><\/div>\n","protected":false},"excerpt":{"rendered":"<p>O artista de rua te convida ao Mundo UFPel No dia 17 de Junho de 2023, a Universidade Federal de Pelotas promoveu o Evento &#8220;Mundo UFPel &#8211; De portas abertas para ti.&#8221; Neste dia levamos a arte de rua para recepcionar os visitantes e convid\u00e1-los a conhecer o LAPSO. O m\u00edmico foi perfomatizado pelo bolsista [&hellip;]<\/p>\n","protected":false},"author":1195,"featured_media":0,"parent":0,"menu_order":0,"comment_status":"closed","ping_status":"closed","template":"","meta":{"footnotes":""},"class_list":["post-657","page","type-page","status-publish","hentry","post"],"jetpack_sharing_enabled":true,"_links":{"self":[{"href":"https:\/\/wp.ufpel.edu.br\/lapso\/wp-json\/wp\/v2\/pages\/657","targetHints":{"allow":["GET"]}}],"collection":[{"href":"https:\/\/wp.ufpel.edu.br\/lapso\/wp-json\/wp\/v2\/pages"}],"about":[{"href":"https:\/\/wp.ufpel.edu.br\/lapso\/wp-json\/wp\/v2\/types\/page"}],"author":[{"embeddable":true,"href":"https:\/\/wp.ufpel.edu.br\/lapso\/wp-json\/wp\/v2\/users\/1195"}],"replies":[{"embeddable":true,"href":"https:\/\/wp.ufpel.edu.br\/lapso\/wp-json\/wp\/v2\/comments?post=657"}],"version-history":[{"count":7,"href":"https:\/\/wp.ufpel.edu.br\/lapso\/wp-json\/wp\/v2\/pages\/657\/revisions"}],"predecessor-version":[{"id":677,"href":"https:\/\/wp.ufpel.edu.br\/lapso\/wp-json\/wp\/v2\/pages\/657\/revisions\/677"}],"wp:attachment":[{"href":"https:\/\/wp.ufpel.edu.br\/lapso\/wp-json\/wp\/v2\/media?parent=657"}],"curies":[{"name":"wp","href":"https:\/\/api.w.org\/{rel}","templated":true}]}}