{"id":63,"date":"2022-05-10T18:19:58","date_gmt":"2022-05-10T21:19:58","guid":{"rendered":"https:\/\/wp.ufpel.edu.br\/lapso\/?page_id=63"},"modified":"2024-03-12T07:00:09","modified_gmt":"2024-03-12T10:00:09","slug":"outros","status":"publish","type":"page","link":"https:\/\/wp.ufpel.edu.br\/lapso\/outros\/","title":{"rendered":"Artigos"},"content":{"rendered":"<div class=\"page\" data-page-number=\"1\" data-loaded=\"true\" data-page-label=\"194\">\n<div class=\"textLayer\">\n<h4><a href=\"https:\/\/wp.ufpel.edu.br\/lapso\/files\/2024\/03\/arte-indigena-contemporanea-conversacoes-com-a-filo.pdf\">Arte Ind\u00edgena Contempor\u00e2nea &#8211; Conversa\u00e7\u00f5es com a Filosofia da Diferen\u00e7a<\/a><\/h4>\n<p>SILVA, E.R. E AZEVEDO PERES, R. Arte Ind\u00edgena Contempor\u00e2nea \u2013 Conversa\u00e7\u00f5es com a Filosofia da Diferen\u00e7a. <b>REVISTA POI\u00c9SIS<\/b>, v. 24, n. 42, p. 163-174, 30 dez. 2023.<\/p>\n<h4><a href=\"https:\/\/wp.ufpel.edu.br\/lapso\/files\/2023\/09\/6561-Texto-do-artigo-13614-1-10-20230807-1.pdf\" target=\"_blank\" rel=\"noopener\">Cartografia Visual D\u2019o Grupo Como Dispositivo: Resson\u00e2ncias Entre Arte E Psicologia Social<\/a><\/h4>\n<p><span style=\"font-weight: 400;\">SILVA, E. R.; SOARES, L. D; SILVEIRA, M. E. L. <\/span><span style=\"font-weight: 400;\">Cartografia Visual D\u2019o Grupo Como Dispositivo: Resson\u00e2ncias Entre Arte E Psicologia Social. <strong>Expressa Extens\u00e3o. <\/strong><\/span><span style=\"font-weight: 400;\">v. 28 n. 2, p. 194-202, Maio-Agosto, 2023.<\/span><\/p>\n<\/div>\n<\/div>\n<h4><a href=\"https:\/\/periodicos.udesc.br\/index.php\/palindromo\/article\/view\/22505\/15186\">Oito Vezes Arte Ind\u00edgena Contempor\u00e2nea \u2013 8 x AIC<\/a><\/h4>\n<p>SILVA, E. R. da; BASTOS, V. O. Oito Vezes Arte Ind\u00edgena Contempor\u00e2nea \u2013 8 x AIC. Pal\u00edndromo, Florian\u00f3polis, v. 15, n. 35, p. 269-287, 2023.<\/p>\n<h4><a href=\"https:\/\/periodicos.ufpel.edu.br\/ojs2\/index.php\/paralelo\/article\/view\/20998\">Deleuze e a arte: uma leitura da obra de Anne Sauvagnargues<\/a><\/h4>\n<p style=\"text-align: justify;\">RANIERE, \u00c9dio. Deleuze e a arte: uma leitura da obra de Anne Sauvagnargues. <strong>PARALELO 31<\/strong>. , v.1, p.36 &#8211; 55, 2020. Palavras-chave: Arte, Deleuze, Anne Sauvagnargues, Processos de Cria\u00e7\u00e3o.<\/p>\n<h4><a href=\"https:\/\/periodicos.udesc.br\/index.php\/apotheke\/article\/view\/18316\/11798\">Processos de Cria\u00e7\u00e3o em Anne Sauvagnargues<\/a><\/h4>\n<p style=\"text-align: justify;\">SILVA, \u00c9dio Raniere da; SILVA, A. S. Processos de Cria\u00e7\u00e3o em Anne Sauvagnargues. <strong>REVISTA APOTHEKE<\/strong>. , v.6, p.228 &#8211; 237, 2020. Palavras-chave: Processos de Cria\u00e7\u00e3o, Deleuze, Anne Sauvagnargues, Arte. \u00c1reas do conhecimento: Artes, Psicologia Social, Filosofia.<\/p>\n<h4><a href=\"https:\/\/seer.ufrgs.br\/index.php\/PolisePsique\/article\/view\/97503\/pdf\">Somos nada mais que imagens: Entrevista com Anne Sauvagnargues<\/a><\/h4>\n<p style=\"text-align: justify;\">SILVA, \u00c9dio Raniere da; SAUVAGNARGUES, A.; HACK, L. Somos nada mais que imagens: Entrevista com Anne Sauvagnargues. <strong>POLIS E PSIQUE<\/strong>. , v.10, p.6 &#8211; 29, 2020.<\/p>\n<h4><a href=\"https:\/\/wp.ufpel.edu.br\/lapso\/files\/2022\/10\/11664-Texto-do-Artigo-66675-1-10-20200919.pdf\">EDUCA\u00c7\u00c3O E PRODU\u00c7\u00c3O DE SUBJETIVIDADE: O RESSENTIMENTO COMO M\u00c1QUINA DE PRODUZIR CORPOS DO(C)ENTES<\/a><\/h4>\n<p style=\"text-align: justify;\">RANIERE, \u00c9dio; RODRIGUES, C. G. EDUCA\u00c7\u00c3O E PRODU\u00c7\u00c3O DE SUBJETIVIDADE: O RESSENTIMENTO COMO M\u00c1QUINA DE PRODUZIR CORPOS DO(C)ENTES. <strong>Reflex\u00e3o e A\u00e7\u00e3o<\/strong> (vers\u00e3o eletr\u00f4nica). , v.26, p.74 &#8211; 85, 2018. Palavras-chave: Nietzsche, Processo de Subjetiva\u00e7\u00e3o, Educa\u00e7\u00e3o, Doc\u00eancia. \u00c1reas do conhecimento: Psicologia Social, Filosofia da Educa\u00e7\u00e3o, Psicologia e Arte.<\/p>\n<h4><a href=\"https:\/\/revistas.ufg.br\/VISUAL\/article\/view\/48066\/24776\">Escrever sob o fasc\u00ednio da imagem &#8211; resson\u00e2ncias entre o pensamento de Maurice Blanchot e Georges Didi-Huberman<\/a><\/h4>\n<p>HACK, Lilian; RANIERE, \u00c9dio. Escrever sob o fasc\u00ednio da imagem &#8211; resson\u00e2ncias entre o pensamento de Maurice Blanchot e Georges Didi-Huberman. <strong>VISUALIDADES (UFG)<\/strong>. , v.15, p.69 &#8211; , 2017.<\/p>\n<h4><a href=\"https:\/\/wp.ufpel.edu.br\/lapso\/files\/2023\/09\/Fissuras_na_Historia_Arte_e_Vida_em_Niet-2.pdf\" target=\"_blank\" rel=\"noopener\">FISSURAS NA HIST\u00d3RIA: ARTE E VIDA EM NIETZSCHE<\/a><\/h4>\n<p style=\"text-align: justify;\">HACK, Lilian; RANIERE, \u00c9dio. FISSURAS NA HIST\u00d3RIA: ARTE E VIDA EM NIETZSCHE.<strong> ANAIS DO &#8230; ENCONTRO NACIONAL DA ANPAP<\/strong> (ONLINE). , v.26, p.505 &#8211; 518, 2017. Palavras-chave: Nietzsche, Arte, vida como obra de arte.<\/p>\n<h4><a href=\"https:\/\/wp.ufpel.edu.br\/lapso\/files\/2023\/09\/5127-Texto-do-Artigo-19484-1-10-20161106.pdf\" target=\"_blank\" rel=\"noopener\">Cidades Socioeducativas: Nietzsche e a quest\u00e3o da responsabilidade<\/a><\/h4>\n<p style=\"text-align: justify;\">RANIERE, \u00c9dio. Cidades Socioeducativas: Nietzsche e a quest\u00e3o da responsabilidade.<strong> Fractal: Revista de Psicologia<\/strong>. , v.28, p.204 &#8211; 212, 2016. Palavras-chave: Nietzsche, Responsabilidade, Medidas Sociodeducativas.<\/p>\n<h4><a href=\"https:\/\/wp.ufpel.edu.br\/lapso\/files\/2023\/09\/000980534.pdf\" target=\"_blank\" rel=\"noopener\">ENTRE CARTAS, GRAFITES E UM RIO: UMA EXPERI\u00caNCIA SOCIOEDUCATIVA<\/a><\/h4>\n<p style=\"text-align: justify;\">PROBST, Gabriela; RANIERE, \u00c9dio. ENTRE CARTAS, GRAFITES E UM RIO: UMA EXPERI\u00caNCIA SOCIOEDUCATIVA. <strong>Mnemosine<\/strong> (Rio de Janeiro). , v.11, p.170 &#8211; 200, 2016.<\/p>\n<h4 class=\"page_title\"><a href=\"https:\/\/wp.ufpel.edu.br\/lapso\/files\/2024\/02\/Se-um-Testemunho-na-Escuridao-dos-Arquivos.pdf\">Se um Testemunho na Escurid\u00e3o dos Arquivos<\/a><\/h4>\n<p>RANIERE, \u00c9dio; MARASCHIN, Cleci. Se um Testemunho na Escurid\u00e3o dos Arquivos.\u00a0<b>Mnemosine<\/b>,\u00a0<i>[S. l.]<\/i>, v. 9, n. 2, 2013.<\/p>\n<h4 class=\"page_title\"><a href=\"https:\/\/wp.ufpel.edu.br\/lapso\/files\/2024\/02\/Se-um-Testemunho-na-Escuridao-dos-Arquivos-\u2013-segunda-parte.pdf\">Se um Testemunho na Escurid\u00e3o dos Arquivos \u2013 segunda parte<\/a><\/h4>\n<p>RANIERE, \u00c9dio; MARASCHIN, Cleci. Se um Testemunho na Escurid\u00e3o dos Arquivos \u2013 segunda parte.\u00a0<b>Mnemosine<\/b>,\u00a0<i>[S. l.]<\/i>, v. 10, n. 2, 2014.<\/p>\n<h4><a href=\"https:\/\/wp.ufpel.edu.br\/lapso\/files\/2023\/09\/41608-140295-1-PB.pdf\" target=\"_blank\" rel=\"noopener\">Se um testemunho na escurid\u00e3o dos arquivos &#8211; Parte Final<\/a><\/h4>\n<p style=\"text-align: justify;\">RANIERE, \u00c9dio; MARASCHIN, Cleci. Se um testemunho na escurid\u00e3o dos arquivos &#8211; Parte Final.<strong> Mnemosine<\/strong> (Rio de Janeiro). , v.11, p.52 &#8211; 77, 2015.<\/p>\n<h4 class=\"page_title\"><a href=\"https:\/\/wp.ufpel.edu.br\/lapso\/files\/2024\/02\/SOCIOEDUCACAO-EN-CENA-AGENCIAMENTOS-ENTRE-PSICOLOGIA-SOCIAL-E-TEATRO.pdf\">SOCIOEDUCA\u00c7\u00c3O (EN) CENA: AGENCIAMENTOS ENTRE PSICOLOGIA SOCIAL E TEATRO<\/a><\/h4>\n<p>VELASQUES, B.; NERY, R.; RANIERE, \u00c9DIO. SOCIOEDUCA\u00c7\u00c3O (EN) CENA: AGENCIAMENTOS ENTRE PSICOLOGIA SOCIAL E TEATRO.\u00a0<b>Expressa Extens\u00e3o<\/b>, v. 21, n. 1, p. 23-32, 14 mar. 2017.<\/p>\n<p>&nbsp;<\/p>\n<p>&nbsp;<\/p>\n","protected":false},"excerpt":{"rendered":"<p>Arte Ind\u00edgena Contempor\u00e2nea &#8211; Conversa\u00e7\u00f5es com a Filosofia da Diferen\u00e7a SILVA, E.R. E AZEVEDO PERES, R. Arte Ind\u00edgena Contempor\u00e2nea \u2013 Conversa\u00e7\u00f5es com a Filosofia da Diferen\u00e7a. REVISTA POI\u00c9SIS, v. 24, n. 42, p. 163-174, 30 dez. 2023. Cartografia Visual D\u2019o Grupo Como Dispositivo: Resson\u00e2ncias Entre Arte E Psicologia Social SILVA, E. R.; SOARES, L. D; [&hellip;]<\/p>\n","protected":false},"author":1195,"featured_media":0,"parent":0,"menu_order":0,"comment_status":"closed","ping_status":"closed","template":"","meta":{"footnotes":""},"class_list":["post-63","page","type-page","status-publish","hentry","post"],"jetpack_sharing_enabled":true,"_links":{"self":[{"href":"https:\/\/wp.ufpel.edu.br\/lapso\/wp-json\/wp\/v2\/pages\/63","targetHints":{"allow":["GET"]}}],"collection":[{"href":"https:\/\/wp.ufpel.edu.br\/lapso\/wp-json\/wp\/v2\/pages"}],"about":[{"href":"https:\/\/wp.ufpel.edu.br\/lapso\/wp-json\/wp\/v2\/types\/page"}],"author":[{"embeddable":true,"href":"https:\/\/wp.ufpel.edu.br\/lapso\/wp-json\/wp\/v2\/users\/1195"}],"replies":[{"embeddable":true,"href":"https:\/\/wp.ufpel.edu.br\/lapso\/wp-json\/wp\/v2\/comments?post=63"}],"version-history":[{"count":11,"href":"https:\/\/wp.ufpel.edu.br\/lapso\/wp-json\/wp\/v2\/pages\/63\/revisions"}],"predecessor-version":[{"id":884,"href":"https:\/\/wp.ufpel.edu.br\/lapso\/wp-json\/wp\/v2\/pages\/63\/revisions\/884"}],"wp:attachment":[{"href":"https:\/\/wp.ufpel.edu.br\/lapso\/wp-json\/wp\/v2\/media?parent=63"}],"curies":[{"name":"wp","href":"https:\/\/api.w.org\/{rel}","templated":true}]}}

<div class="page" data-page-number="1" data-loaded="true" data-page-label="194">
<div class="textLayer">
<h4><a href="https://wp.ufpel.edu.br/lapso/files/2024/03/arte-indigena-contemporanea-conversacoes-com-a-filo.pdf">Arte Indígena Contemporânea &#8211; Conversações com a Filosofia da Diferença</a></h4>
<p>SILVA, E.R. E AZEVEDO PERES, R. Arte Indígena Contemporânea – Conversações com a Filosofia da Diferença. <b>REVISTA POIÉSIS</b>, v. 24, n. 42, p. 163-174, 30 dez. 2023.</p>
<h4><a href="https://wp.ufpel.edu.br/lapso/files/2023/09/6561-Texto-do-artigo-13614-1-10-20230807-1.pdf" target="_blank" rel="noopener">Cartografia Visual D’o Grupo Como Dispositivo: Ressonâncias Entre Arte E Psicologia Social</a></h4>
<p><span style="font-weight: 400;">SILVA, E. R.; SOARES, L. D; SILVEIRA, M. E. L. </span><span style="font-weight: 400;">Cartografia Visual D’o Grupo Como Dispositivo: Ressonâncias Entre Arte E Psicologia Social. <strong>Expressa Extensão. </strong></span><span style="font-weight: 400;">v. 28 n. 2, p. 194-202, Maio-Agosto, 2023.</span></p>
</div>
</div>
<h4><a href="https://periodicos.udesc.br/index.php/palindromo/article/view/22505/15186">Oito Vezes Arte Indígena Contemporânea – 8 x AIC</a></h4>
<p>SILVA, E. R. da; BASTOS, V. O. Oito Vezes Arte Indígena Contemporânea – 8 x AIC. Palíndromo, Florianópolis, v. 15, n. 35, p. 269-287, 2023.</p>
<h4><a href="https://periodicos.ufpel.edu.br/ojs2/index.php/paralelo/article/view/20998">Deleuze e a arte: uma leitura da obra de Anne Sauvagnargues</a></h4>
<p style="text-align: justify;">RANIERE, Édio. Deleuze e a arte: uma leitura da obra de Anne Sauvagnargues. <strong>PARALELO 31</strong>. , v.1, p.36 &#8211; 55, 2020. Palavras-chave: Arte, Deleuze, Anne Sauvagnargues, Processos de Criação.</p>
<h4><a href="https://periodicos.udesc.br/index.php/apotheke/article/view/18316/11798">Processos de Criação em Anne Sauvagnargues</a></h4>
<p style="text-align: justify;">SILVA, Édio Raniere da; SILVA, A. S. Processos de Criação em Anne Sauvagnargues. <strong>REVISTA APOTHEKE</strong>. , v.6, p.228 &#8211; 237, 2020. Palavras-chave: Processos de Criação, Deleuze, Anne Sauvagnargues, Arte. Áreas do conhecimento: Artes, Psicologia Social, Filosofia.</p>
<h4><a href="https://seer.ufrgs.br/index.php/PolisePsique/article/view/97503/pdf">Somos nada mais que imagens: Entrevista com Anne Sauvagnargues</a></h4>
<p style="text-align: justify;">SILVA, Édio Raniere da; SAUVAGNARGUES, A.; HACK, L. Somos nada mais que imagens: Entrevista com Anne Sauvagnargues. <strong>POLIS E PSIQUE</strong>. , v.10, p.6 &#8211; 29, 2020.</p>
<h4><a href="https://wp.ufpel.edu.br/lapso/files/2022/10/11664-Texto-do-Artigo-66675-1-10-20200919.pdf">EDUCAÇÃO E PRODUÇÃO DE SUBJETIVIDADE: O RESSENTIMENTO COMO MÁQUINA DE PRODUZIR CORPOS DO(C)ENTES</a></h4>
<p style="text-align: justify;">RANIERE, Édio; RODRIGUES, C. G. EDUCAÇÃO E PRODUÇÃO DE SUBJETIVIDADE: O RESSENTIMENTO COMO MÁQUINA DE PRODUZIR CORPOS DO(C)ENTES. <strong>Reflexão e Ação</strong> (versão eletrônica). , v.26, p.74 &#8211; 85, 2018. Palavras-chave: Nietzsche, Processo de Subjetivação, Educação, Docência. Áreas do conhecimento: Psicologia Social, Filosofia da Educação, Psicologia e Arte.</p>
<h4><a href="https://revistas.ufg.br/VISUAL/article/view/48066/24776">Escrever sob o fascínio da imagem &#8211; ressonâncias entre o pensamento de Maurice Blanchot e Georges Didi-Huberman</a></h4>
<p>HACK, Lilian; RANIERE, Édio. Escrever sob o fascínio da imagem &#8211; ressonâncias entre o pensamento de Maurice Blanchot e Georges Didi-Huberman. <strong>VISUALIDADES (UFG)</strong>. , v.15, p.69 &#8211; , 2017.</p>
<h4><a href="https://wp.ufpel.edu.br/lapso/files/2023/09/Fissuras_na_Historia_Arte_e_Vida_em_Niet-2.pdf" target="_blank" rel="noopener">FISSURAS NA HISTÓRIA: ARTE E VIDA EM NIETZSCHE</a></h4>
<p style="text-align: justify;">HACK, Lilian; RANIERE, Édio. FISSURAS NA HISTÓRIA: ARTE E VIDA EM NIETZSCHE.<strong> ANAIS DO &#8230; ENCONTRO NACIONAL DA ANPAP</strong> (ONLINE). , v.26, p.505 &#8211; 518, 2017. Palavras-chave: Nietzsche, Arte, vida como obra de arte.</p>
<h4><a href="https://wp.ufpel.edu.br/lapso/files/2023/09/5127-Texto-do-Artigo-19484-1-10-20161106.pdf" target="_blank" rel="noopener">Cidades Socioeducativas: Nietzsche e a questão da responsabilidade</a></h4>
<p style="text-align: justify;">RANIERE, Édio. Cidades Socioeducativas: Nietzsche e a questão da responsabilidade.<strong> Fractal: Revista de Psicologia</strong>. , v.28, p.204 &#8211; 212, 2016. Palavras-chave: Nietzsche, Responsabilidade, Medidas Sociodeducativas.</p>
<h4><a href="https://wp.ufpel.edu.br/lapso/files/2023/09/000980534.pdf" target="_blank" rel="noopener">ENTRE CARTAS, GRAFITES E UM RIO: UMA EXPERIÊNCIA SOCIOEDUCATIVA</a></h4>
<p style="text-align: justify;">PROBST, Gabriela; RANIERE, Édio. ENTRE CARTAS, GRAFITES E UM RIO: UMA EXPERIÊNCIA SOCIOEDUCATIVA. <strong>Mnemosine</strong> (Rio de Janeiro). , v.11, p.170 &#8211; 200, 2016.</p>
<h4 class="page_title"><a href="https://wp.ufpel.edu.br/lapso/files/2024/02/Se-um-Testemunho-na-Escuridao-dos-Arquivos.pdf">Se um Testemunho na Escuridão dos Arquivos</a></h4>
<p>RANIERE, Édio; MARASCHIN, Cleci. Se um Testemunho na Escuridão dos Arquivos. <b>Mnemosine</b>, <i>[S. l.]</i>, v. 9, n. 2, 2013.</p>
<h4 class="page_title"><a href="https://wp.ufpel.edu.br/lapso/files/2024/02/Se-um-Testemunho-na-Escuridao-dos-Arquivos-–-segunda-parte.pdf">Se um Testemunho na Escuridão dos Arquivos – segunda parte</a></h4>
<p>RANIERE, Édio; MARASCHIN, Cleci. Se um Testemunho na Escuridão dos Arquivos – segunda parte. <b>Mnemosine</b>, <i>[S. l.]</i>, v. 10, n. 2, 2014.</p>
<h4><a href="https://wp.ufpel.edu.br/lapso/files/2023/09/41608-140295-1-PB.pdf" target="_blank" rel="noopener">Se um testemunho na escuridão dos arquivos &#8211; Parte Final</a></h4>
<p style="text-align: justify;">RANIERE, Édio; MARASCHIN, Cleci. Se um testemunho na escuridão dos arquivos &#8211; Parte Final.<strong> Mnemosine</strong> (Rio de Janeiro). , v.11, p.52 &#8211; 77, 2015.</p>
<h4 class="page_title"><a href="https://wp.ufpel.edu.br/lapso/files/2024/02/SOCIOEDUCACAO-EN-CENA-AGENCIAMENTOS-ENTRE-PSICOLOGIA-SOCIAL-E-TEATRO.pdf">SOCIOEDUCAÇÃO (EN) CENA: AGENCIAMENTOS ENTRE PSICOLOGIA SOCIAL E TEATRO</a></h4>
<p>VELASQUES, B.; NERY, R.; RANIERE, ÉDIO. SOCIOEDUCAÇÃO (EN) CENA: AGENCIAMENTOS ENTRE PSICOLOGIA SOCIAL E TEATRO. <b>Expressa Extensão</b>, v. 21, n. 1, p. 23-32, 14 mar. 2017.</p>
<p>&nbsp;</p>
<p>&nbsp;</p>

<p>Arte Indígena Contemporânea &#8211; Conversações com a Filosofia da Diferença SILVA, E.R. E AZEVEDO PERES, R. Arte Indígena Contemporânea – Conversações com a Filosofia da Diferença. REVISTA POIÉSIS, v. 24, n. 42, p. 163-174, 30 dez. 2023. Cartografia Visual D’o Grupo Como Dispositivo: Ressonâncias Entre Arte E Psicologia Social SILVA, E. R.; SOARES, L. D; [&hellip;]</p>
