{"id":2,"date":"2021-11-09T19:05:56","date_gmt":"2021-11-09T22:05:56","guid":{"rendered":"https:\/\/wp.ufpel.edu.br\/lapso\/?page_id=2"},"modified":"2026-03-25T19:21:20","modified_gmt":"2026-03-25T22:21:20","slug":"laboratorio-de-arte-e-psicologia-social","status":"publish","type":"page","link":"https:\/\/wp.ufpel.edu.br\/lapso\/laboratorio-de-arte-e-psicologia-social\/","title":{"rendered":"Laborat\u00f3rio de Arte e Psicologia Social"},"content":{"rendered":"<p>Nosso querido LAPSO \u2013\u00a0<strong>Laborat\u00f3rio de Artes e\u00a0<\/strong><strong>Psicologia Social<\/strong>\u00a0\u2013 \u00e9 um espa\u00e7o que acolhe as artes e a psicologia, integrando-as e produzindo lindos trabalhos em prol da(s) comunidade(s). \u00c9, principalmente, um espa\u00e7o de cria\u00e7\u00e3o e de acolhimento \u2013 de acolhimento para os discentes, para os acad\u00eamicos, para os curiosos, para aqueles que precisem de acolhimento ou para aqueles que querem fazer parte de um todo sem perder suas peculiaridades.<\/p>\n<p>\u00c9 um espa\u00e7o de estudo, de constru\u00e7\u00e3o do conhecimento, de transforma\u00e7\u00e3o e tamb\u00e9m de interven\u00e7\u00e3o. Um espa\u00e7o que constantemente se transforma e se utiliza disso para cumprir sua pretens\u00e3o de transformar o meio em que se encontra.<\/p>\n<p>Partindo de uma articula\u00e7\u00e3o entre diversas linguagens art\u00edsticas (Artes Visuais; M\u00fasica; Teatro; Cinema) e a Psicologia Social, o projeto busca abrir condi\u00e7\u00f5es de possibilidade para elabora\u00e7\u00e3o, desenvolvimento e divulga\u00e7\u00e3o de novas tecnologias sociais. Trata-se de constituir oficinas, ateliers, espa\u00e7os de cria\u00e7\u00e3o onde possamos nos colocar (encharcados por uma pr\u00e1tica) diante a rela\u00e7\u00e3o que envolve processos de cria\u00e7\u00e3o e processos de subjetiva\u00e7\u00e3o. Trata-se, tamb\u00e9m, de oferecer um espa\u00e7o acad\u00eamico para oficinas e ateliers j\u00e1 constitu\u00eddos por pesquisadores e estudantes diante a mesma problem\u00e1tica. Afinal, o que seria um ato de cria\u00e7\u00e3o? Como ele se processa? Como acontece? Em que medida ele depende de um sujeito criador? Em que medida o ato de cria\u00e7\u00e3o subjetiva o sujeito que o executa? E o mais importante: haveria mesmo um ato de cria\u00e7\u00e3o agenciado pela subjetividade ou todos os processo relacionados \u00e0 subjetiva\u00e7\u00e3o, bem como \u00e0 cria\u00e7\u00e3o seriam disparados, como sugere Anne Sauvagnargues, por uma passividade constituinte?<\/p>\n<p>&nbsp;<\/p>\n<h3><strong>Coordenador<\/strong><\/h3>\n<h4><a href=\"https:\/\/wp.ufpel.edu.br\/mestradoartesvisuais\/edio-ranieri-da-silva\/\">\u00c9dio Raniere da Silva<\/a><\/h4>\n<p><img loading=\"lazy\" decoding=\"async\" class=\" wp-image-181 alignleft\" src=\"https:\/\/wp.ufpel.edu.br\/lapso\/files\/2022\/06\/Edio-325x400.jpg\" alt=\"\" width=\"175\" height=\"215\" srcset=\"https:\/\/wp.ufpel.edu.br\/lapso\/files\/2022\/06\/Edio-325x400.jpg 325w, https:\/\/wp.ufpel.edu.br\/lapso\/files\/2022\/06\/Edio-833x1024.jpg 833w, https:\/\/wp.ufpel.edu.br\/lapso\/files\/2022\/06\/Edio-768x944.jpg 768w, https:\/\/wp.ufpel.edu.br\/lapso\/files\/2022\/06\/Edio-1250x1536.jpg 1250w, https:\/\/wp.ufpel.edu.br\/lapso\/files\/2022\/06\/Edio-1667x2048.jpg 1667w, https:\/\/wp.ufpel.edu.br\/lapso\/files\/2022\/06\/Edio.jpg 1992w\" sizes=\"auto, (max-width: 175px) 100vw, 175px\" \/><\/p>\n<p style=\"text-align: justify;\">P\u00f3s-Doutorado em Filosofia pela Universit\u00e9 Paris-Nanterre. Doutor em Psicologia Social e Institucional pela Universidade Federal do Rio Grande do Sul. Professor Permanente do Programa de P\u00f3s-Gradua\u00e7\u00e3o em Artes Visuais \u2013 PPGAVI \u2013 e professor Adjunto do Curso de Psicologia da Universidade Federal de Pelotas \u2013 UFPel, onde coordena o Laborat\u00f3rio de Arte e Psicologia Social: LAPSO. Encontra na Ecologia das Imagens de Anne Sauvagnargues e na Filosofia da Diferen\u00e7a de Gilles Deleuze importantes intercessores. Suas pesquisas mais recentes concentram-se em dois eixos tem\u00e1ticos: 1) Processos de Cria\u00e7\u00e3o e Processos de Subjetiva\u00e7\u00e3o; 2) Medidas Socioeducativas. Interessa-se pela Arte Ind\u00edgena Contempor\u00e2nea, em especial pelo trabalho de Jaider Esbell.<\/p>\n<p style=\"text-align: justify;\">E-mail: <a href=\"mailto:edioraniere@gmail.com\">edioraniere@gmail.com<\/a><\/p>\n","protected":false},"excerpt":{"rendered":"<p>Nosso querido LAPSO \u2013\u00a0Laborat\u00f3rio de Artes e\u00a0Psicologia Social\u00a0\u2013 \u00e9 um espa\u00e7o que acolhe as artes e a psicologia, integrando-as e produzindo lindos trabalhos em prol da(s) comunidade(s). \u00c9, principalmente, um espa\u00e7o de cria\u00e7\u00e3o e de acolhimento \u2013 de acolhimento para os discentes, para os acad\u00eamicos, para os curiosos, para aqueles que precisem de acolhimento ou [&hellip;]<\/p>\n","protected":false},"author":1195,"featured_media":0,"parent":0,"menu_order":0,"comment_status":"closed","ping_status":"closed","template":"","meta":{"footnotes":""},"class_list":["post-2","page","type-page","status-publish","hentry","post"],"jetpack_sharing_enabled":true,"_links":{"self":[{"href":"https:\/\/wp.ufpel.edu.br\/lapso\/wp-json\/wp\/v2\/pages\/2","targetHints":{"allow":["GET"]}}],"collection":[{"href":"https:\/\/wp.ufpel.edu.br\/lapso\/wp-json\/wp\/v2\/pages"}],"about":[{"href":"https:\/\/wp.ufpel.edu.br\/lapso\/wp-json\/wp\/v2\/types\/page"}],"author":[{"embeddable":true,"href":"https:\/\/wp.ufpel.edu.br\/lapso\/wp-json\/wp\/v2\/users\/1195"}],"replies":[{"embeddable":true,"href":"https:\/\/wp.ufpel.edu.br\/lapso\/wp-json\/wp\/v2\/comments?post=2"}],"version-history":[{"count":3,"href":"https:\/\/wp.ufpel.edu.br\/lapso\/wp-json\/wp\/v2\/pages\/2\/revisions"}],"predecessor-version":[{"id":1617,"href":"https:\/\/wp.ufpel.edu.br\/lapso\/wp-json\/wp\/v2\/pages\/2\/revisions\/1617"}],"wp:attachment":[{"href":"https:\/\/wp.ufpel.edu.br\/lapso\/wp-json\/wp\/v2\/media?parent=2"}],"curies":[{"name":"wp","href":"https:\/\/api.w.org\/{rel}","templated":true}]}}