{"id":19,"date":"2021-11-09T19:45:50","date_gmt":"2021-11-09T22:45:50","guid":{"rendered":"https:\/\/wp.ufpel.edu.br\/lapso\/?page_id=19"},"modified":"2023-08-08T19:19:09","modified_gmt":"2023-08-08T22:19:09","slug":"trabalhos","status":"publish","type":"page","link":"https:\/\/wp.ufpel.edu.br\/lapso\/trabalhos\/","title":{"rendered":"Incubadora"},"content":{"rendered":"<h3><a href=\"https:\/\/wp.ufpel.edu.br\/lapso\/anepp-gt-92-psicologia-estetica-e-arte\/\">GT Psicologia, est\u00e9tica e arte &#8211; ANPEPP\u00a0<\/a><\/h3>\n<p>Este grupo de trabalho reune pesquisadores\/as vinculados\/as a diferentes institui\u00e7\u00f5es de ensino superior das cinco regi\u00f5es geogr\u00e1ficas do pa\u00eds que desenvolvem atividades de ensino, pesquisa e extens\u00e3o em di\u00e1logo com a arte e a est\u00e9tica. Trata-se de um grupo cujas principais caracter\u00edsticas s\u00e3o a diferen\u00e7a, tanto te\u00f3rica como metodol\u00f3gica, e a disponibilidade para adensar a interlocu\u00e7\u00e3o entre psicologia, arte e est\u00e9tica, contribuindo para a produ\u00e7\u00e3o de conhecimentos em uma perspectiva \u00e9tica, est\u00e9tica e pol\u00edtica.<\/p>\n<h3><a href=\"https:\/\/wp.ufpel.edu.br\/lapso\/o-artista-de-rua-te-convida-a-pluriversidade\/\">O artista de rua te convida a Pluriversidade<\/a><\/h3>\n<p>Est\u00e1 performance tem como objetivo abrir as portas da Universidade Federal de Pelotas ao publico externo, onde o artista de rua convida e conduz os transeuntes a ingressar aos campi da UFPel e seus museus e pr\u00e9dios hist\u00f3ricos.<\/p>\n<h3>Movimento Arborial \u2013 a cria\u00e7\u00e3o de uma floresta<\/h3>\n<p style=\"text-align: justify;\">Voc\u00ea gostaria de participar da cria\u00e7\u00e3o de uma floresta? Tem interesse em desenvolver uma pesquisa e\/ou uma po\u00e9tica em meio ao processo de cria\u00e7\u00e3o de uma floresta? Venha participar do Movimento Arborial. O Laborat\u00f3rio de Arte e Psicologia Social \u2013 LAPSO \u2013 est\u00e1 iniciando a elabora\u00e7\u00e3o de um projeto que ser\u00e1 aberto a todos os alunos da UFPel, bem como a comunidade em geral. Ficou interessado? Entre em contato conosco atrav\u00e9s do e-mail: <a href=\"mailto:lapso2022@gmail.com\">lapso2022@gmail.com<\/a>.<\/p>\n","protected":false},"excerpt":{"rendered":"<p>GT Psicologia, est\u00e9tica e arte &#8211; ANPEPP\u00a0 Este grupo de trabalho reune pesquisadores\/as vinculados\/as a diferentes institui\u00e7\u00f5es de ensino superior das cinco regi\u00f5es geogr\u00e1ficas do pa\u00eds que desenvolvem atividades de ensino, pesquisa e extens\u00e3o em di\u00e1logo com a arte e a est\u00e9tica. Trata-se de um grupo cujas principais caracter\u00edsticas s\u00e3o a diferen\u00e7a, tanto te\u00f3rica como [&hellip;]<\/p>\n","protected":false},"author":1195,"featured_media":0,"parent":0,"menu_order":0,"comment_status":"closed","ping_status":"closed","template":"","meta":{"footnotes":""},"class_list":["post-19","page","type-page","status-publish","hentry","post"],"jetpack_sharing_enabled":true,"_links":{"self":[{"href":"https:\/\/wp.ufpel.edu.br\/lapso\/wp-json\/wp\/v2\/pages\/19","targetHints":{"allow":["GET"]}}],"collection":[{"href":"https:\/\/wp.ufpel.edu.br\/lapso\/wp-json\/wp\/v2\/pages"}],"about":[{"href":"https:\/\/wp.ufpel.edu.br\/lapso\/wp-json\/wp\/v2\/types\/page"}],"author":[{"embeddable":true,"href":"https:\/\/wp.ufpel.edu.br\/lapso\/wp-json\/wp\/v2\/users\/1195"}],"replies":[{"embeddable":true,"href":"https:\/\/wp.ufpel.edu.br\/lapso\/wp-json\/wp\/v2\/comments?post=19"}],"version-history":[{"count":14,"href":"https:\/\/wp.ufpel.edu.br\/lapso\/wp-json\/wp\/v2\/pages\/19\/revisions"}],"predecessor-version":[{"id":708,"href":"https:\/\/wp.ufpel.edu.br\/lapso\/wp-json\/wp\/v2\/pages\/19\/revisions\/708"}],"wp:attachment":[{"href":"https:\/\/wp.ufpel.edu.br\/lapso\/wp-json\/wp\/v2\/media?parent=19"}],"curies":[{"name":"wp","href":"https:\/\/api.w.org\/{rel}","templated":true}]}}