{"id":1584,"date":"2026-02-26T15:17:00","date_gmt":"2026-02-26T18:17:00","guid":{"rendered":"https:\/\/wp.ufpel.edu.br\/lapso\/?page_id=1584"},"modified":"2026-02-26T15:17:00","modified_gmt":"2026-02-26T18:17:00","slug":"roteiro-performance-mundo-ao-avesso","status":"publish","type":"page","link":"https:\/\/wp.ufpel.edu.br\/lapso\/roteiro-performance-mundo-ao-avesso\/","title":{"rendered":"Roteiro &#8211; Performance Mundo ao Avesso"},"content":{"rendered":"<p style=\"text-align: justify;\">Sess\u00e3o de sociodrama dirigida por Kall\u00e9u Mendes<\/p>\n<h4 style=\"text-align: justify;\">MATERIAIS<\/h4>\n<p style=\"text-align: justify;\">Mochila, Chap\u00e9u Cuoco, Luva branca, Suspens\u00f3rio Vermelho, Meia listrada,Camiseta listrada, Bermuda Preta, Caderno listrado e Garrafa Listrada.<\/p>\n<h4 style=\"text-align: justify;\">Aquecimento das articula\u00e7\u00f5es com m\u00edmicas.<\/h4>\n<p style=\"text-align: justify;\">Dedos do p\u00e9 &#8211; Empurra parede<br \/>\nTornozelo &#8211; Dirigir<br \/>\nJoelho &#8211; Embaixadinha<br \/>\nQuadril &#8211; Bambol\u00ea<br \/>\nOmbro &#8211; Nata\u00e7\u00e3o<br \/>\nCotovelo &#8211; Malabarismo<br \/>\nPunho &#8211; La\u00e7ar<br \/>\nDedos da m\u00e3o &#8211; Tocar Piano<br \/>\nPesco\u00e7o e mand\u00edbula &#8211; Sono<\/p>\n<p style=\"text-align: justify;\"><strong>M\u00edmicas de aquecimento &#8211; viagem para o mundo ao avesso<\/strong><\/p>\n<p style=\"text-align: justify;\">1. Espelho invis\u00edvel em duplas<br \/>\n2. Aperto de p\u00e9 (Io &#8211; Oi ao avesso)<br \/>\n3. Viagem de \u00f4nibus &#8211; mais jovens v\u00e3o sentados e os mais velhos v\u00e3o em p\u00e9<br \/>\n4. Andar na floresta<br \/>\n5. Nuvens de mosquitos &#8211; M\u00fasica agitada<br \/>\n6. Festas Junina (Dan\u00e7a Quadrilha) &#8211; Mu\u015bica de Festa Junina<br \/>\n7. Guerra de bola de neve &#8211; M\u00fasica Animada<br \/>\n8. Deitar na neve e fazer o anjinho &#8211; M\u00fasica relaxante<br \/>\n9. Fechar os olhos para leitura<\/p>\n<p><strong>DRAMATIZA\u00c7\u00c3O<\/strong><br \/>\n<em>Toca a m\u00fasica Poema:<\/em><\/p>\n<p style=\"text-align: center;\">Eu hoje tive um pesadelo<br \/>\nE levantei atento, a tempo<br \/>\nEu acordei com medo<br \/>\nE procurei no escuro<br \/>\nAlgu\u00e9m com o seu carinho<br \/>\nE lembrei de um tempo<br \/>\nPorque o passado me traz uma lembran\u00e7a<br \/>\nDo tempo que eu era ainda crian\u00e7a<br \/>\nE o medo era motivo de choro<br \/>\nDesculpa para um abra\u00e7o ou consolo<br \/>\nHoje eu acordei com medo<br \/>\nMas n\u00e3o chorei, nem reclamei abrigo<br \/>\nDo escuro, eu via o infinito<br \/>\nSem presente, passado ou futuro<br \/>\nSenti um abra\u00e7o forte, j\u00e1 n\u00e3o era medo<br \/>\nEra uma coisa sua que ficou em mim<br \/>\nE que n\u00e3o tem fim<br \/>\nDe repente, a gente v\u00ea que perdeu<br \/>\nOu est\u00e1 perdendo alguma coisa<br \/>\nMorna e ing\u00eanua que vai ficando no caminho<br \/>\nQue \u00e9 escuro e frio, mas tamb\u00e9m bonito porque \u00e9 iluminado<br \/>\nPela beleza do que aconteceu h\u00e1 minutos atr\u00e1s<\/p>\n<p>&nbsp;<\/p>\n<p style=\"text-align: justify;\"><em><strong>Cazuza<\/strong><\/em><br \/>\n\u201cCazuza nos ajuda a lembrar daqueles medos de inf\u00e2ncia, de quando levant\u00e1vamos chorando em busca de um consolo, mas aqui no mundo ao avesso podemos compartilhar nossos medos tamb\u00e9m em busca de consolo.<br \/>\nAgora tente encontrar esse <strong>medo<\/strong> que voc\u00ea teve na inf\u00e2ncia ou tem ainda hoje, que voc\u00ea carrega com voc\u00ea, algum momento que voc\u00ea passou muito medo, medo que aconte\u00e7a algo que voc\u00ea nem gosta de pensar. Tente encontrar esse medo, e<br \/>\nQuando encontrar podem levantar e caminhar pela sala at\u00e9 encontrar algu\u00e9m que voc\u00eas gostariam de contar este seu <strong>medo<\/strong>.\u201d<\/p>\n<p style=\"text-align: justify;\">Juntar duplas para compartilhar os medos, ap\u00f3s compartilhar misturar os dois medos.<\/p>\n<p style=\"text-align: justify;\">Depois se unem com outra dupla e misturam novamente suas hist\u00f3rias, depois at\u00e9 fechar um grupo de 8 pessoas se mistura as hist\u00f3rias pela \u00faltima vez. Em grupos com menos pessoas podem formar grupos de 2, 3 ou 4 pessoas tamb\u00e9m.<\/p>\n<p style=\"text-align: justify;\">Agora vamos fazer a <em>dramatiza\u00e7\u00e3o final<\/em> &#8211; a mistura de todos.<\/p>\n<p style=\"text-align: justify;\">\u201cLembrem que podem usar elementos invis\u00edveis ex &#8211; Voc\u00eas sabem o que \u00e9 isso aqui? N\u00e3o? Ent\u00e3o vou guardar.\u201d (Faz a m\u00edmica do Ioi\u00f4)<\/p>\n<p style=\"text-align: justify;\">Ap\u00f3s a dramatiza\u00e7\u00e3o do medo, vamos buscar a hist\u00f3ria ao avesso.<\/p>\n<p style=\"text-align: justify;\"><strong>Altera\u00e7\u00f5es<\/strong><br \/>\nSe abre a sugest\u00f5es da plateia e tamb\u00e9m do pr\u00f3prio grupo, depois de 3 sugest\u00f5es o coletivo todo escolhe qual a melhor solu\u00e7\u00e3o e ela \u00e9 dramatizada.<br \/>\nQuem deu a sugest\u00e3o vencedora participa da dramatiza\u00e7\u00e3o.<\/p>\n<p><strong>COMPARTILHAMENTO<\/strong><br \/>\nSentar em roda<br \/>\nAgora quero convidar a todos para compartilhar seus medos com o grupo.<br \/>\nDepois convidar tamb\u00e9m para falarem de como foi participar da sess\u00e3o de sociodrama?<br \/>\nAgradecer os compartilhamentos e tamb\u00e9m compartilhar algum medo seu.<\/p>\n<p style=\"text-align: justify;\"><strong>Fechamento<\/strong><\/p>\n<p style=\"text-align: justify;\">\u201cO mundo ao avesso \u00e9 um convite a pensarmos novos mundos, novas possibilidades, novas maneiras de existir. Para finalizar tenho um presente pra todo mundo.<br \/>\nDeixa eu pegar na minha mochila &#8211; Distribu\u00ed um para cada um objeto invis\u00edvel.<br \/>\nVoc\u00eas sabem o que isso? Faz a m\u00edmica do ioi\u00f4<br \/>\nResposta: Ioi\u00f4 invis\u00edvel<br \/>\n\u201cParab\u00e9ns agora voc\u00eas j\u00e1 conseguem ver o invis\u00edvel, agora sempre que quiserem podem pegar o ioi\u00f4 do bolso de voc\u00eas e brincar. Obrigado a todos pela visita ao mundo ao avesso.\u201d<\/p>\n","protected":false},"excerpt":{"rendered":"<p>Sess\u00e3o de sociodrama dirigida por Kall\u00e9u Mendes MATERIAIS Mochila, Chap\u00e9u Cuoco, Luva branca, Suspens\u00f3rio Vermelho, Meia listrada,Camiseta listrada, Bermuda Preta, Caderno listrado e Garrafa Listrada. Aquecimento das articula\u00e7\u00f5es com m\u00edmicas. Dedos do p\u00e9 &#8211; Empurra parede Tornozelo &#8211; Dirigir Joelho &#8211; Embaixadinha Quadril &#8211; Bambol\u00ea Ombro &#8211; Nata\u00e7\u00e3o Cotovelo &#8211; Malabarismo Punho &#8211; La\u00e7ar Dedos [&hellip;]<\/p>\n","protected":false},"author":1195,"featured_media":0,"parent":0,"menu_order":0,"comment_status":"closed","ping_status":"closed","template":"","meta":{"footnotes":""},"class_list":["post-1584","page","type-page","status-publish","hentry","post"],"jetpack_sharing_enabled":true,"_links":{"self":[{"href":"https:\/\/wp.ufpel.edu.br\/lapso\/wp-json\/wp\/v2\/pages\/1584","targetHints":{"allow":["GET"]}}],"collection":[{"href":"https:\/\/wp.ufpel.edu.br\/lapso\/wp-json\/wp\/v2\/pages"}],"about":[{"href":"https:\/\/wp.ufpel.edu.br\/lapso\/wp-json\/wp\/v2\/types\/page"}],"author":[{"embeddable":true,"href":"https:\/\/wp.ufpel.edu.br\/lapso\/wp-json\/wp\/v2\/users\/1195"}],"replies":[{"embeddable":true,"href":"https:\/\/wp.ufpel.edu.br\/lapso\/wp-json\/wp\/v2\/comments?post=1584"}],"version-history":[{"count":1,"href":"https:\/\/wp.ufpel.edu.br\/lapso\/wp-json\/wp\/v2\/pages\/1584\/revisions"}],"predecessor-version":[{"id":1586,"href":"https:\/\/wp.ufpel.edu.br\/lapso\/wp-json\/wp\/v2\/pages\/1584\/revisions\/1586"}],"wp:attachment":[{"href":"https:\/\/wp.ufpel.edu.br\/lapso\/wp-json\/wp\/v2\/media?parent=1584"}],"curies":[{"name":"wp","href":"https:\/\/api.w.org\/{rel}","templated":true}]}}